-- Table structure for table `ds_doctor`
--

CREATE TABLE `ds_doctor` (
  `id` int(11) NOT NULL AUTO_INCREMENT,
  `title` text,
  `content` longtext,
  `department` int(11) NOT NULL DEFAULT '1',
  `profile` text,
  `consultancy_fees` varchar(50) DEFAULT NULL,
  `consultancy_status` text,
  `email` longtext,
  `mobile` longtext,
  `password` longtext,
  `_cusId` longtext,
  `status` int(11) NOT NULL DEFAULT '1',
  `deleted` int(11) NOT NULL DEFAULT '1',
  `createdate` datetime NOT NULL,
  `token` longtext,
  PRIMARY KEY (`id`)
) ENGINE=InnoDB AUTO_INCREMENT=122 DEFAULT CHARSET=utf8;

--
-- Dumping data for table `ds_doctor`
--

INSERT INTO `ds_doctor` VALUES (1,'Dr. Adarsh Surendranath.','<strong>Designation</strong>: MedicalGastroenterologist.\r\n<p style=\"font-weight: 400;\"><strong>Experience</strong>: 10 yrs</p>\r\n<p style=\"font-weight: 400;\"><strong>Specialized Treatment/Area of expertise</strong>: Pancreatology, IBD, HEPATOLOGY & Interventional Endoscopy.</p>\r\n<p style=\"font-weight: 400;\"><strong>Professional Memberships</strong>: Life member in the Indian Society of Gastroenterologist.</p>\r\n<p style=\"font-weight: 400;\"><strong>Articles</strong>: Presented about 15 papers in NSI Conferences.</p>\r\n<p style=\"font-weight: 400;\"><strong>Language Known</strong>: English, Malayalam, Hindi & Tamil.</p>\r\n<p style=\"font-weight: 400;\"><strong>OPD Schedule</strong>:<span data-term=\"goog_1995116967\">Monday</span>to<span data-term=\"goog_1995116968\">Friday9:00 AM - 1:00 PM.</span></p>\r\n',41,'uploads/doctors/1599905396.jpg','500','2','dradarsh@billrothhospitals.com','9840437987','123','28',2,1,'0000-00-00 00:00:00','1223'),(2,'Dr. Mohammad Ali','<b>Designation :</b> Medical Gastroenterologist &amp; Interventional Endoscopist.\r\n\r\n<strong>Experience</strong>: 25 years&nbsp;<b>Specialized&nbsp;Treatments/Area of Expertise</b>: Therapeutic Gastro, Hepatobiliary and Pancreatic Endotheraphy.\r\n\r\n<strong>Professional memberships</strong>:\r\n<ul>\r\n 	<li>Indian Medical Association.</li>\r\n 	<li>Indian Society of Gastroenterology.</li>\r\n 	<li>Society of Gastrointestinal Endoscopy of India.</li>\r\n</ul>\r\nAwards &amp; Honors : Life time Achievement award honouredat&nbsp; Dr.MGR Medical University.\r\n\r\n<strong>Languages Known</strong>: Tamil, Telugu ,Urdu, Hindi &amp; English.\r\n\r\n<strong>OPD Schedule</strong>: Monday to Saturday&nbsp; 9:00 AM - 11:00 AM &amp; Alternate Sunday 9:00 A.M to 11:00 A.M.',13,'uploads/doctors/1621066782.jpg','500','2','drmohammedali@billrothhospitals.com','9840151668','123','29',1,1,'0000-00-00 00:00:00',NULL),(3,'Dr. Hari Prasad','<strong>Designation</strong>: Medical Gastroenterologist.\r\n\r\n<strong>Experience</strong>: 10 Years\r\n\r\n<strong>Specialised Treatments / Area of Expertise</strong>: Endoultrasound,ERCP,UGI Bleed - Interventions Treatment of Chronic Hepatitis B and C Infection.\r\n\r\n<strong>Professional Memberships</strong>: Member of Indian Society of Gastroenterology Society of Gastrointestinal Endoscopy of India and Indian Medical association\r\n\r\n<strong>Languages Known</strong>: Tamil and English.\r\n\r\n<strong>OPD Schedule</strong>: Monday to Saturday Evening : 6:00 P.M to 7:00 P.M',13,'','500','1','','8220653511','123','30',2,1,'0000-00-00 00:00:00',NULL),(4,'Dr. S. Jeevan Kumar','<strong>Designation</strong>: Medical Gastroenterologist\r\n\r\n<strong>Experience</strong>: 29 years\r\n\r\n<strong>Specialised Treatments / Area of Expertise</strong>: Endoscopy, Colonoscopy and Therapeutic Endoscopy\r\n\r\n<strong>Professional Memberships</strong>: Member of Indian Society of Gastroenterology Society of Gastrointestinal Endoscopy of India and Indian Medical association\r\n\r\n<strong>Awards and Honors</strong>: Best Doctor by Tamil Nadu Dr MGR Medical University in 2011\r\n\r\n<strong>Articles</strong>: 70 research Papers in Various National Gastroenterology Journals\r\n\r\n<strong>Languages Known</strong>: Tamil, Telugu, Hindi and English\r\n\r\n<strong>OPD Schedule</strong>: Monday to Saturday 10:00 AM - 4:00 PM / 5:00 PM - 6:00 PM',41,'uploads/doctors/1621066981.jpg','500','2','','8220653511','123','31',2,1,'0000-00-00 00:00:00',NULL),(5,'Dr. Gowri Shankar','<strong>Designation</strong>: General Surgeon and Surgical Gastroenterologist.\r\n\r\n<strong>Experience</strong>: 14 Years\r\n\r\n<strong>Specialised Treatment/Area of expertise</strong>: Thyroid breast,Hernia,GI Surgeries, Laparoscopic advanced surgeries.\r\n\r\n<strong>Professional Memberships</strong>: Indian Medical Council,\r\n\r\nAssociation of surgeon of India, Royal college of surgeons, American college of surgeons, American college of GI Laparoscopic surgery, American college of Colorectal surgery.\r\n\r\n<strong>Language Known</strong>: English , Hindi & Tamil.\r\n\r\n<strong>OPD Schedule</strong>:Monday to Saturday10:00 A.M - 2:00 P.M , 6:30 P.M - 8:00 P.M',36,'','500','2','','8220653511','123','32',2,1,'0000-00-00 00:00:00',NULL),(6,'Dr. Kumaragurubaran','<strong>Designation</strong>: General Surgeon and Senior SurgicalGastroenterologist.\r\n\r\n<strong>Experience</strong>: 18 years\r\n\r\n<strong>Specialised Treatments / Area of Expertise</strong>:\r\n<ul>\r\n 	<li>Vast experience of more than 18 years in the field of Laparoscopic and gastro surgery. I have done thousands of Laparoscopic surgeries.</li>\r\n 	<li>Expert in Laparoscopic Hernia surgery, Laparoscopic Gall bladder surgery (cholecystectomy),Laparoscopicappendectomy,Major&Minor Laparoscopic Gastro surgeries and Bariatric surgery.</li>\r\n</ul>\r\n<strong>Professional Memberships</strong>:\r\n<ul>\r\n 	<li>Association of Surgeons of India.</li>\r\n 	<li>Indian Medical Association.</li>\r\n 	<li>Association of Minimal Access Surgeons of India.</li>\r\n 	<li>IndianAssociation of Gastro Endoscopic surgeon.</li>\r\n 	<li>Royal College of Surgeons of England.</li>\r\n</ul>\r\n<strong>Languages Known</strong>: Tamil, English, Hindi & Telugu\r\n\r\n<strong>Media & Events</strong> : Interviews in VIJAY TV, JAYA TV, WIN TV.\r\n\r\n<strong>OPD Schedule</strong>: Monday to Saturday Morning : 10:00 A.M -1:00 P.M , Evening : 7:00 P.M - 9:00 P.M',36,'uploads/doctors/1623140347.jpg','500','2','drkumaragurubaran@billrothhospitals.com','8220653511','123','33',2,1,'0000-00-00 00:00:00',NULL),(7,'Dr. S. M. Sivaraj','<strong>Designation</strong>: General Surgeon and Senior SurgicalGastroenterologist.\r\n\r\n<strong>Experience</strong>: 15 years\r\n\r\n<strong>Specialised Treatments / Area of Expertise</strong>: Advance Laparoscopic Surgery, Liver, Pancreas, Biilary Surgery, Liver Transplant Surgery, Laparoscopiv Hernia Surgery.\r\n\r\n<strong>Professional Memberships</strong>:\r\n<ul>\r\n 	<li>Society of Surgery of Alimentary tract-(SSAT)-USA</li>\r\n 	<li>International Society of Digestive (ISDS)- Switzerland</li>\r\n 	<li>International Hepato Pancreatico Biliary Association (IHPBA)</li>\r\n 	<li>Indian Society of Gastroenterology</li>\r\n</ul>\r\n<strong>Awards and Honors</strong>:\r\n<ul>\r\n 	<li>Best Scientific Paper - IASGSON-2007, Annual National Conference-IASG-AIIMS-New Delhi</li>\r\n 	<li>Best Scientific Poster - IHPBACON - 2009,Bangalore</li>\r\n 	<li>Best Paper Session - International Society of Digestive Surgery 2012, Finland</li>\r\n</ul>\r\n<strong>Articles</strong>:\r\n<ul>\r\n 	<li>World Journal of Surgery, September 2014</li>\r\n 	<li>Frey\'s Pancreatico Jejunostomy in Tropical Pancreatin, Assesment of Quality of Life a Prospective Study</li>\r\n 	<li>HBPD International 2010</li>\r\n 	<li>Is Bactibilia a Precdictor of Poor of Outcome of Pancreaticoduodenectomy</li>\r\n 	<li>Archives Of International Surgery 2013, Primary Biliary Tuberculosis: A Case Report and Review Literature</li>\r\n</ul>\r\n<strong>Languages Known</strong>: Tamil, English, Hindi, Telugu, Malayalam\r\n\r\n<strong>OPD Schedule</strong>: Monday to Saturday10:00 AM - 6:00 PM',36,'uploads/doctors/1621066509.jpg','500','1','drsivaraj@billrothhospitals.com','8778442236','123','34',1,1,'0000-00-00 00:00:00',NULL),(8,'Dr. Rajkumar Williams','<p class=\"MsoNormalCxSpMiddle\" style=\"margin-bottom:0in;margin-bottom:.0001pt;\r\nmso-add-space:auto;line-height:normal\"><!--[if gte mso 9]><xml>\r\n <o:OfficeDocumentSettings>\r\n  <o:AllowPNG></o:AllowPNG>\r\n </o:OfficeDocumentSettings>\r\n</xml><![endif]--><!--[if gte mso 9]><xml>\r\n <w:WordDocument>\r\n  <w:View>Normal</w:View>\r\n  <w:Zoom>0</w:Zoom>\r\n  <w:TrackMoves></w:TrackMoves>\r\n  <w:TrackFormatting></w:TrackFormatting>\r\n  <w:PunctuationKerning></w:PunctuationKerning>\r\n  <w:ValidateAgainstSchemas></w:ValidateAgainstSchemas>\r\n  <w:SaveIfXMLInvalid>false</w:SaveIfXMLInvalid>\r\n  <w:IgnoreMixedContent>false</w:IgnoreMixedContent>\r\n  <w:AlwaysShowPlaceholderText>false</w:AlwaysShowPlaceholderText>\r\n  <w:DoNotPromoteQF></w:DoNotPromoteQF>\r\n  <w:LidThemeOther>EN-US</w:LidThemeOther>\r\n  <w:LidThemeAsian>X-NONE</w:LidThemeAsian>\r\n  <w:LidThemeComplexScript>X-NONE</w:LidThemeComplexScript>\r\n  <w:Compatibility>\r\n   <w:BreakWrappedTables></w:BreakWrappedTables>\r\n   <w:SnapToGridInCell></w:SnapToGridInCell>\r\n   <w:WrapTextWithPunct></w:WrapTextWithPunct>\r\n   <w:UseAsianBreakRules></w:UseAsianBreakRules>\r\n   <w:DontGrowAutofit></w:DontGrowAutofit>\r\n   <w:SplitPgBreakAndParaMark></w:SplitPgBreakAndParaMark>\r\n   <w:EnableOpenTypeKerning></w:EnableOpenTypeKerning>\r\n   <w:DontFlipMirrorIndents></w:DontFlipMirrorIndents>\r\n   <w:OverrideTableStyleHps></w:OverrideTableStyleHps>\r\n  </w:Compatibility>\r\n  <m:mathPr>\r\n   <m:mathFont m:val=\"Cambria Math\"></m:mathFont>\r\n   <m:brkBin m:val=\"before\"></m:brkBin>\r\n   <m:brkBinSub m:val=\"--\"></m:brkBinSub>\r\n   <m:smallFrac m:val=\"off\"></m:smallFrac>\r\n   <m:dispDef></m:dispDef>\r\n   <m:lMargin m:val=\"0\"></m:lMargin>\r\n   <m:rMargin m:val=\"0\"></m:rMargin>\r\n   <m:defJc m:val=\"centerGroup\"></m:defJc>\r\n   <m:wrapIndent m:val=\"1440\"></m:wrapIndent>\r\n   <m:intLim m:val=\"subSup\"></m:intLim>\r\n   <m:naryLim m:val=\"undOvr\"></m:naryLim>\r\n  </m:mathPr></w:WordDocument>\r\n</xml><![endif]--><!--[if gte mso 9]><xml>\r\n <w:LatentStyles DefLockedState=\"false\" DefUnhideWhenUsed=\"true\"\r\n  DefSemiHidden=\"true\" DefQFormat=\"false\" DefPriority=\"99\"\r\n  LatentStyleCount=\"267\">\r\n  <w:LsdException Locked=\"false\" Priority=\"0\" SemiHidden=\"false\"\r\n   UnhideWhenUsed=\"false\" QFormat=\"true\" Name=\"Normal\"></w:LsdException>\r\n  <w:LsdException Locked=\"false\" Priority=\"9\" SemiHidden=\"false\"\r\n   UnhideWhenUsed=\"false\" QFormat=\"true\" Name=\"heading 1\"></w:LsdException>\r\n  <w:LsdException Locked=\"false\" Priority=\"9\" QFormat=\"true\" Name=\"heading 2\"></w:LsdException>\r\n  <w:LsdException Locked=\"false\" Priority=\"9\" QFormat=\"true\" Name=\"heading 3\"></w:LsdException>\r\n  <w:LsdException Locked=\"false\" Priority=\"9\" QFormat=\"true\" Name=\"heading 4\"></w:LsdException>\r\n  <w:LsdException Locked=\"false\" Priority=\"9\" QFormat=\"true\" Name=\"heading 5\"></w:LsdException>\r\n  <w:LsdException Locked=\"false\" Priority=\"9\" QFormat=\"true\" Name=\"heading 6\"></w:LsdException>\r\n  <w:LsdException Locked=\"false\" Priority=\"9\" QFormat=\"true\" Name=\"heading 7\"></w:LsdException>\r\n  <w:LsdException Locked=\"false\" Priority=\"9\" QFormat=\"true\" Name=\"heading 8\"></w:LsdException>\r\n  <w:LsdException Locked=\"false\" Priority=\"9\" QFormat=\"true\" Name=\"heading 9\"></w:LsdException>\r\n  <w:LsdException Locked=\"false\" Priority=\"39\" Name=\"toc 1\"></w:LsdException>\r\n  <w:LsdException Locked=\"false\" Priority=\"39\" Name=\"toc 2\"></w:LsdException>\r\n  <w:LsdException Locked=\"false\" Priority=\"39\" Name=\"toc 3\"></w:LsdException>\r\n  <w:LsdException Locked=\"false\" Priority=\"39\" Name=\"toc 4\"></w:LsdException>\r\n  <w:LsdException Locked=\"false\" Priority=\"39\" Name=\"toc 5\"></w:LsdException>\r\n  <w:LsdException Locked=\"false\" Priority=\"39\" Name=\"toc 6\"></w:LsdException>\r\n  <w:LsdException Locked=\"false\" Priority=\"39\" Name=\"toc 7\"></w:LsdException>\r\n  <w:LsdException Locked=\"false\" Priority=\"39\" Name=\"toc 8\"></w:LsdException>\r\n  <w:LsdException Locked=\"false\" Priority=\"39\" Name=\"toc 9\"></w:LsdException>\r\n  <w:LsdException Locked=\"false\" Priority=\"35\" QFormat=\"true\" Name=\"caption\"></w:LsdException>\r\n  <w:LsdException Locked=\"false\" Priority=\"10\" SemiHidden=\"false\"\r\n   UnhideWhenUsed=\"false\" QFormat=\"true\" Name=\"Title\"></w:LsdException>\r\n  <w:LsdException Locked=\"false\" Priority=\"1\" Name=\"Default Paragraph Font\"></w:LsdException>\r\n  <w:LsdException Locked=\"false\" Priority=\"11\" SemiHidden=\"false\"\r\n   UnhideWhenUsed=\"false\" QFormat=\"true\" Name=\"Subtitle\"></w:LsdException>\r\n  <w:LsdException Locked=\"false\" Priority=\"22\" SemiHidden=\"false\"\r\n   UnhideWhenUsed=\"false\" QFormat=\"true\" Name=\"Strong\"></w:LsdException>\r\n  <w:LsdException Locked=\"false\" Priority=\"20\" SemiHidden=\"false\"\r\n   UnhideWhenUsed=\"false\" QFormat=\"true\" Name=\"Emphasis\"></w:LsdException>\r\n  <w:LsdException Locked=\"false\" Priority=\"59\" SemiHidden=\"false\"\r\n   UnhideWhenUsed=\"false\" Name=\"Table Grid\"></w:LsdException>\r\n  <w:LsdException Locked=\"false\" UnhideWhenUsed=\"false\" Name=\"Placeholder Text\"></w:LsdException>\r\n  <w:LsdException Locked=\"false\" Priority=\"1\" SemiHidden=\"false\"\r\n   UnhideWhenUsed=\"false\" QFormat=\"true\" Name=\"No Spacing\"></w:LsdException>\r\n  <w:LsdException Locked=\"false\" Priority=\"60\" SemiHidden=\"false\"\r\n   UnhideWhenUsed=\"false\" Name=\"Light Shading\"></w:LsdException>\r\n  <w:LsdException Locked=\"false\" Priority=\"61\" SemiHidden=\"false\"\r\n   UnhideWhenUsed=\"false\" Name=\"Light List\"></w:LsdException>\r\n  <w:LsdException Locked=\"false\" Priority=\"62\" SemiHidden=\"false\"\r\n   UnhideWhenUsed=\"false\" Name=\"Light Grid\"></w:LsdException>\r\n  <w:LsdException Locked=\"false\" Priority=\"63\" SemiHidden=\"false\"\r\n   UnhideWhenUsed=\"false\" Name=\"Medium Shading 1\"></w:LsdException>\r\n  <w:LsdException Locked=\"false\" Priority=\"64\" SemiHidden=\"false\"\r\n   UnhideWhenUsed=\"false\" Name=\"Medium Shading 2\"></w:LsdException>\r\n  <w:LsdException Locked=\"false\" Priority=\"65\" SemiHidden=\"false\"\r\n   UnhideWhenUsed=\"false\" Name=\"Medium List 1\"></w:LsdException>\r\n  <w:LsdException Locked=\"false\" Priority=\"66\" SemiHidden=\"false\"\r\n   UnhideWhenUsed=\"false\" Name=\"Medium List 2\"></w:LsdException>\r\n  <w:LsdException Locked=\"false\" Priority=\"67\" SemiHidden=\"false\"\r\n   UnhideWhenUsed=\"false\" Name=\"Medium Grid 1\"></w:LsdException>\r\n  <w:LsdException Locked=\"false\" Priority=\"68\" SemiHidden=\"false\"\r\n   UnhideWhenUsed=\"false\" Name=\"Medium Grid 2\"></w:LsdException>\r\n  <w:LsdException Locked=\"false\" Priority=\"69\" SemiHidden=\"false\"\r\n   UnhideWhenUsed=\"false\" Name=\"Medium Grid 3\"></w:LsdException>\r\n  <w:LsdException Locked=\"false\" Priority=\"70\" SemiHidden=\"false\"\r\n   UnhideWhenUsed=\"false\" Name=\"Dark List\"></w:LsdException>\r\n  <w:LsdException Locked=\"false\" Priority=\"71\" SemiHidden=\"false\"\r\n   UnhideWhenUsed=\"false\" Name=\"Colorful Shading\"></w:LsdException>\r\n  <w:LsdException Locked=\"false\" Priority=\"72\" SemiHidden=\"false\"\r\n   UnhideWhenUsed=\"false\" Name=\"Colorful List\"></w:LsdException>\r\n  <w:LsdException Locked=\"false\" Priority=\"73\" SemiHidden=\"false\"\r\n   UnhideWhenUsed=\"false\" Name=\"Colorful Grid\"></w:LsdException>\r\n  <w:LsdException Locked=\"false\" Priority=\"60\" SemiHidden=\"false\"\r\n   UnhideWhenUsed=\"false\" Name=\"Light Shading Accent 1\"></w:LsdException>\r\n  <w:LsdException Locked=\"false\" Priority=\"61\" SemiHidden=\"false\"\r\n   UnhideWhenUsed=\"false\" Name=\"Light List Accent 1\"></w:LsdException>\r\n  <w:LsdException Locked=\"false\" Priority=\"62\" SemiHidden=\"false\"\r\n   UnhideWhenUsed=\"false\" Name=\"Light Grid Accent 1\"></w:LsdException>\r\n  <w:LsdException Locked=\"false\" Priority=\"63\" SemiHidden=\"false\"\r\n   UnhideWhenUsed=\"false\" Name=\"Medium Shading 1 Accent 1\"></w:LsdException>\r\n  <w:LsdException Locked=\"false\" Priority=\"64\" SemiHidden=\"false\"\r\n   UnhideWhenUsed=\"false\" Name=\"Medium Shading 2 Accent 1\"></w:LsdException>\r\n  <w:LsdException Locked=\"false\" Priority=\"65\" SemiHidden=\"false\"\r\n   UnhideWhenUsed=\"false\" Name=\"Medium List 1 Accent 1\"></w:LsdException>\r\n  <w:LsdException Locked=\"false\" UnhideWhenUsed=\"false\" Name=\"Revision\"></w:LsdException>\r\n  <w:LsdException Locked=\"false\" Priority=\"34\" SemiHidden=\"false\"\r\n   UnhideWhenUsed=\"false\" QFormat=\"true\" Name=\"List Paragraph\"></w:LsdException>\r\n  <w:LsdException Locked=\"false\" Priority=\"29\" SemiHidden=\"false\"\r\n   UnhideWhenUsed=\"false\" QFormat=\"true\" Name=\"Quote\"></w:LsdException>\r\n  <w:LsdException Locked=\"false\" Priority=\"30\" SemiHidden=\"false\"\r\n   UnhideWhenUsed=\"false\" QFormat=\"true\" Name=\"Intense Quote\"></w:LsdException>\r\n  <w:LsdException Locked=\"false\" Priority=\"66\" SemiHidden=\"false\"\r\n   UnhideWhenUsed=\"false\" Name=\"Medium List 2 Accent 1\"></w:LsdException>\r\n  <w:LsdException Locked=\"false\" Priority=\"67\" SemiHidden=\"false\"\r\n   UnhideWhenUsed=\"false\" Name=\"Medium Grid 1 Accent 1\"></w:LsdException>\r\n  <w:LsdException Locked=\"false\" Priority=\"68\" SemiHidden=\"false\"\r\n   UnhideWhenUsed=\"false\" Name=\"Medium Grid 2 Accent 1\"></w:LsdException>\r\n  <w:LsdException Locked=\"false\" Priority=\"69\" SemiHidden=\"false\"\r\n   UnhideWhenUsed=\"false\" Name=\"Medium Grid 3 Accent 1\"></w:LsdException>\r\n  <w:LsdException Locked=\"false\" Priority=\"70\" SemiHidden=\"false\"\r\n   UnhideWhenUsed=\"false\" Name=\"Dark List Accent 1\"></w:LsdException>\r\n  <w:LsdException Locked=\"false\" Priority=\"71\" SemiHidden=\"false\"\r\n   UnhideWhenUsed=\"false\" Name=\"Colorful Shading Accent 1\"></w:LsdException>\r\n  <w:LsdException Locked=\"false\" Priority=\"72\" SemiHidden=\"false\"\r\n   UnhideWhenUsed=\"false\" Name=\"Colorful List Accent 1\"></w:LsdException>\r\n  <w:LsdException Locked=\"false\" Priority=\"73\" SemiHidden=\"false\"\r\n   UnhideWhenUsed=\"false\" Name=\"Colorful Grid Accent 1\"></w:LsdException>\r\n  <w:LsdException Locked=\"false\" Priority=\"60\" SemiHidden=\"false\"\r\n   UnhideWhenUsed=\"false\" Name=\"Light Shading Accent 2\"></w:LsdException>\r\n  <w:LsdException Locked=\"false\" Priority=\"61\" SemiHidden=\"false\"\r\n   UnhideWhenUsed=\"false\" Name=\"Light List Accent 2\"></w:LsdException>\r\n  <w:LsdException Locked=\"false\" Priority=\"62\" SemiHidden=\"false\"\r\n   UnhideWhenUsed=\"false\" Name=\"Light Grid Accent 2\"></w:LsdException>\r\n  <w:LsdException Locked=\"false\" Priority=\"63\" SemiHidden=\"false\"\r\n   UnhideWhenUsed=\"false\" Name=\"Medium Shading 1 Accent 2\"></w:LsdException>\r\n  <w:LsdException Locked=\"false\" Priority=\"64\" SemiHidden=\"false\"\r\n   UnhideWhenUsed=\"false\" Name=\"Medium Shading 2 Accent 2\"></w:LsdException>\r\n  <w:LsdException Locked=\"false\" Priority=\"65\" SemiHidden=\"false\"\r\n   UnhideWhenUsed=\"false\" Name=\"Medium List 1 Accent 2\"></w:LsdException>\r\n  <w:LsdException Locked=\"false\" Priority=\"66\" SemiHidden=\"false\"\r\n   UnhideWhenUsed=\"false\" Name=\"Medium List 2 Accent 2\"></w:LsdException>\r\n  <w:LsdException Locked=\"false\" Priority=\"67\" SemiHidden=\"false\"\r\n   UnhideWhenUsed=\"false\" Name=\"Medium Grid 1 Accent 2\"></w:LsdException>\r\n  <w:LsdException Locked=\"false\" Priority=\"68\" SemiHidden=\"false\"\r\n   UnhideWhenUsed=\"false\" Name=\"Medium Grid 2 Accent 2\"></w:LsdException>\r\n  <w:LsdException Locked=\"false\" Priority=\"69\" SemiHidden=\"false\"\r\n   UnhideWhenUsed=\"false\" Name=\"Medium Grid 3 Accent 2\"></w:LsdException>\r\n  <w:LsdException Locked=\"false\" Priority=\"70\" SemiHidden=\"false\"\r\n   UnhideWhenUsed=\"false\" Name=\"Dark List Accent 2\"></w:LsdException>\r\n  <w:LsdException Locked=\"false\" Priority=\"71\" SemiHidden=\"false\"\r\n   UnhideWhenUsed=\"false\" Name=\"Colorful Shading Accent 2\"></w:LsdException>\r\n  <w:LsdException Locked=\"false\" Priority=\"72\" SemiHidden=\"false\"\r\n   UnhideWhenUsed=\"false\" Name=\"Colorful List Accent 2\"></w:LsdException>\r\n  <w:LsdException Locked=\"false\" Priority=\"73\" SemiHidden=\"false\"\r\n   UnhideWhenUsed=\"false\" Name=\"Colorful Grid Accent 2\"></w:LsdException>\r\n  <w:LsdException Locked=\"false\" Priority=\"60\" SemiHidden=\"false\"\r\n   UnhideWhenUsed=\"false\" Name=\"Light Shading Accent 3\"></w:LsdException>\r\n  <w:LsdException Locked=\"false\" Priority=\"61\" SemiHidden=\"false\"\r\n   UnhideWhenUsed=\"false\" Name=\"Light List Accent 3\"></w:LsdException>\r\n  <w:LsdException Locked=\"false\" Priority=\"62\" SemiHidden=\"false\"\r\n   UnhideWhenUsed=\"false\" Name=\"Light Grid Accent 3\"></w:LsdException>\r\n  <w:LsdException Locked=\"false\" Priority=\"63\" SemiHidden=\"false\"\r\n   UnhideWhenUsed=\"false\" Name=\"Medium Shading 1 Accent 3\"></w:LsdException>\r\n  <w:LsdException Locked=\"false\" Priority=\"64\" SemiHidden=\"false\"\r\n   UnhideWhenUsed=\"false\" Name=\"Medium Shading 2 Accent 3\"></w:LsdException>\r\n  <w:LsdException Locked=\"false\" Priority=\"65\" SemiHidden=\"false\"\r\n   UnhideWhenUsed=\"false\" Name=\"Medium List 1 Accent 3\"></w:LsdException>\r\n  <w:LsdException Locked=\"false\" Priority=\"66\" SemiHidden=\"false\"\r\n   UnhideWhenUsed=\"false\" Name=\"Medium List 2 Accent 3\"></w:LsdException>\r\n  <w:LsdException Locked=\"false\" Priority=\"67\" SemiHidden=\"false\"\r\n   UnhideWhenUsed=\"false\" Name=\"Medium Grid 1 Accent 3\"></w:LsdException>\r\n  <w:LsdException Locked=\"false\" Priority=\"68\" SemiHidden=\"false\"\r\n   UnhideWhenUsed=\"false\" Name=\"Medium Grid 2 Accent 3\"></w:LsdException>\r\n  <w:LsdException Locked=\"false\" Priority=\"69\" SemiHidden=\"false\"\r\n   UnhideWhenUsed=\"false\" Name=\"Medium Grid 3 Accent 3\"></w:LsdException>\r\n  <w:LsdException Locked=\"false\" Priority=\"70\" SemiHidden=\"false\"\r\n   UnhideWhenUsed=\"false\" Name=\"Dark List Accent 3\"></w:LsdException>\r\n  <w:LsdException Locked=\"false\" Priority=\"71\" SemiHidden=\"false\"\r\n   UnhideWhenUsed=\"false\" Name=\"Colorful Shading Accent 3\"></w:LsdException>\r\n  <w:LsdException Locked=\"false\" Priority=\"72\" SemiHidden=\"false\"\r\n   UnhideWhenUsed=\"false\" Name=\"Colorful List Accent 3\"></w:LsdException>\r\n  <w:LsdException Locked=\"false\" Priority=\"73\" SemiHidden=\"false\"\r\n   UnhideWhenUsed=\"false\" Name=\"Colorful Grid Accent 3\"></w:LsdException>\r\n  <w:LsdException Locked=\"false\" Priority=\"60\" SemiHidden=\"false\"\r\n   UnhideWhenUsed=\"false\" Name=\"Light Shading Accent 4\"></w:LsdException>\r\n  <w:LsdException Locked=\"false\" Priority=\"61\" SemiHidden=\"false\"\r\n   UnhideWhenUsed=\"false\" Name=\"Light List Accent 4\"></w:LsdException>\r\n  <w:LsdException Locked=\"false\" Priority=\"62\" SemiHidden=\"false\"\r\n   UnhideWhenUsed=\"false\" Name=\"Light Grid Accent 4\"></w:LsdException>\r\n  <w:LsdException Locked=\"false\" Priority=\"63\" SemiHidden=\"false\"\r\n   UnhideWhenUsed=\"false\" Name=\"Medium Shading 1 Accent 4\"></w:LsdException>\r\n  <w:LsdException Locked=\"false\" Priority=\"64\" SemiHidden=\"false\"\r\n   UnhideWhenUsed=\"false\" Name=\"Medium Shading 2 Accent 4\"></w:LsdException>\r\n  <w:LsdException Locked=\"false\" Priority=\"65\" SemiHidden=\"false\"\r\n   UnhideWhenUsed=\"false\" Name=\"Medium List 1 Accent 4\"></w:LsdException>\r\n  <w:LsdException Locked=\"false\" Priority=\"66\" SemiHidden=\"false\"\r\n   UnhideWhenUsed=\"false\" Name=\"Medium List 2 Accent 4\"></w:LsdException>\r\n  <w:LsdException Locked=\"false\" Priority=\"67\" SemiHidden=\"false\"\r\n   UnhideWhenUsed=\"false\" Name=\"Medium Grid 1 Accent 4\"></w:LsdException>\r\n  <w:LsdException Locked=\"false\" Priority=\"68\" SemiHidden=\"false\"\r\n   UnhideWhenUsed=\"false\" Name=\"Medium Grid 2 Accent 4\"></w:LsdException>\r\n  <w:LsdException Locked=\"false\" Priority=\"69\" SemiHidden=\"false\"\r\n   UnhideWhenUsed=\"false\" Name=\"Medium Grid 3 Accent 4\"></w:LsdException>\r\n  <w:LsdException Locked=\"false\" Priority=\"70\" SemiHidden=\"false\"\r\n   UnhideWhenUsed=\"false\" Name=\"Dark List Accent 4\"></w:LsdException>\r\n  <w:LsdException Locked=\"false\" Priority=\"71\" SemiHidden=\"false\"\r\n   UnhideWhenUsed=\"false\" Name=\"Colorful Shading Accent 4\"></w:LsdException>\r\n  <w:LsdException Locked=\"false\" Priority=\"72\" SemiHidden=\"false\"\r\n   UnhideWhenUsed=\"false\" Name=\"Colorful List Accent 4\"></w:LsdException>\r\n  <w:LsdException Locked=\"false\" Priority=\"73\" SemiHidden=\"false\"\r\n   UnhideWhenUsed=\"false\" Name=\"Colorful Grid Accent 4\"></w:LsdException>\r\n  <w:LsdException Locked=\"false\" Priority=\"60\" SemiHidden=\"false\"\r\n   UnhideWhenUsed=\"false\" Name=\"Light Shading Accent 5\"></w:LsdException>\r\n  <w:LsdException Locked=\"false\" Priority=\"61\" SemiHidden=\"false\"\r\n   UnhideWhenUsed=\"false\" Name=\"Light List Accent 5\"></w:LsdException>\r\n  <w:LsdException Locked=\"false\" Priority=\"62\" SemiHidden=\"false\"\r\n   UnhideWhenUsed=\"false\" Name=\"Light Grid Accent 5\"></w:LsdException>\r\n  <w:LsdException Locked=\"false\" Priority=\"63\" SemiHidden=\"false\"\r\n   UnhideWhenUsed=\"false\" Name=\"Medium Shading 1 Accent 5\"></w:LsdException>\r\n  <w:LsdException Locked=\"false\" Priority=\"64\" SemiHidden=\"false\"\r\n   UnhideWhenUsed=\"false\" Name=\"Medium Shading 2 Accent 5\"></w:LsdException>\r\n  <w:LsdException Locked=\"false\" Priority=\"65\" SemiHidden=\"false\"\r\n   UnhideWhenUsed=\"false\" Name=\"Medium List 1 Accent 5\"></w:LsdException>\r\n  <w:LsdException Locked=\"false\" Priority=\"66\" SemiHidden=\"false\"\r\n   UnhideWhenUsed=\"false\" Name=\"Medium List 2 Accent 5\"></w:LsdException>\r\n  <w:LsdException Locked=\"false\" Priority=\"67\" SemiHidden=\"false\"\r\n   UnhideWhenUsed=\"false\" Name=\"Medium Grid 1 Accent 5\"></w:LsdException>\r\n  <w:LsdException Locked=\"false\" Priority=\"68\" SemiHidden=\"false\"\r\n   UnhideWhenUsed=\"false\" Name=\"Medium Grid 2 Accent 5\"></w:LsdException>\r\n  <w:LsdException Locked=\"false\" Priority=\"69\" SemiHidden=\"false\"\r\n   UnhideWhenUsed=\"false\" Name=\"Medium Grid 3 Accent 5\"></w:LsdException>\r\n  <w:LsdException Locked=\"false\" Priority=\"70\" SemiHidden=\"false\"\r\n   UnhideWhenUsed=\"false\" Name=\"Dark List Accent 5\"></w:LsdException>\r\n  <w:LsdException Locked=\"false\" Priority=\"71\" SemiHidden=\"false\"\r\n   UnhideWhenUsed=\"false\" Name=\"Colorful Shading Accent 5\"></w:LsdException>\r\n  <w:LsdException Locked=\"false\" Priority=\"72\" SemiHidden=\"false\"\r\n   UnhideWhenUsed=\"false\" Name=\"Colorful List Accent 5\"></w:LsdException>\r\n  <w:LsdException Locked=\"false\" Priority=\"73\" SemiHidden=\"false\"\r\n   UnhideWhenUsed=\"false\" Name=\"Colorful Grid Accent 5\"></w:LsdException>\r\n  <w:LsdException Locked=\"false\" Priority=\"60\" SemiHidden=\"false\"\r\n   UnhideWhenUsed=\"false\" Name=\"Light Shading Accent 6\"></w:LsdException>\r\n  <w:LsdException Locked=\"false\" Priority=\"61\" SemiHidden=\"false\"\r\n   UnhideWhenUsed=\"false\" Name=\"Light List Accent 6\"></w:LsdException>\r\n  <w:LsdException Locked=\"false\" Priority=\"62\" SemiHidden=\"false\"\r\n   UnhideWhenUsed=\"false\" Name=\"Light Grid Accent 6\"></w:LsdException>\r\n  <w:LsdException Locked=\"false\" Priority=\"63\" SemiHidden=\"false\"\r\n   UnhideWhenUsed=\"false\" Name=\"Medium Shading 1 Accent 6\"></w:LsdException>\r\n  <w:LsdException Locked=\"false\" Priority=\"64\" SemiHidden=\"false\"\r\n   UnhideWhenUsed=\"false\" Name=\"Medium Shading 2 Accent 6\"></w:LsdException>\r\n  <w:LsdException Locked=\"false\" Priority=\"65\" SemiHidden=\"false\"\r\n   UnhideWhenUsed=\"false\" Name=\"Medium List 1 Accent 6\"></w:LsdException>\r\n  <w:LsdException Locked=\"false\" Priority=\"66\" SemiHidden=\"false\"\r\n   UnhideWhenUsed=\"false\" Name=\"Medium List 2 Accent 6\"></w:LsdException>\r\n  <w:LsdException Locked=\"false\" Priority=\"67\" SemiHidden=\"false\"\r\n   UnhideWhenUsed=\"false\" Name=\"Medium Grid 1 Accent 6\"></w:LsdException>\r\n  <w:LsdException Locked=\"false\" Priority=\"68\" SemiHidden=\"false\"\r\n   UnhideWhenUsed=\"false\" Name=\"Medium Grid 2 Accent 6\"></w:LsdException>\r\n  <w:LsdException Locked=\"false\" Priority=\"69\" SemiHidden=\"false\"\r\n   UnhideWhenUsed=\"false\" Name=\"Medium Grid 3 Accent 6\"></w:LsdException>\r\n  <w:LsdException Locked=\"false\" Priority=\"70\" SemiHidden=\"false\"\r\n   UnhideWhenUsed=\"false\" Name=\"Dark List Accent 6\"></w:LsdException>\r\n  <w:LsdException Locked=\"false\" Priority=\"71\" SemiHidden=\"false\"\r\n   UnhideWhenUsed=\"false\" Name=\"Colorful Shading Accent 6\"></w:LsdException>\r\n  <w:LsdException Locked=\"false\" Priority=\"72\" SemiHidden=\"false\"\r\n   UnhideWhenUsed=\"false\" Name=\"Colorful List Accent 6\"></w:LsdException>\r\n  <w:LsdException Locked=\"false\" Priority=\"73\" SemiHidden=\"false\"\r\n   UnhideWhenUsed=\"false\" Name=\"Colorful Grid Accent 6\"></w:LsdException>\r\n  <w:LsdException Locked=\"false\" Priority=\"19\" SemiHidden=\"false\"\r\n   UnhideWhenUsed=\"false\" QFormat=\"true\" Name=\"Subtle Emphasis\"></w:LsdException>\r\n  <w:LsdException Locked=\"false\" Priority=\"21\" SemiHidden=\"false\"\r\n   UnhideWhenUsed=\"false\" QFormat=\"true\" Name=\"Intense Emphasis\"></w:LsdException>\r\n  <w:LsdException Locked=\"false\" Priority=\"31\" SemiHidden=\"false\"\r\n   UnhideWhenUsed=\"false\" QFormat=\"true\" Name=\"Subtle Reference\"></w:LsdException>\r\n  <w:LsdException Locked=\"false\" Priority=\"32\" SemiHidden=\"false\"\r\n   UnhideWhenUsed=\"false\" QFormat=\"true\" Name=\"Intense Reference\"></w:LsdException>\r\n  <w:LsdException Locked=\"false\" Priority=\"33\" SemiHidden=\"false\"\r\n   UnhideWhenUsed=\"false\" QFormat=\"true\" Name=\"Book Title\"></w:LsdException>\r\n  <w:LsdException Locked=\"false\" Priority=\"37\" Name=\"Bibliography\"></w:LsdException>\r\n  <w:LsdException Locked=\"false\" Priority=\"39\" QFormat=\"true\" Name=\"TOC Heading\"></w:LsdException>\r\n </w:LatentStyles>\r\n</xml><![endif]--><!--[if gte mso 10]>\r\n<style>\r\n /* Style Definitions */\r\n table.MsoNormalTable\r\n	{mso-style-name:\"Table Normal\";\r\n	mso-tstyle-rowband-size:0;\r\n	mso-tstyle-colband-size:0;\r\n	mso-style-noshow:yes;\r\n	mso-style-priority:99;\r\n	mso-style-parent:\"\";\r\n	mso-padding-alt:0in 5.4pt 0in 5.4pt;\r\n	mso-para-margin-top:0in;\r\n	mso-para-margin-right:0in;\r\n	mso-para-margin-bottom:10.0pt;\r\n	mso-para-margin-left:0in;\r\n	line-height:115%;\r\n	mso-pagination:widow-orphan;\r\n	font-size:11.0pt;\r\n	font-family:\"Calibri\",\"sans-serif\";\r\n	mso-ascii-font-family:Calibri;\r\n	mso-ascii-theme-font:minor-latin;\r\n	mso-hansi-font-family:Calibri;\r\n	mso-hansi-theme-font:minor-latin;\r\n	mso-bidi-font-family:\"Times New Roman\";\r\n	mso-bidi-theme-font:minor-bidi;}\r\n</style>\r\n<![endif]-->\r\n\r\n<b><span style=\"font-family:\"Times New Roman\",\"serif\";mso-fareast-font-family:\"Times New Roman\";\r\nmso-font-kerning:18.0pt\">Dr. Rajkumar Williams</span></b>-<span style=\"font-family:\"Times New Roman\",\"serif\";\r\nmso-fareast-font-family:\"Times New Roman\"\"><span style=\"mso-spacerun:yes\"></span>MBBS, MS - General Surgery</span></p><p class=\"MsoNormalCxSpMiddle\" style=\"mso-margin-top-alt:auto;mso-margin-bottom-alt:\r\nauto;mso-add-space:auto;line-height:normal;mso-outline-level:2\">\r\n\r\n<b><span style=\"font-family:\"Times New Roman\",\"serif\";mso-fareast-font-family:\"Times New Roman\"\">42 Years\r\nExperience Overall  (39 years as specialist)</span></b></p> Dr. \r\nRajkumar Williams who specializes in gastrointestinal surgeries and laparoscopic procedures. He is an expert in general surgical conditions and has undergone special training in conducting minimal invasive surgeries. Dr. Williams completed his MS in general surgery after his \r\ngraduation and has been in practice ever since.<br>',8,'','500','2','','8220653511','123','35',2,1,'0000-00-00 00:00:00',NULL),(9,'Dr. Gowri Shankar','<strong>Designation</strong>: General Surgeon and Surgical Gastroenterologist.\r\n\r\n<strong>Experience</strong>: 14 Years\r\n\r\n<strong>Specialised Treatment/Area of expertise</strong>: Thyroid breast,Hernia,GI Surgeries, Laparoscopic advanced surgeries.\r\n\r\n<strong>Professional Memberships</strong>: Indian Medical Council,\r\n\r\nAssociation of surgeon of India, Royal college of surgeons, American college of surgeons, American college of GI Laparoscopic surgery, American college of Colorectal surgery.\r\n\r\n<strong>Language Known</strong>: English , Hindi & Tamil.\r\n\r\n<strong>OPD Schedule</strong>:Monday to Saturday10:00 A.M - 2:00 P.M , 6:30 P.M - 8:00 P.M',13,'','500','2','','8220653511','123',NULL,2,1,'0000-00-00 00:00:00',NULL),(10,'Dr. Kumaragurubaran','<strong>Designation</strong>: General Surgeon and Senior SurgicalGastroenterologist.\r\n\r\n<strong>Experience</strong>: 18 years\r\n\r\n<strong>Specialised Treatments / Area of Expertise</strong>:\r\n<ul>\r\n 	<li>Vast experience of more than 18 years in the field of Laparoscopic and gastro surgery. I have done thousands of Laparoscopic surgeries.</li>\r\n 	<li>Expert in Laparoscopic Hernia surgery, Laparoscopic Gall bladder surgery (cholecystectomy),Laparoscopicappendectomy,Major&Minor Laparoscopic Gastro surgeries and Bariatric surgery.</li>\r\n</ul>\r\n<strong>Professional Memberships</strong>:\r\n<ul>\r\n 	<li>Association of Surgeons of India.</li>\r\n 	<li>Indian Medical Association.</li>\r\n 	<li>Association of Minimal Access Surgeons of India.</li>\r\n 	<li>IndianAssociation of Gastro Endoscopic surgeon.</li>\r\n 	<li>Royal College of Surgeons of England.</li>\r\n</ul>\r\n<strong>Languages Known</strong>: Tamil, English, Hindi & Telugu\r\n\r\n<strong>Media & Events</strong> : Interviews in VIJAY TV, JAYA TV, WIN TV.\r\n\r\n<strong>OPD Schedule</strong>: Monday to Saturday Morning : 10:00 A.M -1:00 P.M , Evening : 7:00 P.M - 9:00 P.M',36,'','500','1','','8220653511','123',NULL,2,1,'0000-00-00 00:00:00',NULL),(11,'Dr. S. M. Sivaraj','<strong>Designation</strong>: General Surgeon and Senior SurgicalGastroenterologist.\r\n\r\n<strong>Experience</strong>: 15 years\r\n\r\n<strong>Specialised Treatments / Area of Expertise</strong>: Advance Laparoscopic Surgery, Liver, Pancreas, Biilary Surgery, Liver Transplant Surgery, Laparoscopiv Hernia Surgery.\r\n\r\n<strong>Professional Memberships</strong>:\r\n<ul>\r\n 	<li>Society of Surgery of Alimentary tract-(SSAT)-USA</li>\r\n 	<li>International Society of Digestive (ISDS)- Switzerland</li>\r\n 	<li>International Hepato Pancreatico Biliary Association (IHPBA)</li>\r\n 	<li>Indian Society of Gastroenterology</li>\r\n</ul>\r\n<strong>Awards and Honors</strong>:\r\n<ul>\r\n 	<li>Best Scientific Paper - IASGSON-2007, Annual National Conference-IASG-AIIMS-New Delhi</li>\r\n 	<li>Best Scientific Poster - IHPBACON - 2009,Bangalore</li>\r\n 	<li>Best Paper Session - International Society of Digestive Surgery 2012, Finland</li>\r\n</ul>\r\n<strong>Articles</strong>:\r\n<ul>\r\n 	<li>World Journal of Surgery, September 2014</li>\r\n 	<li>Frey\'s Pancreatico Jejunostomy in Tropical Pancreatin, Assesment of Quality of Life a Prospective Study</li>\r\n 	<li>HBPD International 2010</li>\r\n 	<li>Is Bactibilia a Precdictor of Poor of Outcome of Pancreaticoduodenectomy</li>\r\n 	<li>Archives Of International Surgery 2013, Primary Biliary Tuberculosis: A Case Report and Review Literature</li>\r\n</ul>\r\n<strong>Languages Known</strong>: Tamil, English, Hindi, Telugu, Malayalam\r\n\r\n<strong>OPD Schedule</strong>: Monday to Saturday10:00 AM - 6:00 PM',36,'','500','2','','8220653511','123',NULL,2,1,'0000-00-00 00:00:00',NULL),(12,'Dr. Rajkumar Williams','<p>gendral</p>',8,'','500','2','','8220653511','123',NULL,2,1,'0000-00-00 00:00:00',NULL),(13,'Dr. N. Bharathguru','<strong>Designation</strong> : Junior Cardiothoracic Surgeon.\r\n\r\n<strong>Experience</strong> : 5 Yrs\r\n\r\n<strong>Specialised Treatment/Area of Expertise</strong> : Adult Cardiac surgery.\r\n\r\n<strong>Professional Memberships : IALTS</strong>\r\n\r\n<strong>Languages Known</strong> : Tamil,English and Kannada\r\n\r\n<strong>OPDSchedule</strong> :MondaytoFriday4 :00 P.M to 7:00 P.M',1,'uploads/2018/05/70.jpg','500','2','','8220653511','123','36',2,1,'0000-00-00 00:00:00',NULL),(14,'Dr. V. Jayalakshmi','<b>Designation</b>: Senior Obstetrician and Gynecologist.\r\n\r\n<strong>Experience</strong>: 15 yrs\r\n\r\n<strong>Specialised Treatment/Area of expertise</strong>: Conducts Painless Labour, Trained in Ultrasound and Laparoscopic surgeon.\r\n\r\n<strong>Articles</strong>: 2 Journals Published in Obstetrician International.\r\n\r\n<strong>Language Known</strong>: Hindu, Telugu, French, English, Tamil & Malayalam\r\n\r\n<strong>Media & Events</strong>: Interview at T.V & Radio, Talk at Medical colleges, Conducted Various Camps in Obstetrician and Gynaecology.\r\n\r\n<strong>OPD Schedule</strong>: Morning to Saturday Morning - 10:00 AM - 1:00 PM . Evening- 5:00 PM - 7:00PM',18,'uploads/2018/02/49-1.png','500','1','drjayalakshmi@billrothhospitals.com','9840352200','123','37',1,1,'0000-00-00 00:00:00',NULL),(15,'Dr. S.Sundara Pandian','<strong>Consultant</strong>: ENT Surgeon.\r\n\r\n<strong>Experience</strong>: 8 yrs\r\n\r\n<strong>Specialised Treatments/Area of Expertise</strong>: Snoring, Sleep and Sleep Aponea.\r\n\r\nEndoscopic Ear, Nose & Throat Surgeries, Micro Laryngeal and ear surgeries.\r\n\r\n<strong>Professional memberships</strong>: Member  AOI, Tamilnadu\r\n\r\n<strong>Languages Known</strong>: Tamil, Telugu, Hindi, Kannada & English\r\n\r\n<strong>OPD Schedule</strong>: Monday to Saturday 9:00 AM - 5:00 PM',12,'uploads/2018/02/8-2.png','500','1','','8220653511','123','38',2,1,'0000-00-00 00:00:00',NULL),(16,'Dr. J.Pablo Neruda','<strong>Consultant</strong> : Plastic Surgeon.\r\n\r\n<strong>Experience</strong>: 13 Years.\r\n\r\n<strong>Specialised Treatments/Area of Expertise</strong>: Trauma, Cosmetic Surgery , Diabetic Foot.\r\n\r\n<strong>Professional Memberships</strong>: IMA, ASI, APSI, IAAPS.\r\n\r\n<strong>Awards & Honors</strong>: General Surgery: Gold Medallist - University 1<sup>st</sup> rank,\r\n\r\nDr. Mohan Rau Gold Medallist, IRAIADIMAI JEEYAUDEEN GOLD MEDALLIST, District Surgeon Shanmugam Gold Medal.\r\n\r\n<strong>Plastic Surgery</strong> : Gold Medallist -University 1<sup>st</sup> Rank\r\n\r\nProf.Mathangi Ramakrishnan Gold Medal , Prof. C.R .Sunderrajan Gold Medal.\r\n\r\n<strong>Languages Known</strong>: Tamil, English & Hindi\r\n\r\n<strong>OPD Schedule</strong>: Monday to Saturday10:00 AM - 1:00 PM / 4:00 PM - 5:00 PM',2,'uploads/2018/02/112.png','1','1','drpabloneruda@billrothhospitals.com','9841365814','123','39',1,1,'0000-00-00 00:00:00',NULL),(17,'Dr. S. Veenaa Manjari','<strong>Designation</strong>: Consultant REGISTRAR\r\n<p style=\"font-weight: 400;\"><strong>Experience</strong>: 2 yrs</p>\r\n<p style=\"font-weight: 400;\"><strong>Language Known</strong>: English & Tamil</p>\r\n<p style=\"font-weight: 400;\"><strong>OPD Schedule</strong>:<span data-term=\"goog_1995116953\">Monday</span>to<span data-term=\"goog_1995116954\">Saturday9:00 AM - 1:00 PM / 4:00 PM - 7:00 PM</span></p>\r\n',7,'uploads/2018/02/38.jpg','500','1','','8220653511','123',NULL,2,1,'0000-00-00 00:00:00',NULL),(18,'Dr. K. Nedumaran','<strong>Designation</strong>: Cardiothoracic Anaesthesiologist.\r\n<p style=\"font-weight: 400;\"><strong>Experience</strong>: 14 yrs</p>\r\n<p style=\"font-weight: 400;\"><strong>Specialised Treatment/Area of expertise</strong>:fast track cardiac surgery, one way ventilation.</p>\r\n<p style=\"font-weight: 400;\"><strong>Professional Memberships</strong>: IACTA, DSA, ICA</p>\r\n<p style=\"font-weight: 400;\"><strong>Awards & Honors</strong>: Executive Council member  IACTA, Faculty  IACTA,</p>\r\n<p style=\"font-weight: 400;\">IJA - Anaesthesia Journal reviewer</p>\r\n<strong>Language Known</strong>: English & Tamil\r\n<p style=\"font-weight: 400;\"><strong>Media & Events</strong>:</p>\r\n<p style=\"font-weight: 400;\"> 1.Organised Twice as Executive member IACTA National Conference.</p>\r\n<p style=\"font-weight: 400;\"> 2.Scientific committee member for 2009 National ISA Conference.</p>\r\n',29,'uploads/2018/02/2-3.png','500','2','','8220653511','123','40',1,1,'0000-00-00 00:00:00',NULL),(19,'Dr. S. Jeevan Kumar','<strong>Designation</strong>: Medical Gastroenterologist\r\n\r\n<strong>Experience</strong>: 29 years\r\n\r\n<strong>Specialised Treatments / Area of Expertise</strong>: Endoscopy, Colonoscopy and Therapeutic Endoscopy\r\n\r\n<strong>Professional Memberships</strong>: Member of Indian Society of Gastroenterology Society of Gastrointestinal Endoscopy of India and Indian Medical association\r\n\r\n<strong>Awards and Honors</strong>: Best Doctor by Tamil Nadu Dr MGR Medical University in 2011\r\n\r\n<strong>Articles</strong>: 70 research Papers in Various National Gastroenterology Journals\r\n\r\n<strong>Languages Known</strong>: Tamil, Telugu, Hindi and English\r\n\r\n<strong>OPD Schedule</strong>: Monday to Saturday 10:00 AM - 4:00 PM / 5:00 PM - 6:00 PM',13,'uploads/2018/02/3-2.png','500','2','','8220653511','123','41',2,1,'0000-00-00 00:00:00',NULL),(20,'Dr. S.Vijayalakshmi','<strong>Designation</strong>: Sonologist\r\n<p style=\"font-weight: 400;\"><strong>Experience</strong>: 23 yrs</p>\r\n<p style=\"font-weight: 400;\"><strong>Specialised Treatment/Area of expertise</strong>: Whole Body Ultrasound Scan.</p>\r\n<p style=\"font-weight: 400;\"><strong>Awards & Honors</strong>: Indian Medical Association.</p>\r\n<p style=\"font-weight: 400;\"><strong>Language Known</strong>: English, Telugu, Hindi & Tamil</p>\r\n<p style=\"font-weight: 400;\"><strong>OPD Schedule</strong>:<span data-term=\"goog_915579892\">Monday</span>to<span data-term=\"goog_915579893\">Saturday</span><span data-term=\"goog_915579894\">9:00 a.m to 4.00 p.m</span></p>\r\n',24,'uploads/2018/02/74-1.png','500','2','','8220653511','123','42',2,1,'0000-00-00 00:00:00',NULL),(21,'Dr. N. Tamilselvi','<strong>Designation</strong>: Sonologist\r\n<p style=\"font-weight: 400;\"><strong>Experience</strong>: 27 yrs</p>\r\n<strong>Specialised Treatment/Area of expertise</strong>: Whole Body Ultrasound Scan.\r\n\r\n<strong>Awards & Honors</strong>: IMA\r\n\r\n<strong>Language Known</strong>: English, Telugu, Hindi & Tamil.\r\n\r\n<strong>OPD Schedule</strong>:<span data-term=\"goog_915579895\">Monday</span>to<span data-term=\"goog_915579896\">Saturday</span><span data-term=\"goog_915579897\">9:00 a.m to 4.00 p.m</span>',24,'uploads/2018/02/Dr.Tamilselvi-Sonology.jpg','500','2','','8220653511','123','43',2,1,'0000-00-00 00:00:00',NULL),(22,'Dr. R. Ananthabhaskar','<strong>Designation</strong>: Endocrinologist.\r\n<p style=\"font-weight: 400;\"><strong>Experience</strong>: 17 yrs</p>\r\n<p style=\"font-weight: 400;\"><strong>Specialised Treatment/Area of expertis</strong>e: Thyroid disorders, Pituitary Problems, PCOS, Infertility Bone & calcium disorders, Puberty problems (Early & Late)</p>\r\n<p style=\"font-weight: 400;\"><strong>Professional Memberships</strong>:</p>\r\n\r\n<ul>\r\n 	<li style=\"font-weight: 400;\">Indian Medical Association.</li>\r\n 	<li style=\"font-weight: 400;\">Tamil Nadu Medical Council.</li>\r\n 	<li style=\"font-weight: 400;\">Endocrine Society Tamilnadu.</li>\r\n</ul>\r\n<p style=\"font-weight: 400;\"><strong>Awards & Honors</strong>:</p>\r\n\r\n<ul>\r\n 	<li style=\"font-weight: 400;\">Efficiency of specialist cardiovascular risk reduction clininc in improving CV risk poster at ABCD Conference UK</li>\r\n 	<li style=\"font-weight: 400;\">Pituitary stalk interruption syndrome presenting with normal stature.  Billroth Medical Journal.</li>\r\n</ul>\r\n<p style=\"font-weight: 400;\"><strong>Language Known</strong>: English & Tamil</p>\r\n<p style=\"font-weight: 400;\"><strong>OPD Schedule</strong>: Monday to Saturday - Morning :<span data-term=\"goog_915579901\">9:00 A.M - 1:00 P.M      Evening :</span><span data-term=\"goog_915579902\">6:00 P.M - 8:00 P.M</span></p>\r\n',11,'uploads/2018/02/106-1.png','500','2','','8220653511','123','44',2,1,'0000-00-00 00:00:00',NULL),(23,'Dr. D.Saritha','<strong>Designation</strong>: Radiation Therapy & Clinical Oncologist.\r\n<p style=\"font-weight: 400;\"><strong>Experience</strong>: 14 yrs</p>\r\n<p style=\"font-weight: 400;\"><strong>Specialised Treatment/Area of expertise</strong>: Specialist in Brachytherapy, Precision Radiation therapy techniques including IMRT, IGRT, VMAT/RapidArc, SRS, SRT. Pain and Palliative care. Preventive Oncology and cancer screening including Breast clinic.</p>\r\n<p style=\"font-weight: 400;\"><strong>Professional Memberships</strong>:</p>\r\n\r\n<ul>\r\n 	<li>Association of Radiation Oncologists of India (AROI)</li>\r\n 	<li>Indian brachytherapy Society (IBS).</li>\r\n 	<li>Association of Medical Physicists of India (AMPI).</li>\r\n</ul>\r\n<p style=\"font-weight: 400;\"><strong>Awards & Honors</strong> : Best paper in Association of Radiation Oncologist of India.</p>\r\n<p style=\"font-weight: 400;\"><strong>Language Known</strong>: English, Tamil, Hindi, Malayalam, Telugu, Bengali, Nepali & Urdu.</p>\r\n<p style=\"font-weight: 400;\"><strong>OPD Schedule</strong>:<span data-term=\"goog_915579911\">Monday</span>to<span data-term=\"goog_915579912\">Friday</span><span data-term=\"goog_915579913\">10:00 A.M to 4:00 P.M</span></p>\r\n',39,'uploads/2018/02/20-1.png','500','2','','8220653511','123','45',1,1,'0000-00-00 00:00:00',NULL),(24,'Dr. Dhivya Narasimhan','<strong>Designation</strong>: Obstetricianand Gynaecologist Surgeon.\r\n<p style=\"font-weight: 400;\"><strong>Experience</strong>:18 yrs</p>\r\n<p style=\"font-weight: 400;\"><strong>Specialised Treatment/Area of expertise</strong>:AdvancedLaparoscopic surgery  Laparascopic hysterectomy, Myomectomy & reproductive surgeries.</p>\r\n<p style=\"font-weight: 400;\"><strong>Professional Memberships</strong>: OGSSI,ISAR, IAGE.</p>\r\n<p style=\"font-weight: 400;\"><strong>Awards & Honors</strong> : Johnstone medalist  Best Outgoing student of MBBS 2001- MMC BATCH .</p>\r\n<p style=\"font-weight: 400;\"><strong>Articles</strong>: Co-author Laparoscopic ovarian reconstruction and TVS in Lap.Myomectomy in International Journal of Laparoscopy &Gynaecology.</p>\r\n<p style=\"font-weight: 400;\"><strong>Language Known</strong>: Tamil , Telugu, Hindi , English & Malayalam</p>\r\n<p style=\"font-weight: 400;\"><strong>OPD Schedule</strong>:<span data-term=\"goog_915579924\">Monday</span>to<span data-term=\"goog_915579925\">Saturday</span><span data-term=\"goog_915579926\">9.00 A.M TO 5:00 P.M</span></p>\r\n',18,'uploads/2018/02/48-1.png','500','1','dhivya@billrothhospitals.com','9884510129','123','46',1,1,'0000-00-00 00:00:00',NULL),(25,'Dr. K.Selvarajan','<strong>Designation</strong>: Head of Blood bank\r\n<p style=\"font-weight: 400;\"><strong>Experience</strong>: 27 yrs</p>\r\n<p style=\"font-weight: 400;\"><strong>Specialised Treatment/Area of expertise</strong>:Transfusion medicine.</p>\r\n<strong>Language Known</strong>: Tamil & English.',25,'uploads/2018/02/11-1.jpg','500','2','','8220653511','123','47',1,1,'0000-00-00 00:00:00',NULL),(26,'Dr.B.Hugmi','<strong>Designation</strong>: Physician and Diabetologist.\r\n\r\n<strong>Experience</strong>: 18 Years.\r\n\r\n<strong>Professional Memberships</strong>: MRCP (LONDON),MRCPS (GLAS),MRCPE(EDIN)\r\n\r\n<strong>Language Known</strong>: English, Telugu , Tamil & ARABIC\r\n\r\n<strong>OPD Schedule</strong>:Mondayto Saturday8:00a.m to 12:00 p.mEVENING :3:00 P.M TO 6:00 P.M',7,'uploads/2018/02/115.png','500','2','','8220653511','123','48',1,1,'0000-00-00 00:00:00','000000000'),(27,'Dr.J.H Bala Singh','<strong>Designation</strong>: Nephrologist\r\n\r\n<strong>Experience</strong>: 40 YRS\r\n\r\n<strong>Specialised Treatment/Area of expertise</strong>: Renal Medicine.\r\n\r\n<strong>Professional Memberships</strong>:\r\n<ul>\r\n 	<li>Life member Indian society of Nephrology.</li>\r\n 	<li>Founder member - Southern chapter- Indian society of Nephrology</li>\r\n 	<li>Life member - Indian academy of Nephrology</li>\r\n 	<li>Life member  NATPY , Life member - NEPHSIL</li>\r\n</ul>\r\n<strong>Awards & Honors</strong>:\r\n<ul>\r\n 	<li>Best outgoing student student Gold medal in M.D (General medicine) at Govt.Stanley Medical College & Hospital.</li>\r\n 	<li>First Renal transplantation in Govt. General Hospital, Chennai in Dec 1986.</li>\r\n</ul>\r\n<strong>Language Known</strong>: English, Hindi & Tamil\r\n\r\n<strong>OPD Schedule</strong>:Mondayto Saturday10: a.m to2:00 p.m\r\n\r\nEvenings by Appointment.',23,'uploads/2018/02/Dr.Balasingh-Nephrology.jpg','500','2','','8220653511','123','49',1,1,'0000-00-00 00:00:00',NULL),(28,'Dr. Ramya Sampath','<strong>Designation</strong>: Psychiatrist.\r\n\r\n<strong>Experience</strong>: 6 yrs\r\n\r\n<strong>Specialised Treatment/Area of expertise</strong>: Child Psychiatry, Neuro Psychiatry, Stress related Problems, Deaddicition, Consultation Liason Psychiatry.\r\n\r\n<strong>Professional Memberships</strong>: Indian Psychiatric society member, Chennai Psychiatry forum member.\r\n\r\n<strong>Articles</strong>: Published article on Metallic Syndrome in psychiatry patients in Indian journal of Psychiatry. Writes articles for womens Exclusive magazines T.Nagar express.\r\n\r\n<strong>Language Known</strong>: English, Malayalam & Tamil\r\n\r\n<strong>Media & Events</strong>:\r\n<ul>\r\n 	<li>Regular Guest speaker in program Kotti Theerthu Vidu Thozhi dealing with Psychological issues of women aired in Makkal TV, Thrice a week.</li>\r\n 	<li>Regular guest speaker in All India Radio. Delivered talks on online addiction, stress related health issues and adolescent Problems.</li>\r\n 	<li>Conducts awareness talks in relation to mental health to corporates, colleges and schools.</li>\r\n 	<li>Writes weekly articles in regional language in T.Nagar express in relation to mental health.</li>\r\n</ul>\r\n<strong>OPD Schedule</strong>:Monday to Wednesday2-3 p.mThursday  Saturday:1:00 -2:00 p.m',26,'uploads/2018/02/13.png','500','2','','8220653511','123','50',1,1,'0000-00-00 00:00:00',NULL),(29,'Dr. K.Sankara Subramanian','<strong>Designation</strong>:Neurologist.\r\n\r\n<strong>Experience</strong>: 6 yrs\r\n\r\n<strong>Specialised Treatment/Area of expertise</strong>: Stroke, Epilepsy, Movement disorder, Headache.\r\n\r\n<strong>Professional Memberships</strong>: IMA\r\n\r\n<strong>Language Known</strong>: English & Tamil.\r\n\r\n<strong>OPD Schedule</strong>:Monday to Saturday10:00a.m -1:30 p.m., 6:00 p.m to 8:00 p.m',15,'uploads/2018/02/94.png','500','2','','8220653511','123','51',1,1,'0000-00-00 00:00:00',NULL),(30,'Dr. G.Sharavanan','<strong>Designation</strong>:Pediatrician.\r\n\r\n<strong>Experience</strong>:15 yrs\r\n\r\n<strong>Professional memberships</strong>: Indian Medical Council, Indian Pediatrics Association.\r\n\r\n<strong>Language Known</strong>: Tamil & English.\r\n\r\n<strong>OPD Schedule</strong> : Monday to Saturday10:00 -12:00 P.M',20,'uploads/2018/02/Dr.G.Sharavanan-Paediatrics.jpg','500','2','','8220653511','123','52',1,1,'0000-00-00 00:00:00',NULL),(31,'Dr. Sai Sucheethra','<b>Designation</b>:Developmental Pediatrics Consultant.\r\n\r\n<strong>Experience</strong>: 10 yrs\r\n\r\n<strong>Specialised Treatments/Area of Expertise</strong>:\r\n<ul>\r\n 	<li>Autism Intervention.</li>\r\n 	<li>Neuro disability - Pediatric Disability Management.</li>\r\n 	<li>Cerebral Palsy.</li>\r\n 	<li>ADHD Intervention.</li>\r\n</ul>\r\n<strong>Professional memberships</strong>:\r\n<ul>\r\n 	<li>Member of International Developmental Pediatric Association.</li>\r\n</ul>\r\n<strong>Languages Known</strong>: Tamil, Hindi ,Telugu & English.\r\n\r\n<strong>OPD Schedule</strong>: Tuesday : 12:30 to 3:00 P.M , Thursday : 12:30 to 3:00 P.M,Friday : 12:30 P.M to 3:00 P.M',40,'uploads/2018/04/Dr.-Sai-Sucheetra-Child-development-Pediatrics.jpg','500','1','drsaisucheethra@billrothhospitals.com','9840719562','123','53',1,1,'0000-00-00 00:00:00',NULL),(32,'Dr. A. Anbhanandhan','<strong>Designation</strong>:Podiatric Surgeon.\r\n<p style=\"font-weight: 400;\"><strong>Experience</strong>: 30 yrs</p>\r\n<p style=\"font-weight: 400;\"><strong>Specialised Treatment/Area of expertise</strong>: Diabetic foot surgery - Podiatric surgery.</p>\r\n<p style=\"font-weight: 400;\"><strong>Professional Memberships</strong>: Indian Medical Association.</p>\r\n<p style=\"font-weight: 400;\"><strong>Articles</strong>: Handbook On Diabetic Foot Management in<span id=\"OBJ_PREFIX_DWT536_com_zimbra_date\" class=\"Object\">December 2016</span></p>\r\n<p style=\"font-weight: 400;\"><strong>Language Known</strong>: English, Hindi & Tamil.</p>\r\n<p style=\"font-weight: 400;\"><strong>OPD Schedule</strong>:<span data-term=\"goog_1995116967\">Monday</span>to<span data-term=\"goog_1995116968\">Saturday 5:00 p.m to 6:00 p.m</span></p>',21,'uploads/2018/04/Dr.-A.Anbhanandhan-Podiatric-Surgeon.jpg','500','2','','8220653511','123','54',1,1,'0000-00-00 00:00:00',NULL),(33,'Dr. A.R. Balaji','<strong>Designation</strong>: Urologist.\r\n\r\n<strong>Experience</strong>: 20 Years\r\n<p style=\"font-weight: 400;\"><strong>Specialised Treatment/Area of expertise</strong>:</p>\r\n\r\n<ul>\r\n 	<li>Kidney Transplantation.</li>\r\n 	<li>Competent in all Endourological procedures.</li>\r\n 	<li>Urethral Reconstructive procedures.</li>\r\n 	<li>Basic and advanced Lap Urology.</li>\r\n 	<li>Open surgeries and Lap procedures in oncology.</li>\r\n 	<li>Open and Endoscopic procedures in Stone disease.</li>\r\n 	<li>Robotics in Urology.</li>\r\n</ul>\r\n<strong>Professional Membership</strong>:\r\n<ul>\r\n 	<li>TamilNadu Medical Council</li>\r\n 	<li>USI</li>\r\n 	<li>SZUSI</li>\r\n 	<li>TAPASU</li>\r\n 	<li>MUS(President elect 2019-20).</li>\r\n</ul>\r\n<strong>Awards</strong>:\r\n<ul>\r\n 	<li style=\"text-align: left;\">\r\n<p class=\"Standard\">He got <b>BEST PERFORMANCE </b>Award from Transplant authority of Tamilnadu, Department of Health and Family Welfare for his excellent performance in doing Renal transplant surgeries from Live donor as well as Cadavar.</p>\r\n<p class=\"Standard\">This award is presented to him by our Honble Chief Minsiter Thiru.<b>EDAPADI PALANISAMY.</b></p>\r\n </li>\r\n</ul>\r\n<p style=\"font-weight: 400;\"><strong>Media & Events :</strong></p>\r\n\r\n<ul>\r\n 	<li>He has done a complicated stone removal surgery when he was working in Villupuram medical college. As appriciation the news came in daily news paper Dinamalar as well as The New Indian Express.</li>\r\n 	<li>\r\n<p class=\"Standard\">He has been part of more than 900 Kidney Transplant Surgeries. He has done Renal transplant Surgeries in Stanley medical college, Billroth hospital  Aminjikarai, Mehtha Hospital,Life Med Hospital, Trinity Hospital, Kumaran Hospital,Chennai Meenakshi Hospital.</p>\r\n</li>\r\n</ul>\r\n<strong>Language Known</strong>: English, Hindi, Tamil & Sourashtra.\r\n<p style=\"font-weight: 400;\"><strong>OPD Schedule</strong>: MondaytoSaturday Evening :7:00PM TO 8:00PM</p>',23,'uploads/2018/04/Dr.-A.R.Balaji-Urology.jpg','500','2','','8220653511','123','55',1,1,'0000-00-00 00:00:00',NULL),(34,'Dr. A.R. Jegathraman','<b>Designation</b>: Head of the Department of Neuro Surgeon.\r\n\r\n<strong>Experience</strong>: 44 Years\r\n\r\n<strong>Specialised Treatments/Area of Expertise</strong>: Neuro Oncology.\r\n\r\n<strong>Professional memberships</strong>:\r\n<ul>\r\n 	<li>Life member in Indian Medical Association.</li>\r\n 	<li>Life member in Neurological society of India.</li>\r\n</ul>\r\n<strong>Awards & Honors</strong>: Presented about 15 Papers in NSI Conferences.\r\n\r\n<strong>Languages Known</strong>: Tamil, Hindi & English.\r\n\r\n<strong>OPD Schedule</strong>: Monday to Saturday 11: A.M to 1:00 P.M',17,'uploads/2018/04/3.jpg','500','2','','8220653511','123','56',1,1,'0000-00-00 00:00:00',NULL),(35,'Dr. Aftab Matheen','<b>Designation</b>:Dermatologist.\r\n\r\n<strong>Experience</strong>: 26 Years\r\n\r\n<strong>Specialised Treatments/Area of Expertise</strong>:\r\n<ul>\r\n 	<li>.General Dermatology.</li>\r\n 	<li>Valual disease.</li>\r\n 	<li>Auto immune disease.</li>\r\n 	<li>\r\n<div class=\"dDoNo\"><span data-dobid=\"hdw\">GeriatricDermatology.</span></div>\r\n<div class=\"vmod\"></div></li>\r\n</ul>\r\n<strong>Professional memberships</strong>:\r\n<ul>\r\n 	<li>American Association of Dermatology.</li>\r\n 	<li>Life Member of IADVL.</li>\r\n</ul>\r\n<strong>Languages Known</strong>: Tamil, Hindi,Urdu,Telugu, Malayalam & English.\r\n\r\n<strong>Media & Events</strong> :\r\n<ul>\r\n 	<li>Media Interaction and answered questions from patients and journalist on Live Telecast in various channels like SUN NEWS,JAYA NEWS,VIJAY TV,CHUTTI TV & MAKKAL TV.</li>\r\n 	<li>Written articles and as well as question for the News daily \"Times of India\".</li>\r\n</ul>\r\n<strong>OPD Schedule</strong>: Monday to Saturday - Afternoon : 12:00 P.M to 3:00 P.M',27,'uploads/2018/04/Dr.-Aftab-Matheen-Dermatology.jpg','500','2','','8220653511','123','57',1,1,'0000-00-00 00:00:00',NULL),(36,'Dr. Balasubramaniam','<p>Comming soom</p>',23,'uploads/2018/04/Dr.-Balasubramaniam-Nephrology.jpg','500','2','','8220653511','123','58',1,1,'0000-00-00 00:00:00',NULL),(37,'Dr. V Chandrasekaran','<strong>Designation</strong>: Senior Nephrologist.\r\n\r\n<strong>Experience</strong>: 20 Years\r\n<p style=\"font-weight: 400;\"><strong>Specialised Treatment/Area of expertise</strong>: Transplant Immunology, Kidney transplantation,Hemodialysis,CRRT,Peritoneal dialysis.</p>\r\n<p style=\"font-weight: 400;\"><strong>Professional Memberships</strong>:</p>\r\n\r\n<ul>\r\n 	<li style=\"font-weight: 400;\">Indian Medical Association.</li>\r\n 	<li>International society of Nephrology.</li>\r\n 	<li>Indian society of Nephrology,Southern chapter.</li>\r\n 	<li>Association of Physician of India.</li>\r\n 	<li>Association of Physician of India, Chennai Chapter.</li>\r\n</ul>\r\n<p style=\"font-weight: 400;\"><strong>Language Known</strong>: English, Hindi ,Telugu,Malayalam & Tamil.</p>\r\n<p style=\"font-weight: 400;\"><strong>OPD Schedule</strong>:<span data-term=\"goog_1995116967\">Monday</span>to<span data-term=\"goog_1995116968\">Saturday 9:00 AM - 5:00 PM.</span></p>',23,'uploads/2018/04/6.jpg','500','2','','8220653511','123','59',2,1,'0000-00-00 00:00:00',NULL),(38,'Dr. D. Velmurugan','<p>coming soon</p>',40,'uploads/2018/04/Dr.-D.Velmurugan-Paediatrics-1024x706-1.jpg','500','2','','8220653511','123','60',2,1,'0000-00-00 00:00:00',NULL),(39,'Dr. Divya B','<strong>Designation</strong>: Dental Surgeon.\r\n<p style=\"font-weight: 400;\"><strong>Experience</strong>: 12 Years.</p>\r\n<p style=\"font-weight: 400;\"><strong>Specialised Treatment/Area of expertise</strong>:</p>\r\n\r\n<ul>\r\n 	<li>Endodontics.</li>\r\n 	<li>Oral Surgery.</li>\r\n 	<li>Cosmetic & Restorative dentistry.</li>\r\n 	<li>Peridontia.</li>\r\n 	<li>Prosthodontia.</li>\r\n 	<li>Pedodontia.</li>\r\n</ul>\r\n<p style=\"font-weight: 400;\"><strong>Professional Memberships</strong>:</p>\r\n\r\n<ul>\r\n 	<li>Dental Council of India.</li>\r\n 	<li>Tamilnadu Dental Council.</li>\r\n</ul>\r\n<p style=\"font-weight: 400;\"><strong>Language Known</strong>: English, Tamil & Telugu.</p>\r\n<p style=\"font-weight: 400;\"><strong>OPD Schedule</strong>:<span data-term=\"goog_915579911\">Monday</span>to Saturday - Morning : 9:00<span data-term=\"goog_915579913\">A.M TO 12:30 P.M ,Evening : 5:00 P.M TO 8:00 P.M</span></p>',10,'uploads/2018/04/138.png','500','1','drdivya@billrothhospitals.com','9790755599','123','61',1,1,'0000-00-00 00:00:00',NULL),(40,'Dr. Ibrahim Khan','<strong>Consultant</strong>: General Medicine.\r\n\r\n<strong>Experience</strong> : 30 Yrs\r\n\r\n<strong>Specialised treatments /Area of expertise</strong> : Medical /Laparoscopic.\r\n\r\n<strong>Languages Known</strong> : English,Urdu,Hindi,Tamil & Malayalam.\r\n\r\n<strong>OPD Schedule</strong> : Monday to Saturday 9 :00 A.M TO 1:00 P.M',7,'uploads/2018/04/Dr.-Ibrahim-Khan-Emergency-Medicine-1.jpg','500','2','','8220653511','123','62',1,1,'0000-00-00 00:00:00',NULL),(41,'Dr. J. Ritchie Sharon Solomon','<strong>Designation</strong>: Paediatric Cardiology.\r\n<p style=\"font-weight: 400;\"><strong>Experience</strong>: 10 yrs</p>\r\n<p style=\"font-weight: 400;\"><strong>Specialised Treatment/Area of expertise</strong>: Paediatric Cardiology.</p>\r\n<strong>Awards</strong> :\r\n<ul>\r\n 	<li>Received Dr. Sir.A.L.Mudaliar Gold Medal in 2012 from the Tamil nadu Dr.MGR Medical University for getting the University first Mark in M.D.Pediatrics.</li>\r\n 	<li>Got Second Place in Prof.J.Vishwanathan Award 2011 Medal Examination during M.D Pediatrics course.</li>\r\n 	<li>Got Distinction in D.M Pediatric cardiology examination.</li>\r\n</ul>\r\n<strong>Language Known</strong>: English,Malayalam & Tamil.\r\n<p style=\"font-weight: 400;\"><strong>OPD Schedule</strong>: Monday,Wednesday & Friday - 6:00 P.M to 7:00 P.M</p>',20,'uploads/2018/04/9.jpg','500','2','','8220653511','123','63',1,1,'0000-00-00 00:00:00',NULL),(42,'Dr. J.Vijay Augustin Jayabal','<strong>Designation</strong>: Anesthesiologist& Critical Care.\r\n<p style=\"font-weight: 400;\"><strong>Experience</strong>:10 Years</p>\r\n<p style=\"font-weight: 400;\"><strong>Specialised Treatment/Area of expertise</strong>: Anaesthesia/ACLS & ATLS,Family Medicine.</p>\r\n<p style=\"font-weight: 400;\"><strong>Professional Memberships</strong>: Member in ISCEM.</p>\r\n<p style=\"font-weight: 400;\"><strong>Language Known</strong>: English & Tamil.</p>\r\n<p style=\"font-weight: 400;\"></p>',29,'uploads/2018/04/Dr.-J.Vijay-Augustin-Jayabal-Anaesthesia-Intensive-care.jpg','500','2','','8220653511','123','64',2,1,'0000-00-00 00:00:00',NULL),(43,'Dr. Janarthinakani','<strong>Designation</strong>: Radiation Oncologist.\r\n<p style=\"font-weight: 400;\"><strong>Experience</strong>: 14 yrs</p>\r\n<p style=\"font-weight: 400;\"><strong>Specialised Treatment/Area of expertise</strong>:Radiation Oncology & Medical Oncology.</p>\r\n<p style=\"font-weight: 400;\"><strong>Professional Memberships</strong>:</p>\r\n\r\n<ul>\r\n 	<li>Association of Radiation Oncologists of India (AROI).</li>\r\n 	<li>European Society of Medical Oncology (ESMO)</li>\r\n</ul>\r\n<p style=\"font-weight: 400;\"><strong>Language Known</strong>:English & Tamil.</p>\r\n<p style=\"font-weight: 400;\"><strong>OPD Schedule</strong>:<span data-term=\"goog_915579911\">Monday</span>to<span data-term=\"goog_915579912\">Friday</span>4<span data-term=\"goog_915579913\">:00 P.M to 6:00 P.M</span></p>',39,'uploads/2018/04/Dr.-Janarthinakani-Radiation-oncologist.jpg','500','2','','8220653511','123','65',1,1,'0000-00-00 00:00:00',NULL),(44,'Dr. Jayaraman','<strong>Designation</strong>: Chest Physician & Interventional Pulmonologist.\r\n<p style=\"font-weight: 400;\"><strong>Experience</strong>: 18 yrs</p>\r\n<p style=\"font-weight: 400;\"><strong>Specialised Treatment/Area of expertise</strong>: Interventional Pulmonology ( Bronchoscopy,Pleural aspiration,Pleural Biopsy & Medical Thoracoscopy) apart from management of respiratory disorders like TB,Asthma,COPD,Lung cancer,Pleurodesis,Intercostal drainage (ICD),Pneumonia and Sleep disorders.</p>\r\n<strong>Professional Membership</strong> :\r\n<ul>\r\n 	<li>Life member in Indian Medical Association.</li>\r\n 	<li>Life member in Indian Chest Society.</li>\r\n 	<li>Life member in Indian Association of Bronchology.</li>\r\n 	<li>Member in Americal college of Chest Physician</li>\r\n</ul>\r\n<strong>Language Known</strong>: English,Telugu & Tamil.\r\n<p style=\"font-weight: 400;\"><strong>OPD Schedule</strong>: Monday to Saturday - Evening :3:00PM TO 5:00PM</p>',5,'uploads/2018/04/10.jpg','500','1','drjayaraman@billrothhospitals.com','9282103841','123',NULL,1,1,'0000-00-00 00:00:00',NULL),(45,'Dr. K.S. Sekar','<strong>Designation</strong>: Consultant Radiologist.\r\n\r\n<strong>Experience</strong>: 15 years\r\n\r\n<strong>Languages Known</strong>: Tamil, English, Hindi & Telugu.\r\n\r\n<strong>OPD Schedule</strong>: Monday to Saturday10:00 AM - 5:00 PM',22,'uploads/2018/04/Dr.-K.S.Sekar-Radiology.jpg','500','2','','8220653511','123','66',2,1,'0000-00-00 00:00:00',NULL),(46,'Dr. R. Kiruthika','<strong>Designation</strong>: Anesthesiologist& Critical Care.\r\n<p style=\"font-weight: 400;\"><strong>Experience</strong>:10 Months</p>\r\n<p style=\"font-weight: 400;\"><strong>Specialised Treatment/Area of expertise</strong>: Anaesthesia/ACLS.</p>\r\n<p style=\"font-weight: 400;\"><strong>Articles</strong>: \"Anaesthetic management of a case of Osteogenesis Imperfecta \" - Dr.MGR University Journal of Medicine & Medical Specialties,2017.</p>\r\n<p style=\"font-weight: 400;\"><strong>Language Known</strong>: English & Tamil.</p>\r\n<p style=\"font-weight: 400;\"></p>',29,'uploads/2018/04/12.jpg','500','2','','8220653511','123','67',2,1,'0000-00-00 00:00:00',NULL),(47,'Dr. M.Lakshmidharan','<b>Designation</b>: Vascular Surgeon.\r\n\r\n<strong>Experience</strong>: 6 years.\r\n\r\n<strong>Specialised Treatments/Area of Expertise</strong>:\r\n<ul>\r\n 	<li>Endovenous Surgery for Varicose veins.</li>\r\n 	<li>A-V & Access surgery.</li>\r\n 	<li>AngioPlasty - Superficial femoral artery,Tibial disease.</li>\r\n 	<li>Common iliac artery stentiy</li>\r\n 	<li>Cervical Rib Excision.</li>\r\n</ul>\r\n<strong>Professional memberships</strong>: Vascular Society of India.\r\n\r\n<strong>Articles</strong>: To studt the outcome off treatment in Infrarenal Multilevel Oculurice disease. - IJAR\r\n\r\n<strong>Languages Known</strong>: Tamil, Telugu, Hindi & English\r\n\r\n<strong>OPD Schedule</strong>: R.A Puram Branch - Monday to Saturday : 10:00 A.M -1:00 P.M, Evening : 5:00 P.M -7:00P.M',30,'uploads/2018/04/Dr.-Lakshmidharan-Vascular-Surgeon.jpg','500','2','','8220653511','123','68',2,1,'0000-00-00 00:00:00',NULL),(48,'Dr. Lavanya','<strong>Designation</strong> : MicroBiologist.\r\n\r\n<strong>Experience</strong> : 3 Yrs\r\n\r\n<strong>Specialised Treatment/Area of Expertise</strong> : Bacteriology,Serology,Mycology & Parasitology.\r\n\r\n<strong>Professional Memberships :</strong> Indian Association of Medical Microbiologists. (IAMM)\r\n\r\n<strong>Languages Known</strong> : Tamil,English, Hindi and Gujarati.\r\n\r\n<strong>OPDSchedule</strong> :MondaytoSaturday 8:00 P.M to 4:00 P.M',31,'uploads/2018/04/14.jpg','500','2','','8220653511','123','69',1,1,'0000-00-00 00:00:00',NULL),(49,'Dr. Mathai Thomas','<b>Designation</b>:Rheumatologist.\r\n\r\n<strong>Experience</strong>: 32 yrs\r\n\r\n<strong>Specialised Treatments/Area of Expertise</strong>:Rehabilitation Reumatolgica.\r\n\r\n<strong>Professional memberships</strong>:Indian RheumatologyAssociation, Indian Medical Association.\r\n\r\n<strong>Languages Known</strong>: Tamil, Hindi,Malayalam & English.\r\n\r\n<strong>Media & Events</strong> : Participated in JAYA TV regarding Health talk.\r\n\r\n<strong>OPD Schedule</strong>: Monday to Friday 9:00 A.M - 10:30 A.M',32,'uploads/2018/04/Dr.-Mathai-Thomas-Rheumatology.jpg','500','2','','8220653511','123','70',1,1,'0000-00-00 00:00:00',NULL),(50,'Dr. Muthukumaran','<strong>Consultant</strong>: Plastic & Aesthetic Surgeon.\r\n\r\n<strong>Experience</strong>: 32 Years.\r\n\r\n<strong>Specialised Treatments/Area of Expertise</strong>: Plastic and Aesthetic Procedures.\r\n\r\n<strong>Professional memberships</strong>:\r\n<ol>\r\n 	<li>Life member in Association of Surgeons of India</li>\r\n 	<li>Association of Plastic Surgeons of India.</li>\r\n 	<li>Burns association of India.</li>\r\n</ol>\r\n<strong>Awards & Honors</strong>: British Association Sponsored Trainee at Norwich Regional Plastic Surgery centre. U.K,\r\n\r\nLife time Achievement award given by Dr.M.G.R Medical University.\r\n\r\n<strong>Languages Known</strong>: Tamil & English.\r\n\r\n<strong>OPD Schedule</strong>: Monday to Saturday 5:00 PM - 7:00 PM.',2,'uploads/2018/04/Dr.-Muthukumaran-Plastic-Surgery.jpg','500','2','','8220653511','123','71',1,1,'0000-00-00 00:00:00',NULL),(51,'Dr. P.M.Kripakaran','<strong>Consultant</strong>: Psychiatrist.\r\n\r\n<strong>Experience</strong>: 24Years\r\n\r\n<strong>Specialised Treatment/Area of expertise</strong>: Pharmaco Therapy, Psychotheraphy and Counselling for patients suffering from adolescent behavioral issues, Interpersonal Relationship Problems, Bipolar disorder, PTSD and Psychosexual Problems etc.\r\n\r\n<strong>Professional Memberships</strong>: Indian Medical Association.\r\n\r\n<strong>Language Known</strong>: English & Tamil.\r\n\r\n<strong>OPD Schedule</strong>: <strong>Shenoy Nagar</strong>- Monday - Friday 6:00 to 8:00 P.M.\r\n\r\n<strong>R.A.Puram</strong> - Monday - Friday 1:00 P.M TO 3:00 P.M.\r\n\r\n ',26,'uploads/2018/04/16.jpg','500','2','','8220653511','123','72',1,1,'0000-00-00 00:00:00',NULL),(52,'Dr. P.R.Yuvakesavan','<strong>Designation :</strong>Anesthesiologist & Intensive Care Unit.\r\n\r\n<strong>Experience</strong>: 4 Years\r\n\r\n<strong>Specialised Treatments/Area of Expertise</strong>: ICU,Anesthesia.\r\n\r\n<strong>Professional memberships</strong>: Indian society of Anesthesiology, ISCCM.\r\n\r\n<strong>Languages Known</strong>: Tamil & English.\r\n\r\n ',29,'uploads/2018/04/Dr.-P.R.Yuvakesavan-Anaesthesia-Intensive-care.jpg','500','2','','8220653511','123','73',2,1,'0000-00-00 00:00:00',NULL),(53,'Dr. R. Parthasarthy','<strong>Designation :</strong> Senior ENT Consultant.\r\n\r\n<strong>Experience</strong>: 30 yrs\r\n\r\n<strong>Specialised Treatments/Area of Expertise</strong>: E.N.T related problems.\r\n\r\n<strong>Professional memberships</strong>: Tamilnadu Medical Council, All India E.N.T ,otology\r\n\r\n<strong>Languages Known</strong>: Tamil, Telugu & English\r\n\r\n<strong>OPD Schedule</strong>: Monday to Saturday Morning : 11:00 a.m to 2:00 P.M, Evening : 7:00 to 8:00 P.M',12,'uploads/2018/04/26.jpg','500','2','','8220653511','123','74',1,1,'0000-00-00 00:00:00',NULL),(54,'Dr. R.Deepak','<strong>Designation</strong>: Radiation Therapy & Clinical Oncologist.\r\n<p style=\"font-weight: 400;\"><strong>Experience</strong>: 3 yrs</p>\r\n<p style=\"font-weight: 400;\"><strong>Specialised Treatment/Area of expertise</strong>:Precision Radiation therapy techniques including IMRT, IGRT, VMAT/RapidArc, SRS, SRT. Pain and Palliative care. Preventive Oncology and cancer screening. Head & Neck, GI, GU, Breast, Pelvic and Thoracic Oncology.</p>\r\n<p style=\"font-weight: 400;\"><strong>Professional Memberships</strong>:</p>\r\n\r\n<ul>\r\n 	<li>Association of Radiation Oncologists of India (AROI).</li>\r\n 	<li>Indian Society of Oncology (ISO).</li>\r\n 	<li>Indian brachytherapy Society (IBS).</li>\r\n 	<li>American Society of Clinical Oncology (ASCO)</li>\r\n</ul>\r\n<p style=\"font-weight: 400;\"><strong>Language Known</strong>:English, Tamil, Telugu, Hindi & Kannada</p>\r\n<p style=\"font-weight: 400;\"><strong>OPD Schedule</strong>:<span data-term=\"goog_915579911\">Monday</span>to<span data-term=\"goog_915579912\">Friday</span><span data-term=\"goog_915579913\">11:00 A.M to 6:00 P.M</span></p>',39,'uploads/2018/04/Dr.-R.Deepak-Radiation-Oncology.jpg','500','1','drdeepak@billrothhospitals.com','9094079997','123','75',1,1,'0000-00-00 00:00:00',NULL),(55,'Dr. Rabindran','<strong>Designation</strong>: Neonatologist.\r\n<p style=\"font-weight: 400;\"><strong>Experience</strong>: 12 yrs</p>\r\n<p style=\"font-weight: 400;\"><strong>Specialised Treatment/Area of expertise</strong>: Neonatology.</p>\r\n<p style=\"font-weight: 400;\"><strong>Professional Memberships</strong>:</p>\r\n\r\n<ul>\r\n 	<li>Life member in Indian Medical Association.</li>\r\n 	<li>Member in Indian Academy of Pediatrics.</li>\r\n 	<li>Life Member in National Neonatology Forum.</li>\r\n 	<li>Life Member in Society of Trauma & EmergencyPediatrics.</li>\r\n 	<li>Life Member IAP- Neonatology Chapter.</li>\r\n 	<li>Member inPediatric Intensive Care Chapter.</li>\r\n 	<li>Member in Association of Chils Neurology.</li>\r\n 	<li>Member in Indian Society of Inborn error of Metabolism.</li>\r\n</ul>\r\n<p style=\"font-weight: 400;\"><strong>Awards & Honors</strong> : Y.R Reddy Gold Medal, Dr.H.Paramesh Award.</p>\r\n<p style=\"font-weight: 400;\"><strong>Language Known</strong>: Tamil, English, Hindi, Oriya, Telugu & Malayalam.</p>\r\n<strong>Media & Events</strong> : Participated in Maruthuvar Neram - VIJAY TV. Naveena Maruthuvam in Polimer TV.\r\n<p style=\"font-weight: 400;\"><strong>OPD Schedule</strong>:<span data-term=\"goog_915579911\">Monday</span>to Saturday<span data-term=\"goog_915579913\">9:00 A.M - 5:00 P.M</span></p>',33,'uploads/2018/04/Dr.-Rabindran-Neonatalogy-NICU.jpg','500','2','','8220653511','123','76',2,1,'0000-00-00 00:00:00',NULL),(56,'Dr. Rajabu Bareena','<strong>Designation</strong>: Radiation Therapy & Clinical Oncologist.\r\n<p style=\"font-weight: 400;\"><strong>Experience</strong>: 10 yrs</p>\r\n<p style=\"font-weight: 400;\"><strong>Specialised Treatment/Area of expertise</strong>: Brachytherapy, Precision Radiation therapy techniques including IMRT, IGRT, VMAT/RapidArc, SRS, SRT. Pain and Palliative care. Preventive Oncology and cancer screening. Head & Neck, GI, GU, Breast, Pelvic and Thoracic Oncology.</p>\r\n<p style=\"font-weight: 400;\"><strong>Professional Memberships</strong>:</p>\r\n\r\n<ul>\r\n 	<li>Association of Radiation Oncologists of India (AROI).</li>\r\n</ul>\r\n<p style=\"font-weight: 400;\"><strong>Language Known</strong>: English & Tamil.</p>\r\n<p style=\"font-weight: 400;\"><strong>OPD Schedule</strong>:<span data-term=\"goog_915579911\">Monday</span>to<span data-term=\"goog_915579912\">Friday</span><span data-term=\"goog_915579913\">10:00 A.M to 5:00 P.M</span></p>',39,'uploads/2018/04/Dr.-Rajabu-Bareena-Radiation-Oncology.jpg','500','2','','8220653511','123','77',1,1,'0000-00-00 00:00:00',NULL),(57,'Dr. Rajkumar Williams','<p>gendral</p>',8,'uploads/2018/04/Dr.-Rajkumar-williams-Surgical-Gastroenterology-General-surgery.jpg','500','2','','8220653511','123',NULL,2,1,'0000-00-00 00:00:00',NULL),(58,'Dr. S.E. Dhanasekaran','<strong>Designation :</strong> Nephrologist.\r\n\r\n<strong>Experience</strong>: 20 yrs\r\n\r\n<strong>Specialised Treatments/Area of Expertise</strong>: General Nephrology,Dialysis,Transplantation.\r\n\r\n<strong>Professional memberships</strong>:\r\n<ul>\r\n 	<li>Indian Medical Association.</li>\r\n 	<li>Indian Society of Nephrology.</li>\r\n 	<li>Association of physicians of India.</li>\r\n 	<li>ISN - Southern Chapter.</li>\r\n 	<li>Indian Society of Hemodialysis.</li>\r\n 	<li>Peritoneal dialysis society of India.</li>\r\n 	<li>Association of physicians of India - Tamil nadu chapter.</li>\r\n</ul>\r\n<strong>Languages Known</strong>: Tamil, Telugu,Malayalam,Hindi & English.\r\n\r\n<strong>OPD Schedule</strong>: Monday to Saturday Morning : 10.00 A.M - 1:00 P.M, Evening : 4:00-6:00 P.M',23,'uploads/2018/04/Dr.S.E.-Dhanasekaran-Nephrology.jpg','500','2','','8220653511','123','78',1,1,'0000-00-00 00:00:00',NULL),(59,'Dr. S.R Subramaniyan','<strong>Designation</strong>: Senior Vascular Surgeon.\r\n<p style=\"font-weight: 400;\"><strong>Experience</strong>: 21 Years.</p>\r\n<p style=\"font-weight: 400;\"><strong>Specialised Treatment/Area of expertise</strong>:</p>\r\n\r\n<ul>\r\n 	<li style=\"font-weight: 400;\">Diabetic foot Management.</li>\r\n 	<li style=\"font-weight: 400;\">Carotid surgery.</li>\r\n 	<li>Distal Bypasses.</li>\r\n 	<li>Venous diseases.</li>\r\n 	<li>Sclerotherapy.</li>\r\n 	<li>Lymphoedema.</li>\r\n 	<li>Aortic Aneurysms.</li>\r\n</ul>\r\n<p style=\"font-weight: 400;\"><strong>Professional Memberships</strong>:</p>\r\n\r\n<ul>\r\n 	<li>Corresponding member in European society of Vascular surgery.</li>\r\n 	<li>Life member in Endo Vascular Interventional society of India.</li>\r\n 	<li>Life member in Vascular society of India.</li>\r\n 	<li>Life member in Association of surgeons of India.</li>\r\n 	<li>Life member in Association of Rural Surgeons of India.</li>\r\n</ul>\r\n<p style=\"font-weight: 400;\"><strong>Language Known</strong>: English, Tamil, Hindi, & Telugu.</p>\r\n<p style=\"font-weight: 400;\"><strong>OPD Schedule</strong>:<span data-term=\"goog_915579911\">Monday</span>to<span data-term=\"goog_915579912\">Friday</span><span data-term=\"goog_915579913\">3:00 P.M TO 6:00 P.M</span></p>',30,'uploads/2018/04/Dr.-S.R-Subramaniyan-Vascular-surgeon.jpg','500','2','','8220653511','123','79',1,1,'0000-00-00 00:00:00',NULL),(60,'Dr. Senthamarai Kannan','<b>Designation</b> : Consultant - Emergency Medicine & Trauma Care department .\r\n\r\n<strong>Experience</strong>: 5 yrs\r\n\r\n<strong>Specialised Treatments/Area of Expertise</strong>: ARDS,Cardiogenic shock.\r\n\r\n<strong>Languages Known</strong>: Tamil & English.\r\n\r\n ',28,'uploads/2018/04/Dr.-Senthamarai-Kannan-Emergency-Medicine.jpg','500','2','','8220653511','123','80',2,1,'0000-00-00 00:00:00',NULL),(61,'Dr. Shiva Kumar','<strong>Designation</strong>: Cardiologist.\r\n\r\n<strong>Experience</strong>: 11 Years.\r\n\r\n<strong>Specialised Treatment/Area of expertise</strong>:\r\n<ul>\r\n 	<li>Primary & Elective Percutaneous coronary intervention.</li>\r\n 	<li>Coronary Angiogram.</li>\r\n 	<li>Dual chamber and single chamber permanent pace maker implantation.</li>\r\n 	<li>IABC therapy.</li>\r\n 	<li>IVC Filter implantation.</li>\r\n 	<li>Balloon Pulmonary valvotomy.</li>\r\n 	<li>Renal artery angioplasty,Subclavian artery angioplasty.</li>\r\n 	<li>Pericardiocentesis.</li>\r\n 	<li>Central venous lines,Arterial line establishment,Endo tracheal intubation.</li>\r\n 	<li>Trans oesophageal echocardiogram,Dobutamine stressechocardiogram,Contrastechocardiogram.</li>\r\n 	<li>Interpreting cardiac nuclear scans ( PET,SPECT)</li>\r\n 	<li>HUTT - Head up Tilt test,TMT,Interpretation of Holter,event recording and ambulatory blood pressure monitoring.</li>\r\n</ul>\r\n<strong>Professional Memberships</strong>: Cardiology Society of India, Indian Medical Association.\r\n\r\n<strong>Languages Known</strong> : English,Tamil & Hindi.\r\n\r\n<strong>OPD Schedule</strong> : Monday to Saturday : 9:00 A.M to 4:00 P.M',3,'uploads/2018/04/Dr.-Sivaraj-Cardiology.jpg','500','2','','8220653511','123','81',2,1,'0000-00-00 00:00:00',NULL),(62,'Dr. T. Arulmozhi','<strong>Designation</strong> : Pediatric Neurologist.\r\n\r\n<strong>Experience</strong> : 15 Yrs\r\n\r\n<strong>Specialised Treatment/Area of Expertise</strong> : Child hood seizures, Pediatric Neurology.\r\n\r\n<b>Professional Memberships : </b>Life memberin IndianAcademy of Neurology.\r\n\r\n<strong>Awards</strong> : Original work & award for study in antiepileptic use in Pregnancy.\r\n\r\n<strong>Languages Known</strong> : Tamil & English\r\n\r\n<strong>OPDSchedule</strong> :MondaytoSaturday 12:00 P.M to 2:00 P.M',15,'uploads/2018/04/Dr.-T.Arulmozhi-Neurology.jpg','500','2','','8220653511','123','82',1,1,'0000-00-00 00:00:00',NULL),(63,'Dr. Teleflo','<b>Designation</b>: Lab Director.\r\n\r\n<strong>Experience</strong>: 18 yrs\r\n\r\n<strong>Specialised Treatments/Area of Expertise</strong>: Cytology and Haematology.\r\n\r\n<strong>Languages Known</strong>: Tamil & English.\r\n\r\n ',42,'uploads/2018/04/21.jpg','0','2','','8220653511','123','83',2,1,'0000-00-00 00:00:00',NULL),(64,'Dr. V. Devendran','<strong>Consultant</strong>: Pediatrician & Neonatologist.\r\n\r\n<strong>Experience</strong>: 7 Years\r\n\r\n<strong>Specialised Treatments/Area of Expertise</strong>: Neonatology.\r\n\r\n<strong>Professional memberships</strong>: Member in Indian Medical Association.\r\n\r\nMember in Indian Academy of Pediatrics.\r\n\r\nMember in National Neonatology Forum.\r\n\r\n<strong>Languages Known</strong>: Tamil, Hindi & English\r\n\r\n ',40,'uploads/2018/04/Dr.-V.-Devendran-Neonatalogy.jpg','500','2','','8220653511','123','84',2,1,'0000-00-00 00:00:00',NULL),(65,'Dr. V.S Suresh','<b>Designation</b>: Anaesthesiology & Critical care.\r\n\r\n<strong>Experience</strong>: 9 yrs\r\n\r\n<strong>Specialised Treatments/Area of Expertise</strong>: ARDS,Cardiogenic shock.\r\n\r\n<strong>Professional Membership</strong>: Indian society of Anaesthesiology,Indian Medical Council.\r\n\r\n<strong>Languages Known</strong>: Tamil& English.\r\n\r\n ',29,'uploads/2018/04/Dr.-V.S-Suresh-Anaesthesia-Intensive-care.jpg','500','2','','8220653511','123','85',1,1,'0000-00-00 00:00:00',NULL),(66,'Dr. Vetri Karunakaran','<b>Designation</b>: Anaesthesiology.\r\n\r\n<strong>Experience</strong>: 5 yrs\r\n\r\n<strong>Specialised Treatments/Area of Expertise</strong>: ARDS,Cardiogenic shock.\r\n\r\n<strong>Professional Membership</strong> :\r\n<ul>\r\n 	<li>Life time member of society for Emergency medicine, India.</li>\r\n 	<li>Life time member of Emergency Physicians,India.</li>\r\n</ul>\r\n<strong>Languages Known</strong>: Tamil,French & English.\r\n\r\n ',29,'uploads/2018/04/Dr.-Vetri-Karunakaran-Emergency-medicine-1.jpg','500','2','','8220653511','123','86',2,1,'0000-00-00 00:00:00',NULL),(67,'Dr. Vijaya Swaminathan','<strong>Designation</strong>: Senior Radiation Oncologist.\r\n<p style=\"font-weight: 400;\"><strong>Experience</strong>: 24 Years.</p>\r\n<p style=\"font-weight: 400;\"><strong>Specialised Treatment/Area of expertise</strong>:Breast & Gynecologic Oncology .</p>\r\n<p style=\"font-weight: 400;\"><strong>Professional Memberships</strong>:</p>\r\n\r\n<ul>\r\n 	<li>Association of Radiation Oncologists of India (AROI).</li>\r\n 	<li>Early Breast Cancer Trialists Group (EBCTG)</li>\r\n</ul>\r\n<p style=\"font-weight: 400;\"><strong>Language Known</strong>: English, Tamil, Telugu & Hindi</p>\r\n<p style=\"font-weight: 400;\"><strong>OPD Schedule</strong>:<span data-term=\"goog_915579911\">Monday</span>to<span data-term=\"goog_915579912\">Friday</span><span data-term=\"goog_915579913\">12:00 P.M to 2:00 P.M</span></p>',39,'uploads/2018/04/Dr.-Vijaya-Swaminathan-Radiation-oncology.jpg','500','2','','8220653511','123','87',2,1,'0000-00-00 00:00:00',NULL),(68,'Dr. Viswambhar','<strong>Consultant</strong>: Pulmonologist.\r\n\r\n<strong>Experience</strong>: 9 yrs\r\n\r\n<strong>Specialised Treatments/Area of Expertise</strong>: Asthma,Allergy,COPD,Pulmonary rehabilitation,Sleep medicine,Video Bronchoscopy & Medical thoracoscopy.\r\n\r\n<strong>Professional memberships</strong>: Life member in Indian Chest Society, European respiratory society, Life member in APPM.\r\n\r\n<strong>Awards & Honors</strong>: RajaGopal award for Best Paper in Broncho conference in 2011.\r\n\r\nBest Paper in NAPCON 2011.\r\n\r\n<strong>Articles: </strong>Published in National & International articles.\r\n\r\n<strong>Languages Known</strong>: Tamil, Hindi ,Telugu, Kannada & English.\r\n\r\n<strong>OPD Schedule</strong>: Monday to Saturday 9:00 A.M - 9:00 P.M',5,'uploads/2018/04/Dr.-Vishwambar-Chest-medicine.jpg','500','2','','8220653511','123',NULL,2,1,'0000-00-00 00:00:00',NULL),(69,'Dr. Balaguhan','<strong>Designation</strong>: Cranio - Maxillo Facial Surgeon.\r\n<p style=\"font-weight: 400;\"><strong>Experience</strong>: 8 Years.</p>\r\n<p style=\"font-weight: 400;\"><strong>Specialised Treatment/Area of expertise</strong>:</p>\r\n\r\n<ul>\r\n 	<li>Oral Surgery.</li>\r\n 	<li>Cosmetic & Restorative dentistry.</li>\r\n 	<li>Peridontia.</li>\r\n 	<li>Prosthodontia.</li>\r\n 	<li>Pedodontia.</li>\r\n 	<li>Orthodontia.</li>\r\n 	<li>Implantology.</li>\r\n</ul>\r\n<p style=\"font-weight: 400;\"><strong>Professional Memberships</strong>:</p>\r\n\r\n<ul>\r\n 	<li>Tamilnadu Dental Council.</li>\r\n 	<li>AO-Cranio-Maxillofacial surgery.</li>\r\n 	<li>Member in American Society of TMJ Surgeons.</li>\r\n 	<li>Indian Cleft & Craniofacial surgery.</li>\r\n 	<li>Association of Oral &Maxillofacial Surgeons of India.</li>\r\n 	<li>International Academy of Oral Oncology.</li>\r\n 	<li>Member,Tamilnadu chapter,AOMSI.</li>\r\n 	<li>Member in Indian Scientific Dental Research.</li>\r\n 	<li>Member in Indian Dental Association.</li>\r\n</ul>\r\n<p style=\"font-weight: 400;\"><strong>Language Known</strong>: English & Tamil .</p>\r\n<p style=\"font-weight: 400;\"><strong>OPD Schedule</strong>: On Call Appointment.</p>',10,'uploads/2018/04/23.jpg','500','2','','8220653511','123','88',1,1,'0000-00-00 00:00:00',NULL),(70,'Dr. Deepan Karunakaran','<b>Designation</b>: Anaesthesiology.\r\n\r\n<strong>Experience</strong>: 5 yrs\r\n\r\n<strong>Specialised Treatments/Area of Expertise</strong>: ARDS,Cardiogenic shock.\r\n\r\n<strong>Languages Known</strong>: Tamil,French & English.\r\n\r\n ',29,'uploads/2018/04/Dr.Deepan-Karunakaran-Emergency-medicine.jpg','500','2','','8220653511','123','89',2,1,'0000-00-00 00:00:00',NULL),(71,'Dr. Hari Prasad','<p><span style=\"font-weight: bolder;\">Designation</span>: Medical Gastroenterologist.&nbsp;<span style=\"font-weight: bolder;\">Experience</span>: 10 Years&nbsp;<span style=\"font-weight: bolder;\">Specialised Treatments / Area of Expertise</span>: Endoultrasound,ERCP,UGI Bleed - Interventions Treatment of Chronic Hepatitis B and C Infection.&nbsp;<span style=\"font-weight: bolder;\">Professional Memberships</span>: Member of Indian Society of Gastroenterology Society of Gastrointestinal Endoscopy of India and Indian Medical association&nbsp;<span style=\"font-weight: bolder;\">Languages Known</span>: Tamil and English.&nbsp;<span style=\"font-weight: bolder;\">OPD Schedule</span>: Monday to Saturday Evening : 6:00 P.M to 7:00 P.M<br></p>',13,'uploads/2018/04/24.jpg','500','2','','8220653511','123','90',1,1,'0000-00-00 00:00:00',NULL),(72,'Dr. M. Ilambharthi','<strong>Designation</strong>: Senior E.N.T Consultant.\r\n<p style=\"font-weight: 400;\"><strong>Experience</strong>: 30 Years.</p>\r\n<p style=\"font-weight: 400;\"><strong>Specialised Treatment/Area of expertise</strong>: All E.N.T ,Head,Neck and Facial Plastic surgeries.</p>\r\n<p style=\"font-weight: 400;\"><strong>Professional Memberships</strong>: AOI,IMA,ISAACON,ISO.</p>\r\n<p style=\"font-weight: 400;\"><strong>Awards & Honors</strong> : Gold Medallist in Pharmacology,GoldMedallist in Master of Science inE.N.T.</p>\r\n<p style=\"font-weight: 400;\"><strong>Language Known</strong>: Tamil, English & Hindi.</p>\r\n<p style=\"font-weight: 400;\"><strong>OPD Schedule</strong>:<span data-term=\"goog_915579911\">Monday</span>to<span data-term=\"goog_915579912\">Friday</span> 9:00A.M -11:00A.M</p>',12,'uploads/2018/04/Dr.Ilambharthi-ENT-SURGEON.jpg','500','2','','8220653511','123','91',1,1,'0000-00-00 00:00:00',NULL),(73,'Dr. Janaki','<strong>Designation</strong>: Senior Dermatologists\r\n\r\n<strong>Experience</strong>: 30 years\r\n\r\n<strong>Specialised Treatments / Area of Expertise</strong>: Cryotherapy.\r\n\r\n<strong>Professional Memberships</strong>:\r\n\r\n1. Indian Medical Association,\r\n\r\n2. Indian Association ofDermatologists, Venereologists and Leprologists,\r\n\r\n3.Women Doctors Association.\r\n\r\n4.Society for Human and Animal Mycologist of India\r\n\r\n<strong>Articles</strong>: Published articles in National & International Journal of Dermatology.\r\n\r\n<strong>Languages Known</strong>: Tamil, Telugu and English\r\n\r\n<strong>OPD Schedule</strong>: Monday to Friday 9:00 AM - 10:30 AM, Sunday - 3:00P.M - 5:00P.M',27,'uploads/2018/04/Dr.Janaki-Dermatology.jpg','500','2','','8220653511','123','92',1,1,'0000-00-00 00:00:00',NULL),(74,'Dr. K. Baskaran','<p>comming soon</p>',1,'uploads/2018/04/Dr.K.Baskaran-MEDICAL-ONCOLOGY.jpg','500','2','','8220653511','123','93',1,1,'0000-00-00 00:00:00',NULL),(75,'Dr. K. Seeniraj','<strong>Designation :</strong>Paediatric Surgeon.\r\n\r\n<strong>Experience</strong>: 35 yrs\r\n\r\n<strong>Specialised Treatments/Area of Expertise</strong>: Paediatric Plastic surgery&Urology.\r\n\r\n<strong>Professional memberships</strong>: ASI Member, IAPS Member.\r\n\r\n<strong>Languages Known</strong>: Tamil, Telugu,Hindi ,Punjabi & English.\r\n\r\n<strong>OPD Schedule</strong>: Monday to Saturday 11:00 A.M to 1:00 P.M',20,'uploads/2018/04/Dr.K.Seeniraj-Paediatric-surgery.jpg','500','2','','8220653511','123','94',1,1,'0000-00-00 00:00:00',NULL),(76,'Dr. Karthik','<strong>Designation :</strong> General Medicine & Diabetologist.\r\n\r\n<strong>Experience</strong>: 4 yrs\r\n\r\n<strong>Specialised Treatments/Area of Expertise</strong>: Diabetes,Hypertension,Infectious diseases, Asthma,Allergy,Toxicology,Thyroid disorders & Adult vaccination.\r\n\r\n<strong>Professional memberships</strong>: Tamilnadu Medical Council, Association member of Physicians of India.\r\n\r\n<strong>Languages Known</strong>: Tamil, Hindi & English\r\n\r\n<strong>OPD Schedule</strong>: Monday to Saturday 10.00 A.M - 5:00 P.M',35,'uploads/2018/04/Dr.Karthik-General-Medicine-Diabetology.jpg','500','2','','8220653511','123','95',2,1,'0000-00-00 00:00:00',NULL),(77,'Dr. Lakshmipathy','<strong>Consultant</strong>: Senior Chest Specialist.\r\n\r\n<strong>Experience</strong>: 35 yrs\r\n\r\n<strong>Specialised Treatments/Area of Expertise</strong>: T.B, Interstitial lung diseases.\r\n\r\n<strong>Professional memberships</strong>: TAMILNADU MEDICAL COUNCIL.\r\n\r\n<strong>Languages Known</strong>: Tamil, Telugu& English\r\n\r\n<strong>OPD Schedule</strong>: Monday to Saturday 10:30 PM - 12:30 PM / 6:00 PM - 7:30 PM',5,'uploads/2018/04/25.jpg','500','2','','8220653511','123','96',2,1,'0000-00-00 00:00:00',NULL),(78,'Dr. M. Sivalingam','<strong>Designation</strong>: Senior Radiologist.\r\n\r\n<strong>Experience</strong>: 27 years\r\n\r\n<strong>Languages Known</strong>: Tamil & English.\r\n\r\n<strong>OPD Schedule</strong>: Monday to Saturday10:00 AM - 2:00 PM',22,'uploads/2018/04/Dr.M.Sivalingam-Radiology.jpg','500','2','','8220653511','123','97',1,1,'0000-00-00 00:00:00',NULL),(79,'Dr. V.S.R Murthy','<b>Designation</b>: Anaesthesiology.\r\n\r\n<strong>Experience</strong>: 5 yrs\r\n\r\n<strong>Specialised Treatments/Area of Expertise</strong>: ARDS,Cardiogenic shock.\r\n\r\n<strong>Languages Known</strong>: Tamil, Hindi ,Telugu & English\r\n\r\n ',29,'uploads/2018/04/Dr.Murthy-Anaesthesia-Intensive-care.jpg','500','2','','8220653511','123','98',2,1,'0000-00-00 00:00:00',NULL),(80,'Dr. Nirmal Raj','<strong>Designation</strong>: Anaesthesiology & Critical care.\r\n<p style=\"font-weight: 400;\"><strong>Experience</strong>: 10 yrs</p>\r\n<p style=\"font-weight: 400;\"><strong>Professional Memberships</strong>: Member in Indian Medical Association.</p>\r\n<p style=\"font-weight: 400;\"><strong>Language Known</strong>: English & Tamil.</p>\r\n<p style=\"font-weight: 400;\"></p>',29,'uploads/2018/04/Dr.Nirmal-Raj-Anaesthesia-Intensive-care.jpg','500','2','','8220653511','123','99',2,1,'0000-00-00 00:00:00',NULL),(81,'Dr. K. Prabhu','<strong>Designation</strong>: Nephrologist\r\n\r\n<strong>Experience</strong>: 2 yrs\r\n<p style=\"font-weight: 400;\"><strong>Specialised Treatment/Area of expertise</strong>: Kidney transplantation,Hemodialysis,CRRT,Peritoneal dialysis,Hypertension,Intervention ( hemodialysis catheter & perm catherter & PD Catheter \r\ninsertion, AV Fistula creation.</p>\r\n<p style=\"font-weight: 400;\"><strong>Professional Memberships</strong>: Indian Medical Association.</p>\r\n<p style=\"font-weight: 400;\"><strong>Articles</strong>:</p>\r\n\r\n<ul>\r\n 	<li style=\"font-weight: 400;\">Adult Nephrotic syndrome complicated by Spontaneous pneumococcal peritonitis( accepted for publication in Clinical Nephrology).</li>\r\n 	<li>Analysis of case series of Milky urine: a single centre clinical experience : Urol .Ann\'14</li>\r\n 	<li>Estimation of renal function in intensive care units : J Intensive care 2014</li>\r\n 	<li>Post cardiac surgery acute kidney injury novel biomarkers,Nephro urology monthly.</li>\r\n</ul>\r\n<p style=\"font-weight: 400;\"><strong>Language Known</strong>: English, Hindi & Tamil.</p>\r\n<p style=\"font-weight: 400;\"><strong>OPD Schedule</strong>:<span data-term=\"goog_1995116967\">Monday</span>to<span data-term=\"goog_1995116968\">Saturday 9:00 AM - 5:00 PM.</span></p>',23,'uploads/2018/04/Dr.Prabhu-Nephrology.jpg','500','2','','8220653511','123','100',2,1,'0000-00-00 00:00:00','000000000'),(82,'Dr. Ramesh','<b>Designation</b>: Rheumatologist.\r\n\r\n<strong>Experience</strong>: 4 yrs\r\n\r\n<strong>Specialised Treatments/Area of Expertise</strong>: Rheumatoid Arthritis,Ank Spond,Biological Therapy,\r\n\r\nIntra-Articular.\r\n\r\n<strong>Professional memberships</strong>: Indian Rheumatology Association.\r\n\r\n<strong>Languages Known</strong>: Tamil & English\r\n\r\n<strong>OPD Schedule</strong>: Monday to Friday 3:00 P.M to 5:00 P.M',32,'uploads/2018/04/Dr.Ramesh-Rheumatology.jpg','500','2','','8220653511','123','101',1,1,'0000-00-00 00:00:00',NULL),(83,'Dr. Rengaraju','<strong>Consultant</strong>:Anaesthesiology\r\n\r\n<strong>Experience</strong>: 12 yrs\r\n\r\n<strong>Languages Known</strong>: Tamil & English\r\n\r\n ',29,'uploads/2018/04/Dr.Rengaraj-Anaesthesia-Intensive-care.jpg','500','2','','8220653511','123','102',1,1,'0000-00-00 00:00:00',NULL),(84,'Dr. Suresh Kumar','<strong>Consultant</strong>: Surgical Oncologist.\r\n\r\n<strong>Experience</strong>: 12 Years\r\n\r\n<strong>Specialised Treatments/Area of Expertise</strong>:\r\n<ul>\r\n 	<li>Trained in cancer surgeries of head & neck, thorax, gastrointestinal, genitourinary, breast, musculoskeletal system, oncological reconstructive surgeries & vascular access procedures.</li>\r\n 	<li>Trained in diagnostic endoscopies like DLDP, OGD, COLONOSCOPY, BRONCHOSCOPY, COLPOSCOPY and CYSTOSCOPY procedures.</li>\r\n</ul>\r\n<strong>Professional memberships</strong>:\r\n<ul>\r\n 	<li>Membership of Association surgeons of India.</li>\r\n 	<li>Membership of Indian Association of Surgical Oncology.</li>\r\n</ul>\r\n<strong>Languages Known</strong>: English, Tamil &Hindi.\r\n\r\n<strong>OPD Schedule</strong>: On-call Appointment.\r\n\r\n \r\n\r\n ',38,'uploads/2018/04/27.jpg','500','2','','8220653511','123','103',2,1,'0000-00-00 00:00:00',NULL),(85,'Dr. Syed Ismail','<strong>Designation</strong>: Senior MedicalOncologist\r\n\r\n<strong>Experience</strong>: 5 years\r\n\r\n<strong>Specialised Treatments / Area of Expertise</strong>: Solid Tumors, Hematologic malignancies & Paediatricmalignancies.\r\n\r\n<strong>Professional Memberships</strong>: Member of Indian Society of Gastroenterology Society of Gastrointestinal Endoscopy of India and Indian Medical association\r\n\r\n<strong>Awards and Honors</strong>: Gold Medalist - DM ( Medical Oncology)\r\n\r\n<strong>Articles</strong>: Germinoma of the Thalamus - A Rare case report & review of Literature.\r\n\r\n<strong>Languages Known</strong>: Tamil, Urdu, Hindi and English\r\n\r\n<strong>OPD Schedule</strong>: Monday to Saturday 9:00 AM - 5:00 PM',37,'uploads/2018/04/Dr.Syed-Isamail-Medical-Oncology.jpg','500','2','','8220653511','123','104',2,1,'0000-00-00 00:00:00',NULL),(86,'Prof.Dr. Ezhilvizhi Alavandar','<b>Designation</b>: Pathologist\r\n\r\n<strong>Experience</strong>: 34 yrs\r\n\r\n<strong>Specialised Treatments/Area of Expertise</strong>: Histopathlogy / Cytology / Immunology.\r\n\r\n<strong>Professional memberships</strong>:\r\n<ul>\r\n 	<li>Life member of Indian association of Pathologists and Microbiologist</li>\r\n 	<li>Life member of Indian association of Cytologists</li>\r\n 	<li>Convenor of IAPM - TN chapter 2004 - 2005</li>\r\n 	<li>Active member in Women doctor association</li>\r\n</ul>\r\n<strong>Awards & Honors</strong>:\r\n<ul>\r\n 	<li>Best teacher award on July 2010 by Dr.MGR University,Tamilnadu .</li>\r\n</ul>\r\n<strong>Publications</strong> : 13 Publications in indexed journals. Posters and Papers presented in national conferences & CME Programmes.\r\n\r\n<strong>Languages Known</strong>: Tamil & English.\r\n\r\n ',34,'uploads/2018/04/28.jpg','500','2','','8220653511','123','105',1,1,'0000-00-00 00:00:00',NULL),(87,'Dr.G.V Reddy','<strong>Consultant</strong> : Senior Child Specialist.\r\n\r\n<strong>Experience</strong> : 32 Years\r\n\r\n<strong>Specialised Treatments/Area of Expertise</strong>: Special experience in TB, immunization, school health, child growth and development.\r\n\r\n<strong>Professional membership</strong>: Indian Academy of Paediatrics.\r\n\r\n<strong>Languages Known</strong>: Tamil, Telugu, Hindi and English.\r\n\r\n<strong>Media and Events</strong>: SUN TV  IMMUNIZATION PROGRAM\r\n\r\nVIJAY TV  ASTHMA IN CHILDREN\r\n\r\n<strong>OPD Schedule</strong>: Monday to Saturday 10:00 AM - 1:30 PM / 7:00PM - 9:00PM',20,'uploads/2018/05/8.jpg','500','1','drgvreddy@billrothhospitals.com','9840437495','123','106',1,1,'0000-00-00 00:00:00',NULL),(88,'Dr. S. M. Sivaraj','<strong>Designation</strong>: General Surgeon and Senior SurgicalGastroenterologist.\r\n\r\n<strong>Experience</strong>: 15 years\r\n\r\n<strong>Specialised Treatments / Area of Expertise</strong>: Advance Laparoscopic Surgery, Liver, Pancreas, Biilary Surgery, Liver Transplant Surgery, Laparoscopiv Hernia Surgery.\r\n\r\n<strong>Professional Memberships</strong>:\r\n<ul>\r\n 	<li>Society of Surgery of Alimentary tract-(SSAT)-USA</li>\r\n 	<li>International Society of Digestive (ISDS)- Switzerland</li>\r\n 	<li>International Hepato Pancreatico Biliary Association (IHPBA)</li>\r\n 	<li>Indian Society of Gastroenterology</li>\r\n</ul>\r\n<strong>Awards and Honors</strong>:\r\n<ul>\r\n 	<li>Best Scientific Paper - IASGSON-2007, Annual National Conference-IASG-AIIMS-New Delhi</li>\r\n 	<li>Best Scientific Poster - IHPBACON - 2009,Bangalore</li>\r\n 	<li>Best Paper Session - International Society of Digestive Surgery 2012, Finland</li>\r\n</ul>\r\n<strong>Articles</strong>:\r\n<ul>\r\n 	<li>World Journal of Surgery, September 2014</li>\r\n 	<li>Frey\'s Pancreatico Jejunostomy in Tropical Pancreatin, Assesment of Quality of Life a Prospective Study</li>\r\n 	<li>HBPD International 2010</li>\r\n 	<li>Is Bactibilia a Precdictor of Poor of Outcome of Pancreaticoduodenectomy</li>\r\n 	<li>Archives Of International Surgery 2013, Primary Biliary Tuberculosis: A Case Report and Review Literature</li>\r\n</ul>\r\n<strong>Languages Known</strong>: Tamil, English, Hindi, Telugu, Malayalam\r\n\r\n<strong>OPD Schedule</strong>: Monday to Saturday10:00 AM - 6:00 PM',13,'uploads/2018/05/18.jpg','500','2','','8220653511','123',NULL,2,1,'0000-00-00 00:00:00',NULL),(89,'Dr. Balaji Saibaba','<b>Designation</b>: Orthopaedic Surgeon.\r\n\r\n<strong>Experience</strong>: 8 yrs\r\n\r\n<strong>Specialised Treatments/Area of Expertise</strong>: Trauma,Arthroplasty,Arthroscopy,Spine Paediatric Orthopedics,Musculo Skeletal Oncology,Deformity Correction.\r\n\r\n<strong>Professional memberships</strong>:\r\n<ul>\r\n 	<li>Life member of Indian Arthroplasty Association.</li>\r\n 	<li>Life member of Indian Orthopaedic Association.</li>\r\n 	<li>Life member of International Society for Knowledge for Surgeons on Arthroscopy and Arthroplasty.</li>\r\n 	<li>Life member of National Academy of Medical Sciences.</li>\r\n 	<li>Life member of North Zone Indian Orthopaedic Association.</li>\r\n 	<li>Life member of Indian Biologics Orthopaedic Society</li>\r\n 	<li>Member of AO Trauma.</li>\r\n 	<li>Member of Asian Association of Dynamic Osteosynthesis.</li>\r\n 	<li>Member of Socit Internationale de Chirurgie Orthopdique et de Traumatologie (International Society of Orthopaedic Surgery and Traumatology).</li>\r\n 	<li>Member of European Society for Sports Traumatology, Knee Surgery and Arthroscopy.</li>\r\n 	<li>Member of Asia Pacific Orthopaedic Association.</li>\r\n</ul>\r\n<strong>Awards & Honors</strong>:\r\n<ul>\r\n 	<li>Best poster award for presenting a poster entitled Is there an unrecognized inherent varus in the proximal tibia influencing TKA? - The Indian Arthroplasty Association [IAA] CME, Chandigarh on September 30, 2012.</li>\r\n 	<li>Best poster award for presenting a poster entitled Non-vascularised free fibular grafting in post osteomyelitic gap non union -The North Zone Indian Orthopaedic Association Conference [NZOACON], Amritsar, Punjab on March 21-23, 2014.</li>\r\n 	<li>Winner of BIOTEK Orthopaedic quiz -The 9th International Symposium of the International Society for Knowledge for Surgeons on Arthroscopy and Arhtroplasty [ISKSAA-2014], Gurgaon, Delhi NCR on September 7, 2014.</li>\r\n</ul>\r\n<strong>Languages Known</strong>: Tamil, Hindi & English.\r\n\r\n<strong>OPD Schedule</strong>: Monday to Saturday Morning : 9:00 A.M - 1:00 P.M , Evening : 5:00 P.M to 8:00 P.M',6,'uploads/2018/05/Dr.-Balaji-Saibaba-Orthopaedics.jpg','500','1','drbalajisaibaba@billrothhospitals.com','9384374367','123','107',1,1,'0000-00-00 00:00:00',NULL),(90,'Dr. K.V. Sathyanarayan','<strong>Consultant</strong>: Diabetology.\r\n<p style=\"font-weight: 400;\"><strong>Experience</strong>: 24 yrs</p>\r\n<strong>Specialised Treatments/Area of Expertise</strong> : Diabetology.\r\n<p style=\"font-weight: 400;\"><strong>Language Known</strong>: English, Telugu, Hindi & Tamil.</p>\r\n<p style=\"font-weight: 400;\"><strong>OPD Schedule</strong>:<span data-term=\"goog_1995116967\">Monday</span>to<span data-term=\"goog_1995116968\">Saturday 9:00 AM - 2:00 PM.</span></p>',35,'uploads/2018/05/Dr.K.V.Sathyanarayan-Diabetology.jpg','500','2','','8220653511','123','108',1,1,'0000-00-00 00:00:00',NULL),(91,'Dr. V.S SenthilKumar','<strong>Designation</strong> : Physician\r\n\r\n<strong>Experience</strong>: 12 yrs\r\n\r\n<strong>Specialised Treatments/Area of Expertise</strong>: Febrile Illness, Diabetes, Connective tissue disorders, Thyroid abnormality.\r\n\r\n<strong>Professional memberships</strong>: Tamilnadu Medical Council.\r\n\r\n<strong>Languages Known</strong>: Tamil & English\r\n\r\n<strong>OPD Schedule</strong>: Monday to Friday Morning : 10:00 AM - 1:00 PM ,\r\n\r\nEvening : 7:00 PM - 8:30PM SUNDAY - 11:00 AM - 12:00 PM',35,'uploads/2018/05/90.png','500','2','','8220653511','123','109',1,1,'0000-00-00 00:00:00',NULL),(92,'Dr. M.M.Salahudeen','<strong>Designation</strong>: Senior Neurosurgeon.\r\n\r\n<strong>Experience</strong>: 18 years\r\n\r\n<strong>Specialised Treatments / Area of Expertise</strong>:\r\n<ul>\r\n 	<li>Expertise in Microsurgical management of brain and spine tumors,management of cervical & lumbar disc disease.</li>\r\n 	<li>Expertise in management of spinal dysraphism, syringomyelia and hydrocephalus.</li>\r\n 	<li>Wide ranging experience in management of Head Injury & Stroke,Neuro Intensive care management,ICP Monitoring,Decompressive Craniotomy and Reconstruction cranioplasty.</li>\r\n 	<li>Expertise in spinal trauma & spine fixation.</li>\r\n</ul>\r\n<strong>Professional Memberships</strong>:\r\n<ul>\r\n 	<li>Life member of Neurological Society of India.</li>\r\n 	<li>Indian Medical Association.</li>\r\n</ul>\r\n<strong>Awards & Honors :</strong>\r\n<ul>\r\n 	<li>Gold Medalist - Dr.S. Kalyanaraman Prize in Neurosurgery in 2000 at Institute of Neurology,Madras Medical college,Chennai.</li>\r\n 	<li>Prof.M.Natarajan Medal for Meritorious performance in Neurosurgery Examination in 2001 at Madurai Medical College,Madurai,Tamilnadu.</li>\r\n</ul>\r\n<strong>Articles</strong> :\r\n\r\n<strong>Thesis</strong>: Non- latrogenic Cerebro Spinal Fluid Rhinorrhoea and Otorrhoea- An Analysis.\r\n\r\n<strong>Paper Publication</strong> : Otogenic Intracranial Suppuration at a Rare Site in Neurology India - 2001,Vol.49[1] pp:101.\r\n\r\n<strong>Languages Known</strong>: Tamil, English & Malayalam.\r\n\r\n<strong>Media & Events</strong> : Attended many National & International Conferences from 1996 to till date Presented papers.\r\n\r\nDone many Programmes in Tamil Televisions to spread awareness about Neurosurgical problems including Prevention of Head and Spinal Injury ,Stroke Prevention and Published articles towards the same end.\r\n\r\n<strong>OPD Schedule</strong>: Monday to Saturday Morning : 10:00 A.M -12:30 P.M , Evening : 5:00 P.M - 6:30 P.M',17,'uploads/2018/04/Dr.-Salalhudeen-Neuro-surgeon.jpg','500','2','','8220653511','123','110',1,1,'0000-00-00 00:00:00',NULL),(93,'Dr. S.Shanmugasundaram','<strong>Consultant : </strong>SeniorCardiologist.\r\n\r\n<strong>Experience</strong>: 38 yrs\r\n\r\n<strong>Specialised Treatments/Area of Expertise</strong>: Angioplasty, Pacemaker Implantation, Heart Failure, Pulmonary Hypertension.\r\n\r\n<strong>Professional memberships</strong>: EC Member in Cardiology society of India.\r\n\r\nPresident of Indian Academy of Echocardiography.\r\n\r\n<strong>Languages Known</strong>: Tamil & English\r\n\r\n<strong>OPD Schedule</strong>: Monday to Saturday 9:30 AM - 5:30 PM',3,'uploads/2018/05/75.png','500','1','','8220653511','123','111',1,1,'0000-00-00 00:00:00','000000000'),(94,'Dr. Rajini','<strong>Designation</strong>: IVF Consultant\r\n\r\n<strong>Experience</strong>: 15 Years.\r\n\r\n<strong>Specialised Treatment/Area of expertise</strong>: Trained in ART, Embryology, Infertility Sonology.\r\n\r\n<strong>Professional Memberships</strong>: ISAR, ACE Member.\r\n\r\n<strong>Language Known</strong>: English, Telugu & Tamil.\r\n\r\n<strong>OPD Schedule</strong>:Mondayto Saturday8:00 A.M - 4:00 P.M',14,'uploads/2018/02/40.png','1500','1','drrajini@billrothhospitals.com','9840265601','123','112',1,1,'0000-00-00 00:00:00',NULL),(95,'Dr. B. Ramamurthy','<strong>Designation</strong>: Senior Interventional Cardiologist.\r\n\r\n<strong>Experience</strong>: 37 Years\r\n\r\n<strong>Specialized Treatments / Area of Expertise</strong>: Diagnostic and Theraputic Interventional Procedures in Cardiology.\r\n\r\n<strong>Professional Memberships</strong>:\r\n<ul>\r\n 	<li>Fellow of Royal College of Physicians And Surgeons of Glascow University</li>\r\n 	<li>Member of Cardiological Society of India</li>\r\n</ul>\r\n<strong>Awards and Honors</strong>:\r\n<ul>\r\n 	<li>University Gold Medalist in M.B.B.S</li>\r\n 	<li>Conferred Fellowship of Royal College of Physicians Ans Surgeons of Glasgow University.</li>\r\n</ul>\r\n<strong>Articles</strong>: Presented and Published Scientific Papers and Articles in Both National and International Journals and Conferences.\r\n\r\n<strong>Languages Known</strong>: Tamil, English, and Arabic.\r\n\r\n<strong>OPD Schedule</strong>: 09:00 AM to 04:00 PM(Monday and Thursday) ,09:00 AM to 02:00 PM(Tuesday, Wednesday, Friday, and Saturday).',3,'uploads/2018/05/87.png','500','2','','8220653511','123','113',1,1,'0000-00-00 00:00:00',NULL),(96,'Dr. Padmanaban','<strong>Consultant</strong>: Head & Senior Consultant, Department of Radiation therapy & Clinical Oncology.\r\n\r\n<strong>Experience</strong>: 21 Years\r\n\r\n<strong>Specialised Treatments/Area of Expertise</strong>: Specialist in Brachytherapy, Precision Radiation therapy techniques including IMRT, IGRT, VMAT/RapidArc, SRS, SRT. Pain and Palliative care. Preventive Oncology and cancer screening. Head & Neck, GI, GU, Breast, Pelvic and Thoracic Oncology.\r\n\r\n<strong>Professional memberships</strong>:\r\n<ul>\r\n 	<li>Association of Radiation Oncologists of India (AROI).</li>\r\n 	<li>Indian brachytherapy Society (IBS).</li>\r\n 	<li>Association of Medical Physicists of India (AMPI).</li>\r\n</ul>\r\n<strong>Languages Known</strong>: English, Tamil, Hindi, Malayalam, Telugu, Bengali, Nepali & Urdu.\r\n\r\n<strong>OPD Schedule</strong>: Monday to Saturday 10:00 A.M to 5:00 P.M',39,'uploads/2018/04/Dr.-Padmanaban-Radiation-oncology.jpg','500','1','drpadmanabhan@billrothhospitals.com','9840062443','123','114',1,1,'0000-00-00 00:00:00',NULL),(97,'Dr. Mahadevan','<strong>Designation</strong>: Cardiothoracic Anaesthesiologist.\r\n<p style=\"font-weight: 400;\"><strong>Experience</strong>: 16 yrs</p>\r\n<p style=\"font-weight: 400;\"><strong>Specialised Treatment/Area of expertise</strong>: Adult Anesthesiology, Neonatal & Pediatric Cardiac Anesthesiology, Adult CardiothoracicAnesthesiology, Obstetric Anesthesia.</p>\r\n<strong>Language Known</strong>: English,Telugu & Tamil.\r\n<p style=\"font-weight: 400;\"></p>',1,'uploads/2018/05/Dr.-Mahadevan-Cardiac-Anaesthesia.jpg','500','2','','8220653511','123','115',1,1,'0000-00-00 00:00:00',NULL),(98,'Dr. Lakshmi Devarajan','<strong>Designation</strong>: Department Head of Obstetrics and Gynaecology\r\n<p style=\"font-weight: 400;\"><strong>Experience</strong>: 42 yrs</p>\r\n<p style=\"font-weight: 400;\"><strong>Specialised Treatment/Area of expertise</strong>:Laparoscopic Training in Germany.</p>\r\n<p style=\"font-weight: 400;\"><strong>Professional Memberships</strong>: IMA & Endoscopic association.</p>\r\n<p style=\"font-weight: 400;\"><strong>Articles</strong>:</p>\r\n\r\n<ul>\r\n 	<li style=\"font-weight: 400;\">Contributed a chapter in text book of medicine.</li>\r\n 	<li style=\"font-weight: 400;\">Presented a paper in International conference done at Billroth Hospital.</li>\r\n 	<li style=\"font-weight: 400;\">Contributed a chapter Yoga Prachu in Apollo Text book of medicine Phlegmonas Gastritis.</li>\r\n 	<li style=\"font-weight: 400;\">In 1982, presented a paper infertile couple since 18 yrs Baby Girl born by Artificial Insemination of donor.</li>\r\n</ul>\r\n<p style=\"font-weight: 400;\"><strong>Language Known</strong>: English & Tamil</p>\r\n<p style=\"font-weight: 400;\"><strong>Media & Events</strong>:Presented Gynaecology topic in T.V</p>\r\n<p style=\"font-weight: 400;\"><strong>OPD Schedule</strong>:<span data-term=\"goog_1995116944\">Monday</span>to<span data-term=\"goog_1995116945\">Saturday10:30 AM - 2:00 PM</span></p>\r\n',18,'uploads/2018/05/13.jpg','500','1','drlakshmidevarajan@billrothhospitals.com','9841016674','123','116',1,1,'0000-00-00 00:00:00','000000000'),(99,'Dr. Kumaragurubaran','<strong>Designation</strong>: General Surgeon and Senior SurgicalGastroenterologist.\r\n\r\n<strong>Experience</strong>: 18 years\r\n\r\n<strong>Specialised Treatments / Area of Expertise</strong>:\r\n<ul>\r\n 	<li>Vast experience of more than 18 years in the field of Laparoscopic and gastro surgery. I have done thousands of Laparoscopic surgeries.</li>\r\n 	<li>Expert in Laparoscopic Hernia surgery, Laparoscopic Gall bladder surgery (cholecystectomy),Laparoscopicappendectomy,Major&Minor Laparoscopic Gastro surgeries and Bariatric surgery.</li>\r\n</ul>\r\n<strong>Professional Memberships</strong>:\r\n<ul>\r\n 	<li>Association of Surgeons of India.</li>\r\n 	<li>Indian Medical Association.</li>\r\n 	<li>Association of Minimal Access Surgeons of India.</li>\r\n 	<li>IndianAssociation of Gastro Endoscopic surgeon.</li>\r\n 	<li>Royal College of Surgeons of England.</li>\r\n</ul>\r\n<strong>Languages Known</strong>: Tamil, English, Hindi & Telugu\r\n\r\n<strong>Media & Events</strong> : Interviews in VIJAY TV, JAYA TV, WIN TV.\r\n\r\n<strong>OPD Schedule</strong>: Monday to Saturday Morning : 10:00 A.M -1:00 P.M , Evening : 7:00 P.M - 9:00 P.M',36,'uploads/2018/05/Dr.Kumaragurubaran-General-surgery-Surgical-Gastroenterology.jpg','500','1','drkumaragurubaran@billrothhospitals.com ','9840566049','123','117',1,1,'0000-00-00 00:00:00',NULL),(100,'Dr. U.Ilayaraja','<strong>Designation</strong>: Senior Interventional Cardiologist.\r\n\r\n<strong>Experience</strong>: 10 YRS\r\n\r\n<strong>Specialised Treatment/Area of expertise</strong>: CAG (Coronary Angiogram), PTCA, PTMC, PPI, EP Study.\r\n\r\n<strong>Professional Memberships</strong>: Cardiology Society of India, Indian Medical Association.\r\n\r\n<strong>Articles</strong> :\r\n<ul>\r\n 	<li>Electrophysiology in AR in Textbook of Echocardiography.</li>\r\n 	<li>Risk of Thromboembolism.</li>\r\n 	<li>Haemodynamic subsets of severe AR.</li>\r\n</ul>\r\n<strong>Languages Known</strong> : English,Tamil & Hindi.\r\n\r\n<strong>OPD Schedule</strong> : Monday to Saturday : Morning - 9:00 A.M -4:00 P.M , Evening : 6:00 P.M -7:00 P.M.',3,'uploads/2018/02/81.png','500','1','drilayaraja@billrothhospitals.com','9840925836','Doctor@123','118',1,1,'0000-00-00 00:00:00',NULL),(101,'Dr. Gowri Shankar','<strong>Designation</strong>: General Surgeon and Surgical Gastroenterologist.\r\n\r\n<strong>Experience</strong>: 14 Years\r\n\r\n<strong>Specialised Treatment/Area of expertise</strong>: Thyroid breast,Hernia,GI Surgeries, Laparoscopic advanced surgeries.\r\n\r\n<strong>Professional Memberships</strong>: Indian Medical Council,\r\n\r\nAssociation of surgeon of India, Royal college of surgeons, American college of surgeons, American college of GI Laparoscopic surgery, American college of Colorectal surgery.\r\n\r\n<strong>Language Known</strong>: English , Hindi & Tamil.\r\n\r\n<strong>OPD Schedule</strong>:Monday to Saturday10:00 A.M - 2:00 P.M , 6:30 P.M - 8:00 P.M',13,'uploads/2018/05/Dr.-Gowri-shankar-Surgical-Gastroenterology.jpg','500','2','','8220653511','123','119',2,1,'0000-00-00 00:00:00',NULL),(102,'Dr. A.Dorairajan','<strong>Consultant</strong>: Senior Orthopaedic Surgeon.\r\n\r\n<strong>Experience :</strong>27 Years.\r\n\r\n<strong>Specialised Treatment/Area of expertise</strong>: Arthroplasty, Arthroscopy, Trauma, Spine, Hand surgery & Paediatric Ortho in U.K.\r\n<ol>\r\n 	<li>Joint replacements</li>\r\n 	<li>Arthroscopy of Knee, shoulders</li>\r\n 	<li>Advanced Trauma and major fracture fixation including Pelvis</li>\r\n</ol>\r\n<strong>Professional memberships</strong>:\r\n<ul>\r\n 	<li>Life member in Indian orthopaedic association.</li>\r\n 	<li>Life member in Tamilnadu Orthopaedic association.</li>\r\n 	<li>Life member in Indian Arthroplasty association.</li>\r\n 	<li>Life member inIndian society of Hip/Knee surgeon.</li>\r\n 	<li>Life member in Indian Arthroscopic society.</li>\r\n 	<li>Life member in Indian Medical Association.</li>\r\n</ul>\r\n<strong>Articles</strong>: 2 papers in Arthroplasty in International Journals.\r\n\r\n<strong>Language Known</strong>: English and Tamil.\r\n\r\n<strong>OPD Schedule</strong>: Monday to Saturday 10:00 AM - 1:00 PM / 4:00 PM - 8:00PM',6,'uploads/2018/05/120.png','500','1','dorairajan@billrothhospitals.com','9790954533','123','120',1,1,'0000-00-00 00:00:00',NULL),(103,'Dr. Chakravarthi Alapati','<strong>Designation</strong>: Head of Department for Emergency & Critical care.\r\n<p style=\"font-weight: 400;\"><strong>Experience</strong>: 12 yrs</p>\r\n<p style=\"font-weight: 400;\"><strong>Specialised Treatments/Area of Expertise</strong>:Handling all emergencies, Haemodynamic malignancy & critically ill patients.</p>\r\n<p style=\"font-weight: 400;\"><strong>Professional memberships</strong>: ISCCM,ISA,IMA</p>\r\n<p style=\"font-weight: 400;\"><strong>Awards & Honors</strong>: Best outgoing student in MBBS.</p>\r\n<p style=\"font-weight: 400;\"><strong>Languages Known</strong>: Tamil, Telugu,Hindi & English</p>\r\n',28,'uploads/2018/03/92.png','500','2','','8220653511','123','121',1,1,'0000-00-00 00:00:00',NULL),(104,'Dr. C. Rajendran','<b>Designation</b>: Senior Physician.\r\n\r\n<strong>Experience</strong>: 40 yrs\r\n\r\n<strong>Specialised Treatments/Area of Expertise</strong>:General Medicine,Emergency Medicine & Toxicology.\r\n\r\n<strong>Professional memberships</strong>:\r\n<ul>\r\n 	<li>Tamilnadu Medical Council.</li>\r\n 	<li>Asia Pacific Association of Medical Toxicology.</li>\r\n 	<li>Association of British Insurers.</li>\r\n</ul>\r\n<strong>Languages Known</strong>: Tamil, Telugu,Malayalam,Hindi & English.\r\n\r\n<strong>Media & Events</strong> : Regular Participate in Tamil channels.\r\n\r\n<strong>OPD Schedule</strong>: Monday to Saturday Morning : 10:00 A.M - 1:00 P.M, Evening : 6:00-9:00 P.M\r\n\r\nOn Sunday : 11:00 -1:00 P.M',7,'uploads/2018/04/Dr.-C.-Rajendran-General-Medicine.jpg','500','2','','8220653511','123','122',1,1,'0000-00-00 00:00:00',NULL),(105,'Dr. Arunkumar Krishnaswamy','<b>Designation</b>: Cardiothoracic Surgeon.\r\n\r\n<strong>Experience</strong>: 6 yrs\r\n\r\n<strong>Specialised Treatments/Area of Expertise</strong>:\r\n<ul>\r\n 	<li>Off Pump Coronary Artery Bypass Surgery.</li>\r\n 	<li>Minimally Invasive Cardiac Surgery ( MICS).</li>\r\n 	<li>Pediatric Cardiac Surgery</li>\r\n 	<li>Thoracic Surgery.</li>\r\n 	<li>Valve Procedures.</li>\r\n 	<li>Heart Transplantation.</li>\r\n</ul>\r\n<strong>Professional memberships</strong>:\r\n<ul>\r\n 	<li>Indian Medical Association.</li>\r\n 	<li>Association of Surgeons of India.</li>\r\n 	<li>IndianAssociation ofCardiothoracicSurgeons .</li>\r\n 	<li>Pediatric Cardiac Society of India.</li>\r\n 	<li>Cardiological Society of India.</li>\r\n</ul>\r\n<strong>Awards & Honors</strong>:\r\n<ol>\r\n 	<li>Gold Medal in General Surgery ( MMC)</li>\r\n 	<li>Gold Medal - Prof Suseela Santhosham University.</li>\r\n 	<li>Medal From Chief Minister of Tamilnadu</li>\r\n 	<li>TED Award for Innovation in Cardiac Surgery - Stem Cell Therapy.</li>\r\n</ol>\r\n<strong>Articles</strong> : More than 20 articles related toPediatric Cardiac surgery. 2 ongoing prospective studies at Billroth hospitals.\r\n\r\n<strong>Languages Known</strong>: Tamil & English.\r\n\r\n<strong>OPD Schedule</strong>: Monday to Saturday - 4:00 P.M to 6:00 P.M',1,'uploads/2018/05/Dr.Arunkumar-Krishnaswamy-Cardio-Thoracic-surgeon.jpg','500','1','drarunkumarkrishnasamy@billrothhospitals.com','9840963257','123','123',1,1,'0000-00-00 00:00:00',NULL),(106,'Dr. Mohammad Ali','<b>Designation :</b> Medical Gastroenterologist & Interventional Endoscopist.\r\n\r\n<strong>Experience</strong>: 25 yrs\r\n\r\n<strong>Specialised Treatments/Area of Expertise</strong>: Therapeutic Gastro,Hepatobiliary and Pancreatic Endotheraphy.\r\n\r\n<strong>Professional memberships</strong>:\r\n<ul>\r\n 	<li>Indian Medical Association.</li>\r\n 	<li>Indian Society of Gastroenterology.</li>\r\n 	<li>Society of Gastrointestinal Endoscopy of India.</li>\r\n</ul>\r\nAwards & Honors : Life time Achievement award honouredat Dr.MGR Medical University.\r\n\r\n<strong>Languages Known</strong>: Tamil, Telugu ,Urdu,Hindi & English.\r\n\r\n<strong>OPD Schedule</strong>: Monday to Saturday 2:00 PM - 4:00 PM & Alternate Sunday 9:00 A.M to 11:00 A.M.',13,'uploads/2018/04/Dr.-Mohammad-Ali-Medical-Gastroenterology.jpg','500','2','','8220653511','123',NULL,2,1,'0000-00-00 00:00:00',NULL),(107,'Dr. Adarsh Surendranath','<strong>Designation</strong>: MedicalGastroenterologist.\r\n<p style=\"font-weight: 400;\"><strong>Experience</strong>:8 yrs</p>\r\n<p style=\"font-weight: 400;\"><strong>Specialised Treatment/Area of expertise</strong>: Pancreatology, IBD, HEPATOLOGY & Interventional Endoscopy.</p>\r\n<p style=\"font-weight: 400;\"><strong>Professional Memberships</strong>: Life member in Indian Society ofGastroenterologist.</p>\r\n<p style=\"font-weight: 400;\"><strong>Articles</strong>: Presented about 15 papers in NSI Conferences.</p>\r\n<p style=\"font-weight: 400;\"><strong>Language Known</strong>: English, Malayalam, Hindi & Tamil.</p>\r\n<p style=\"font-weight: 400;\"><strong>OPD Schedule</strong>:<span data-term=\"goog_1995116967\">Monday</span>to<span data-term=\"goog_1995116968\">Friday9:00 AM - 1:00 PM.</span></p>\r\n',13,'uploads/2018/05/4.jpg','500','1','','8220653511','123',NULL,2,1,'0000-00-00 00:00:00',NULL),(108,'Dr. Aparna Bhatnagar','<b>Designation</b>: Senior Ophthalmologist. Trauma,Orbit & Oculoplasty Surgeon.\r\n\r\n<strong>Experience</strong>: 15 yrs\r\n\r\n<strong>Specialised Treatments/Area of Expertise</strong>:\r\n<ul>\r\n 	<li>Eyelids & Lacrimal diseases.</li>\r\n 	<li>Eye & Orbit Tumors.</li>\r\n 	<li>Socket Reconstructions.</li>\r\n 	<li>Artificial Eyeshell Implantation.</li>\r\n 	<li>Eye trauma & Reconstruction.</li>\r\n 	<li>Ocular Plastic surgery.</li>\r\n 	<li>Aesthetics,Botox & Fillers.</li>\r\n</ul>\r\n<strong>Professional memberships</strong>:\r\n<ul>\r\n 	<li>American Academy of Ophthalmology(AAO).</li>\r\n 	<li>All India Ophthalmology Association ( AIOS).</li>\r\n 	<li>Oculoplasty Association of India ( OPAI).</li>\r\n 	<li>Delhi Ophthalmology Society ( DOS).</li>\r\n 	<li>WomenOphthalmology Society of India ( WOS)</li>\r\n</ul>\r\n<strong>Awards & Honors</strong>: Anand Chandawarkar award for best Outgoing P.G Student between 1999-2002,First in Annual Oculoplasty Conference National Quiz in 2008.\r\n\r\n<strong>Articles</strong> : Various International Journals. 2 Chapters ( One under Publication) in archives ofOphthalmology & dutta\'s modernOphthalmology. Reviewer for Indian Journal of Ophthalmology.\r\n\r\n<strong>Languages Known</strong>: Tamil, Hindi & English.\r\n\r\n<strong>Events</strong> : Participated in National & International conferences as National Faculty.\r\n\r\n<strong>OPD Schedule</strong>: Monday to Saturday - 10:00 A.M - 12:00 P.M',4,'uploads/2018/05/Dr.-Aparna-Bhatnagar-Opthalamology.png','500','2','aparna@billrothhospitals.com','9962447724','123','124',2,1,'0000-00-00 00:00:00',NULL),(109,'Dr. A.C Mani','<b>Designation</b>: Senior Urologists.\r\n\r\n<strong>Experience</strong>: 25 yrs\r\n\r\n<strong>Specialised Treatments/Area of Expertise</strong>: Endourology, Reconstructive urology.\r\n\r\n<strong>Professional memberships</strong>: TAMILNADU MEDICAL COUNCIL.\r\n\r\n<strong>Awards & Honors</strong>: Best outgoing student in MS, Best Outgoing student in Mch\r\n\r\n<strong>Languages Known</strong>: Tamil, Hindi & English\r\n\r\n<strong>OPD Schedule</strong>: Monday to Saturday 12:00 PM - 3:00 PM / 4:00 PM - 7:00 PM',23,'uploads/2018/05/2.jpg','500','2','','8220653511','123','125',1,1,'0000-00-00 00:00:00',NULL),(110,'_test_','<p>_test<br></p>',2,'uploads/doctors/1603456678.jpg','300','2','_test@gmail.co','8220653511','123','126',2,1,'0000-00-00 00:00:00','000000000'),(111,'ER Doctor','<p>Testing <br></p>',7,'uploads/doctors/1622886199.jpg','1.00','1','it.sathya@billrothhospitals.com','9884156324','Bill@123','132',2,1,'0000-00-00 00:00:00',NULL),(112,'Dr.Jeyanthi Kalanidhi','<p>Consultant pediatrician &amp; neonatologist, Cosmetologist. Practising for 25 years in pediatrics and newborn care, managing pediatric intensive care &amp; level 3 care in neonatology. Practising aesthetic medicine for skin, hair &amp; lasers over the last 3 years.<br></p>',20,'uploads/doctors/1623761325.jpg','500','1','drjeyanthikalanidhi@billrothhospitals.com','9840437380','202cb962ac59075b964b07152d234b70','135',1,1,'0000-00-00 00:00:00',NULL),(113,'Dr.GOGULA KRISHNAN.R','<p>Respiratory physician and is trained in interventions like bronchoscopy and thoracoscopy. He also has completed one year training in sleep medicine.</p><p>His special areas of interest includes airway diseases like Asthma, COPD and sleep medicine.</p><p>He is available for consultation at Billroth hospital shenoy nagar on all days except Sunday</p>',5,'uploads/doctors/1625206505.jpg','500','2','drgogulakrishnan@billrothhospitals.com','9944072610','202cb962ac59075b964b07152d234b70','139',2,1,'0000-00-00 00:00:00',NULL),(114,'Dr.Parathkumar','This Doctor was created for Test purposes. ',7,'uploads/doctors/1626066419.jpg','500','1','support@datasense.in','9840034544','202cb962ac59075b964b07152d234b70','147',2,1,'0000-00-00 00:00:00',NULL),(115,'Dr. Malathy.V DMRD., DNB.,','<p><b>Designation:</b> Senior Consultant. </p><p><b>Availability:</b>&nbsp;Monday to Saturday 09:00 AM - 5:00 PM<br></p>',22,'uploads/doctors/1629199429.jpg','0','2','it.sathya@billrothhospitals.com','09865789996','202cb962ac59075b964b07152d234b70','164',1,1,'0000-00-00 00:00:00',NULL),(116,'Dr.S.Saravanakumar DMRD., DNB.,','<p><b>Designation:</b>Senior Consultant. </p><p><b>Availability:</b>Monday to Saturday 12:00 AM - 8:00 PM<br></p>',22,'uploads/doctors/1629200240.jpg','0','2','gsathyaseelan89@gmail.com','8825596466','202cb962ac59075b964b07152d234b70','165',1,1,'0000-00-00 00:00:00',NULL),(117,'Dr. Tabitha Merium Sabu','<p>Total years of experience :8 years</p><p>Qualification </p><p>1. MBBS(CMC,Ludhiana) </p><p>2.MD (CMC, Ludhiana)</p><p>3. DNB</p><p>4.PG Diploma in Diabetes and Endocrinology (accredited to Royal college of Physicians, UK)</p><p>5.C. Diabetes.</p><p>She is Physician and Diabetologist with excellent experience in the field. Her interest and experience includes Infectious Diseases, Diabetes and Endocrinology and connective tissue disorders. </p><p>Articles :Prevalence of Hyponatremia in Tuberculosis and the incidence of adrenal insufficiency in hyponatremic patients. </p><p>OPD timing :Monday to Saturday 9 am to 4.30 p. m.</p><p>Languages known :Hindi, English, Tamil, Malayalam</p>',35,'uploads/doctors/1629359290.jpg','500','2','drtabithameriumsabu@billrothhospitals.com','8122122538','202cb962ac59075b964b07152d234b70','167',2,1,'0000-00-00 00:00:00',NULL),(118,'Dr Sankar Narayanan MS (Gen .Surgery),FIAGES,M,Ch.,(Surgical Gastro Enterology)','<p class=\"MsoListParagraphCxSpFirst\">Designation :  <b>Consultant(</b><b style=\"text-indent: 0.5in;\">GI Surgery, GI\r\nOncology and BariatricSurgery,</b><b>Minimal invasiveHepato-pancreato- biliary,\r\nColorectal and Esophago-gastric surgeon) </b><o:p> </o:p>Dr Sankar Narayanan is a super specialist surgeon in the field of\r\nSurgical gastroenterology. During and after graduation, has worked with\r\npioneers in the field of pancreatic and GI cancers, notably ASAN MEDICAL CENTER\r\n, Seoul , South Korea which is one of the worlds high volume centers for cancer\r\nsurgery With his earlier experience of working in Bangalore, Delhi NCR and\r\nJIPMER Puducherry, he is adept in handling general and complex gastrointestinal\r\nsurgeries and currently is also a part of the Billroth Liver transplantation\r\nunit.</p><p class=\"MsoNormal\"><o:p> </o:p>Services offered</p><p class=\"MsoNormal\"><o:p> </o:p><span style=\"text-indent: -0.25in; font-family: Symbol;\">·<span style=\"font-variant-numeric: normal; font-variant-east-asian: normal; font-stretch: normal; font-size: 7pt; line-height: normal; font-family: \" times=\"\" new=\"\" roman\";\"=\"\">        \r\n</span></span><span style=\"text-indent: -0.25in;\">GI Oncology – Upper GI (Esophago gastric\r\ncancers)</span></p><p class=\"MsoNormal\"><span style=\"text-indent: -0.25in;\"><br></span>HPB – Liver tumours, Pancreatic\r\ncancers and complex biliary procedures</p><p class=\"MsoNormal\">  Colorectal\r\ncancers</p><p class=\"MsoNormal\"><o:p> </o:p><span style=\"text-indent: -0.25in; font-family: Symbol;\">·<span style=\"font-variant-numeric: normal; font-variant-east-asian: normal; font-stretch: normal; font-size: 7pt; line-height: normal; font-family: \" times=\"\" new=\"\" roman\";\"=\"\">        \r\n</span></span><span style=\"text-indent: -0.25in;\">GI Surgery -   \r\nInflamatory Bowel disease (IBD)</span></p><p class=\"MsoNormal\">                                    Acute and Chronic pancreatitis</p><p class=\"MsoNormal\">                                    Stoma management</p><p class=\"MsoNormal\">                                    Splenectomy</p><p class=\"MsoNormal\">                                    Portal hypertension – shunt\r\nsurgeries</p><p class=\"MsoNormal\">                                    Biliary strictures</p><p class=\"MsoNormal\">                                    Cholecystectomy</p><p class=\"MsoNormal\">                                    Choledochal cyst</p><p class=\"MsoNormal\">                                    Hydatid cyst liver</p><p class=\"MsoNormal\">  Esophageal motility disorders like\r\nAchalasia cardia</p><p class=\"MsoNormal\">  Fissure and fistula in ano</p><p class=\"MsoNormal\">    Hemorrhoids</p><p class=\"MsoNormal\"><o:p> </o:p>Emergency procedures like\r\nAppendectomy, Intestinal obstruction</p><p class=\"MsoNormal\"><span style=\"text-indent: -0.25in; font-family: Symbol;\">·<span style=\"font-variant-numeric: normal; font-variant-east-asian: normal; font-stretch: normal; font-size: 7pt; line-height: normal; font-family: \" times=\"\" new=\"\" roman\";\"=\"\">        \r\n</span></span><span style=\"text-indent: -0.25in;\">Bariatric and metabolic surgery</span><br></p><p class=\"MsoNormal\"><o:p> </o:p>Apart from the routine clinical work, has published numerous\r\narticles in indexed journals and has participated in multiple both national and\r\ninternational forums. He believes in evidence-based practice and is ambitious\r\nto incorporate  robotics in the near\r\nfuture.</p>',13,'uploads/doctors/1645444476.jpg','500','2','','9940098986','202cb962ac59075b964b07152d234b70','226',2,1,'0000-00-00 00:00:00',NULL),(119,'Dr Sankar Narayanan MS (Gen .Surgery),FIAGES,M,Ch.,(Surgical Gastro Enterology)','<p class=\"MsoListParagraphCxSpFirst\" style=\"text-align: justify; \">Designation :&nbsp;&nbsp;<b>Consultant(</b><b style=\"text-indent: 0.5in;\">GI Surgery, GI\r\nOncology and BariatricSurgery,</b><b>Minimal invasiveHepato-pancreato- biliary,\r\nColorectal and Esophago-gastric surgeon)</b></p><p class=\"MsoNormal\" style=\"text-align: justify; \"><o:p>&nbsp;</o:p>Dr. Sankar Narayanan is a super-specialist surgeon in the field of\r\nSurgical gastroenterology. During and after graduation, has worked with\r\npioneers in the field of pancreatic and GI cancers, notably ASAN MEDICAL CENTER, Seoul, South Korea which is one of the world high volume centers for cancer\r\nsurgery With his earlier experience working in Bangalore, Delhi NCR, and\r\nJIPMER Puducherry, he is adept in handling general and complex gastrointestinal\r\nsurgeries and currently is also a part of the Billroth Liver transplantation\r\nunit.</p><p class=\"MsoNormal\"><o:p>&nbsp;</o:p>Services offered</p><p class=\"MsoNormal\" style=\"text-align: justify; \"><o:p>&nbsp;</o:p><span style=\"text-indent: -0.25in; font-family: Symbol;\">·<span style=\"font-variant-numeric: normal; font-variant-east-asian: normal; font-stretch: normal; font-size: 7pt; line-height: normal; font-family: \" times=\"\" new=\"\" roman\";\"=\"\">&nbsp;&nbsp;&nbsp;&nbsp;&nbsp;&nbsp;&nbsp;&nbsp;\r\n</span></span><span style=\"text-indent: -0.25in;\">GI Oncology – Upper GI (Esophago gastric\r\ncancers)</span></p><p class=\"MsoNormal\"><div style=\"text-align: justify;\"><br></div><div style=\"text-align: justify;\">HPB – Liver tumors, Pancreatic\r\ncancers, and complex biliary procedures</div></p><p class=\"MsoNormal\" style=\"text-align: justify; \">&nbsp; Colorectal\r\ncancers</p><p class=\"MsoNormal\" style=\"text-align: justify; \"><o:p>&nbsp;</o:p><span style=\"text-indent: -0.25in; font-family: Symbol;\">·<span style=\"font-variant-numeric: normal; font-variant-east-asian: normal; font-stretch: normal; font-size: 7pt; line-height: normal; font-family: \" times=\"\" new=\"\" roman\";\"=\"\">&nbsp;&nbsp;&nbsp;&nbsp;&nbsp;&nbsp;&nbsp;&nbsp;\r\n</span></span><span style=\"text-indent: -0.25in;\">GI Surgery -&nbsp;&nbsp;&nbsp;\r\nInflammatory Bowel disease (IBD)</span></p><p class=\"MsoNormal\" style=\"text-align: justify; \">&nbsp;&nbsp;&nbsp;&nbsp;&nbsp;&nbsp;&nbsp;&nbsp;&nbsp;&nbsp;&nbsp;&nbsp;&nbsp;&nbsp;&nbsp;&nbsp;&nbsp;&nbsp;&nbsp;&nbsp;&nbsp;&nbsp;&nbsp; &nbsp;&nbsp;&nbsp;&nbsp;&nbsp;&nbsp;&nbsp;&nbsp;&nbsp;&nbsp;&nbsp; Acute and Chronic pancreatitis</p><p class=\"MsoNormal\" style=\"text-align: justify; \">&nbsp;&nbsp;&nbsp;&nbsp;&nbsp;&nbsp;&nbsp;&nbsp;&nbsp;&nbsp;&nbsp;&nbsp;&nbsp;&nbsp;&nbsp;&nbsp;&nbsp;&nbsp;&nbsp;&nbsp;&nbsp;&nbsp;&nbsp; &nbsp;&nbsp;&nbsp;&nbsp;&nbsp;&nbsp;&nbsp;&nbsp;&nbsp;&nbsp;&nbsp; Stoma management</p><p class=\"MsoNormal\" style=\"text-align: justify; \">&nbsp;&nbsp;&nbsp;&nbsp;&nbsp;&nbsp;&nbsp;&nbsp;&nbsp;&nbsp;&nbsp;&nbsp;&nbsp;&nbsp;&nbsp;&nbsp;&nbsp;&nbsp;&nbsp;&nbsp;&nbsp;&nbsp;&nbsp; &nbsp;&nbsp;&nbsp;&nbsp;&nbsp;&nbsp;&nbsp;&nbsp;&nbsp;&nbsp;&nbsp; Splenectomy</p><p class=\"MsoNormal\" style=\"text-align: justify; \">&nbsp;&nbsp;&nbsp;&nbsp;&nbsp;&nbsp;&nbsp;&nbsp;&nbsp;&nbsp;&nbsp;&nbsp;&nbsp;&nbsp;&nbsp;&nbsp;&nbsp;&nbsp;&nbsp;&nbsp;&nbsp;&nbsp;&nbsp; &nbsp;&nbsp;&nbsp;&nbsp;&nbsp;&nbsp;&nbsp;&nbsp;&nbsp;&nbsp;&nbsp; Portal hypertension – shunt\r\nsurgeries</p><p class=\"MsoNormal\" style=\"text-align: justify; \">&nbsp;&nbsp;&nbsp;&nbsp;&nbsp;&nbsp;&nbsp;&nbsp;&nbsp;&nbsp;&nbsp;&nbsp;&nbsp;&nbsp;&nbsp;&nbsp;&nbsp;&nbsp;&nbsp;&nbsp;&nbsp;&nbsp;&nbsp; &nbsp;&nbsp;&nbsp;&nbsp;&nbsp;&nbsp;&nbsp;&nbsp;&nbsp;&nbsp;&nbsp; Biliary strictures</p><p class=\"MsoNormal\" style=\"text-align: justify; \">&nbsp;&nbsp;&nbsp;&nbsp;&nbsp;&nbsp;&nbsp;&nbsp;&nbsp;&nbsp;&nbsp;&nbsp;&nbsp;&nbsp;&nbsp;&nbsp;&nbsp;&nbsp;&nbsp;&nbsp;&nbsp;&nbsp;&nbsp; &nbsp;&nbsp;&nbsp;&nbsp;&nbsp;&nbsp;&nbsp;&nbsp;&nbsp;&nbsp;&nbsp; Cholecystectomy</p><p class=\"MsoNormal\" style=\"text-align: justify; \">&nbsp;&nbsp;&nbsp;&nbsp;&nbsp;&nbsp;&nbsp;&nbsp;&nbsp;&nbsp;&nbsp;&nbsp;&nbsp;&nbsp;&nbsp;&nbsp;&nbsp;&nbsp;&nbsp;&nbsp;&nbsp;&nbsp;&nbsp; &nbsp;&nbsp;&nbsp;&nbsp;&nbsp;&nbsp;&nbsp;&nbsp;&nbsp;&nbsp;&nbsp; Choledochal cyst</p><p class=\"MsoNormal\" style=\"text-align: justify; \">&nbsp;&nbsp;&nbsp;&nbsp;&nbsp;&nbsp;&nbsp;&nbsp;&nbsp;&nbsp;&nbsp;&nbsp;&nbsp;&nbsp;&nbsp;&nbsp;&nbsp;&nbsp;&nbsp;&nbsp;&nbsp;&nbsp;&nbsp; &nbsp;&nbsp;&nbsp;&nbsp;&nbsp;&nbsp;&nbsp;&nbsp;&nbsp;&nbsp;&nbsp; Hydatid cyst liver</p><p class=\"MsoNormal\">&nbsp;&nbsp;Esophageal motility disorders like\r\nAchalasia cardia</p><p class=\"MsoNormal\">&nbsp; Fissure and fistula in ano</p><p class=\"MsoNormal\">&nbsp; Hemorrhoids</p><p class=\"MsoNormal\"><o:p>&nbsp;</o:p>Emergency procedures like\r\nAppendectomy, Intestinal obstruction</p><p class=\"MsoNormal\">&nbsp; <span style=\"text-indent: -0.25in; font-family: Symbol;\">·</span><span style=\"text-indent: -0.25in;\">Bariatric and metabolic surgery</span></p><p class=\"MsoNormal\"><o:p>&nbsp;</o:p>Apart from routine clinical work, has published numerous\r\narticles in indexed journals and has participated in multiple both national and\r\ninternational forums. He believes in evidence-based practice and is ambitious\r\nto incorporate  robotics in the near\r\nfuture.</p>',13,'uploads/doctors/1645444675.jpg','500','2','','9940098986','202cb962ac59075b964b07152d234b70','227',1,1,'0000-00-00 00:00:00',NULL),(120,'DR.P.AMAL JOHNSON ','<p><span style=\"font-weight: bolder;\">Designation: </span>Consultant Interventional pulmonologist in Billroth Hospitals, Shenoy Nagar, Chennai </p><p>Completed postgraduate training in Apollo Hospitals, Greams Road, Chennai <br></p><p>Numerous recognitions and Publications in indexed journals.<br></p><p>Areas of interest: Obstructive airways diseases, lung infections, and ILD.<br></p>',5,'uploads/doctors/1670821995.jpg','500','1','','7402082552','202cb962ac59075b964b07152d234b70','275',2,1,'0000-00-00 00:00:00',NULL),(121,'DR.P.AMAL JOHNSON ','<p><span style=\"font-weight: bolder;\">Designation:&nbsp;</span>Consultant Interventional pulmonologist in Billroth Hospitals, Shenoy Nagar, Chennai&nbsp;</p><p>Completed postgraduate training in Apollo Hospitals, Greams Road, Chennai&nbsp;<br></p><p>Numerous recognitions and Publications in indexed journals.<br></p><p>Areas of interest: Obstructive airways diseases, lung infections, and ILD.</p><p><br></p><p><span style=\"font-weight: bolder;\">OPD Schedule</span>: Monday to Saturday - Morning: 10:00 am to 1:00 pm,&nbsp; Evening: 3:00 pm TO 5:00 pm<br></p>',5,'uploads/doctors/1670822744.jpg','500','1','','7402082552','202cb962ac59075b964b07152d234b70','276',1,1,'0000-00-00 00:00:00',NULL);

--
-- Table structure for table `ds_doctor_review`
--

CREATE TABLE `ds_doctor_review` (
  `doctor_review_id` int(11) NOT NULL AUTO_INCREMENT,
  `doctor_id` int(11) DEFAULT NULL,
  `doctor_name` varchar(64) DEFAULT NULL,
  `customer_id` int(11) DEFAULT NULL,
  `customer_name` varchar(64) DEFAULT NULL,
  `email_id` varchar(128) DEFAULT NULL,
  `website_link` varchar(64) DEFAULT NULL,
  `comment` text,
  PRIMARY KEY (`doctor_review_id`)
) ENGINE=InnoDB AUTO_INCREMENT=10 DEFAULT CHARSET=utf8;

--
-- Dumping data for table `ds_doctor_review`
--

INSERT INTO `ds_doctor_review` VALUES (1,1,'Dr. Adarsh Surendranath',1,'Mari Test','mar1@gmail.com','billroth.com','comments fields'),(2,2,'Dr. Mohammad Ali',1,'Mari Test','mari@gmail.com','billroth.com','comments fields'),(3,22,'Dr. R. Ananthabhaskar',1,'Mari Test','mari@gmail.com','billroth.com','comments fields'),(4,2,'Dr. Mohammad Ali',1,'Mari Test','mari@gmail.com','billroth.com','comments fields'),(5,2,'Dr. Mohammad Ali',1,'Mari Test','mari@gmail.com','billroth.com','comments fields'),(6,2,'Dr. Mohammad Ali',1,'Mari Test','mari@gmail.com','billroth.com','comments fields'),(7,2,'Dr. Mohammad Ali',1,'Mari Test','mari@gmail.com','billroth.com','comments fields'),(8,2,'Dr. Mohammad Ali',1,'Mari Test','mari@gmail.com','billroth.com','comments fields'),(9,2,'Dr. Mohammad Ali',1,'Mari Test','mari@gmail.com','billroth.com','comments fields');

--
-- Table structure for table `ds_doctor_working_schedule`
--

CREATE TABLE `ds_doctor_working_schedule` (
  `schedule_id` int(11) NOT NULL AUTO_INCREMENT,
  `doctor_id` int(11) NOT NULL,
  `time_status` int(11) NOT NULL DEFAULT '1',
  `appointment_date` date DEFAULT NULL,
  `day_value` text,
  `appointment_day` varchar(50) DEFAULT NULL,
  `doctor_name` text,
  `checkup_name` text,
  `working_time` text,
  `weekofdays` text,
  `status` int(11) NOT NULL DEFAULT '1',
  `deleted` int(11) NOT NULL DEFAULT '1',
  `createdate` varchar(50) DEFAULT NULL,
  PRIMARY KEY (`schedule_id`)
) ENGINE=InnoDB AUTO_INCREMENT=88 DEFAULT CHARSET=utf8;

--
-- Dumping data for table `ds_doctor_working_schedule`
--

INSERT INTO `ds_doctor_working_schedule` VALUES (1,1,5,NULL,'1','Sunday','Dr. Adarsh Surendranath.','','',NULL,2,1,'05-03-2021 15:13:40'),(2,1,2,NULL,'2','Monday','Dr. Adarsh Surendranath.','','',NULL,2,1,'05-03-2021 15:13:40'),(3,1,2,NULL,'3','Tuesday','Dr. Adarsh Surendranath.','','',NULL,2,1,'05-03-2021 15:13:40'),(4,1,2,NULL,'4','Wednesday','Dr. Adarsh Surendranath.','','',NULL,2,1,'05-03-2021 15:13:40'),(5,1,2,NULL,'5','Thursday','Dr. Adarsh Surendranath.','','',NULL,2,1,'05-03-2021 15:13:40'),(6,1,2,NULL,'6','Friday','Dr. Adarsh Surendranath.','','',NULL,2,1,'05-03-2021 15:13:40'),(7,1,2,NULL,'7','Saturday','Dr. Adarsh Surendranath.','','',NULL,2,1,'05-03-2021 15:13:40'),(8,2,5,NULL,'1','Sunday','Dr. Mohammad Ali','','',NULL,1,1,'14-04-2021 11:26:31'),(9,2,1,NULL,'7','Saturday','Dr. Mohammad Ali','','',NULL,1,1,'15-05-2021 14:17:12'),(10,7,2,NULL,'1','Sunday','Dr. S. M. Sivaraj','',NULL,NULL,1,1,'29-05-2021 10:02:20'),(11,7,2,NULL,'2','Monday','Dr. S. M. Sivaraj','',NULL,NULL,1,1,'29-05-2021 10:02:20'),(12,7,2,NULL,'3','Tuesday','Dr. S. M. Sivaraj','',NULL,NULL,1,1,'29-05-2021 10:02:20'),(13,7,1,NULL,'4','Wednesday','Dr. S. M. Sivaraj','',NULL,NULL,1,1,'29-05-2021 10:02:20'),(14,7,1,NULL,'5','Thursday','Dr. S. M. Sivaraj','',NULL,NULL,1,1,'29-05-2021 10:02:20'),(15,7,1,NULL,'6','Friday','Dr. S. M. Sivaraj','',NULL,NULL,1,1,'29-05-2021 10:02:20'),(16,7,1,NULL,'7','Saturday','Dr. S. M. Sivaraj','',NULL,NULL,1,1,'29-05-2021 10:02:20'),(17,99,1,NULL,'1','Sunday','Dr. Kumaragurubaran','',NULL,NULL,1,1,'29-05-2021 11:50:45'),(18,99,1,NULL,'2','Monday','Dr. Kumaragurubaran','',NULL,NULL,1,1,'29-05-2021 11:50:45'),(19,99,1,NULL,'3','Tuesday','Dr. Kumaragurubaran','',NULL,NULL,1,1,'29-05-2021 11:50:45'),(20,99,1,NULL,'4','Wednesday','Dr. Kumaragurubaran','',NULL,NULL,1,1,'29-05-2021 11:50:45'),(21,99,1,NULL,'5','Thursday','Dr. Kumaragurubaran','',NULL,NULL,1,1,'29-05-2021 11:50:45'),(22,99,1,NULL,'6','Friday','Dr. Kumaragurubaran','',NULL,NULL,1,1,'29-05-2021 11:50:45'),(23,99,1,NULL,'7','Saturday','Dr. Kumaragurubaran','',NULL,NULL,1,1,'29-05-2021 11:50:45'),(24,111,1,NULL,'2','Monday','ER Doctor','Testing',NULL,NULL,1,1,'05-06-2021 15:16:18'),(25,111,1,NULL,'3','Tuesday','ER Doctor','Testing',NULL,NULL,1,1,'05-06-2021 15:16:18'),(26,111,1,NULL,'4','Wednesday','ER Doctor','Testing',NULL,NULL,1,1,'05-06-2021 15:16:18'),(27,111,1,NULL,'5','Thursday','ER Doctor','Testing',NULL,NULL,1,1,'05-06-2021 15:16:18'),(28,111,1,NULL,'6','Friday','ER Doctor','Testing',NULL,NULL,1,1,'05-06-2021 15:16:18'),(29,111,1,NULL,'7','Saturday','ER Doctor','Testing',NULL,NULL,1,1,'05-06-2021 15:16:18'),(30,111,1,NULL,'1','Sunday','ER Doctor','Testing',NULL,NULL,1,1,'05-06-2021 15:22:26'),(31,100,1,NULL,'2','Monday','Dr. U.Ilayaraja','',NULL,NULL,1,1,'16-06-2021 13:30:02'),(32,100,5,NULL,'3','Tuesday','Dr. U.Ilayaraja','',NULL,NULL,1,1,'16-06-2021 13:30:02'),(33,100,1,NULL,'4','Wednesday','Dr. U.Ilayaraja','',NULL,NULL,1,1,'16-06-2021 13:30:02'),(34,100,1,NULL,'5','Thursday','Dr. U.Ilayaraja','',NULL,NULL,1,1,'16-06-2021 13:30:02'),(35,100,1,NULL,'6','Friday','Dr. U.Ilayaraja','',NULL,NULL,1,1,'16-06-2021 13:30:02'),(36,100,1,NULL,'7','Saturday','Dr. U.Ilayaraja','',NULL,NULL,1,1,'16-06-2021 13:30:02'),(37,113,1,NULL,'6','Friday','Dr.GOGULA KRISHNAN.R','',NULL,NULL,1,1,'02-07-2021 11:46:31'),(38,16,1,NULL,'7','Saturday','Dr. J.Pablo Neruda','',NULL,NULL,1,1,'09-07-2021 18:01:46'),(39,114,2,NULL,'1','Sunday','Dr.Parathkumar','',NULL,NULL,1,1,'12-07-2021 10:49:28'),(40,114,2,NULL,'2','Monday','Dr.Parathkumar','',NULL,NULL,1,1,'12-07-2021 10:49:28'),(41,114,2,NULL,'3','Tuesday','Dr.Parathkumar','',NULL,NULL,1,1,'12-07-2021 10:49:28'),(42,114,2,NULL,'4','Wednesday','Dr.Parathkumar','',NULL,NULL,1,1,'12-07-2021 10:49:28'),(43,114,2,NULL,'5','Thursday','Dr.Parathkumar','',NULL,NULL,1,1,'12-07-2021 10:49:28'),(44,114,2,NULL,'6','Friday','Dr.Parathkumar','',NULL,NULL,1,1,'12-07-2021 10:49:28'),(45,114,1,NULL,'7','Saturday','Dr.Parathkumar','',NULL,NULL,1,1,'12-07-2021 10:49:28'),(46,108,1,NULL,'2','Monday','Dr. Aparna Bhatnagar','',NULL,NULL,1,1,'17-07-2021 11:34:32'),(47,108,1,NULL,'3','Tuesday','Dr. Aparna Bhatnagar','',NULL,NULL,1,1,'17-07-2021 11:34:32'),(48,108,1,NULL,'4','Wednesday','Dr. Aparna Bhatnagar','',NULL,NULL,1,1,'17-07-2021 11:34:32'),(49,108,1,NULL,'5','Thursday','Dr. Aparna Bhatnagar','',NULL,NULL,1,1,'17-07-2021 11:34:32'),(50,108,1,NULL,'6','Friday','Dr. Aparna Bhatnagar','',NULL,NULL,1,1,'17-07-2021 11:34:32'),(51,105,1,NULL,'2','Monday','Dr. Arunkumar Krishnaswamy','',NULL,NULL,1,1,'17-07-2021 11:38:04'),(52,105,1,NULL,'3','Tuesday','Dr. Arunkumar Krishnaswamy','',NULL,NULL,1,1,'17-07-2021 11:38:04'),(53,105,1,NULL,'4','Wednesday','Dr. Arunkumar Krishnaswamy','',NULL,NULL,1,1,'17-07-2021 11:38:04'),(54,105,1,NULL,'5','Thursday','Dr. Arunkumar Krishnaswamy','',NULL,NULL,1,1,'17-07-2021 11:38:04'),(55,105,1,NULL,'6','Friday','Dr. Arunkumar Krishnaswamy','',NULL,NULL,1,1,'17-07-2021 11:38:04'),(56,89,1,NULL,'2','Monday','Dr. Balaji Saibaba','',NULL,NULL,1,1,'17-07-2021 11:40:23'),(57,89,1,NULL,'3','Tuesday','Dr. Balaji Saibaba','',NULL,NULL,1,1,'17-07-2021 11:40:23'),(58,89,1,NULL,'4','Wednesday','Dr. Balaji Saibaba','',NULL,NULL,1,1,'17-07-2021 11:40:23'),(59,89,1,NULL,'5','Thursday','Dr. Balaji Saibaba','',NULL,NULL,1,1,'17-07-2021 11:40:23'),(60,89,1,NULL,'6','Friday','Dr. Balaji Saibaba','',NULL,NULL,1,1,'17-07-2021 11:40:23'),(61,89,1,NULL,'7','Saturday','Dr. Balaji Saibaba','',NULL,NULL,1,1,'17-07-2021 11:40:23'),(62,54,1,NULL,'2','Monday','Dr. R.Deepak','',NULL,NULL,1,1,'17-07-2021 11:43:13'),(63,54,1,NULL,'3','Tuesday','Dr. R.Deepak','',NULL,NULL,1,1,'17-07-2021 11:43:13'),(64,54,1,NULL,'4','Wednesday','Dr. R.Deepak','',NULL,NULL,1,1,'17-07-2021 11:43:13'),(65,54,1,NULL,'5','Thursday','Dr. R.Deepak','',NULL,NULL,1,1,'17-07-2021 11:43:13'),(66,54,1,NULL,'6','Friday','Dr. R.Deepak','',NULL,NULL,1,1,'17-07-2021 11:43:13'),(67,54,1,NULL,'7','Saturday','Dr. R.Deepak','',NULL,NULL,1,1,'17-07-2021 11:43:13'),(68,24,3,NULL,'2','Monday','Dr. Dhivya Narasimban','',NULL,NULL,1,1,'17-07-2021 15:11:02'),(69,24,3,NULL,'3','Tuesday','Dr. Dhivya Narasimban','',NULL,NULL,1,1,'17-07-2021 15:11:02'),(70,24,5,NULL,'4','Wednesday','Dr. Dhivya Narasimban','',NULL,NULL,1,1,'17-07-2021 15:11:02'),(71,24,5,NULL,'5','Thursday','Dr. Dhivya Narasimban','',NULL,NULL,1,1,'17-07-2021 15:11:02'),(72,24,5,NULL,'6','Friday','Dr. Dhivya Narasimban','',NULL,NULL,1,1,'17-07-2021 15:11:02'),(73,24,5,NULL,'7','Saturday','Dr. Dhivya Narasimban','',NULL,NULL,1,1,'17-07-2021 15:11:02'),(74,39,1,NULL,'2','Monday','Dr. Divya B','',NULL,NULL,1,1,'17-07-2021 15:22:09'),(75,39,1,NULL,'3','Tuesday','Dr. Divya B','',NULL,NULL,1,1,'17-07-2021 15:22:09'),(76,39,1,NULL,'4','Wednesday','Dr. Divya B','',NULL,NULL,1,1,'17-07-2021 15:22:09'),(77,39,1,NULL,'5','Thursday','Dr. Divya B','',NULL,NULL,1,1,'17-07-2021 15:22:09'),(78,39,1,NULL,'6','Friday','Dr. Divya B','',NULL,NULL,1,1,'17-07-2021 15:22:09'),(79,39,1,NULL,'7','Saturday','Dr. Divya B','',NULL,NULL,1,1,'17-07-2021 15:22:09'),(80,102,1,NULL,'2','Monday','Dr. A.Dorairajan','',NULL,NULL,1,1,'17-07-2021 15:27:49'),(81,102,1,NULL,'3','Tuesday','Dr. A.Dorairajan','',NULL,NULL,1,1,'17-07-2021 15:27:49'),(82,102,1,NULL,'4','Wednesday','Dr. A.Dorairajan','',NULL,NULL,1,1,'17-07-2021 15:27:49'),(83,102,1,NULL,'5','Thursday','Dr. A.Dorairajan','',NULL,NULL,1,1,'17-07-2021 15:27:49'),(84,102,1,NULL,'6','Friday','Dr. A.Dorairajan','',NULL,NULL,1,1,'17-07-2021 15:27:49'),(85,102,1,NULL,'7','Saturday','Dr. A.Dorairajan','',NULL,NULL,1,1,'17-07-2021 15:27:49'),(86,44,1,NULL,'2','Monday','Dr. Jayaraman','',NULL,NULL,1,1,'21-07-2021 15:52:00'),(87,44,1,NULL,'7','Saturday','Dr. Jayaraman','',NULL,NULL,1,1,'21-07-2021 15:52:00');

--
-- Table structure for table `ds_doctor_working_slots`
--

CREATE TABLE `ds_doctor_working_slots` (
  `slot_id` int(11) NOT NULL AUTO_INCREMENT,
  `schedule_id` int(11) DEFAULT NULL,
  `doctor_id` int(11) DEFAULT NULL,
  `appointment_date` date DEFAULT NULL,
  `day_value` text,
  `appointment_day` varchar(50) DEFAULT NULL,
  `slot_time` varchar(50) DEFAULT NULL,
  `status` int(11) NOT NULL DEFAULT '1',
  PRIMARY KEY (`slot_id`)
) ENGINE=InnoDB AUTO_INCREMENT=855 DEFAULT CHARSET=utf8;

--
-- Dumping data for table `ds_doctor_working_slots`
--

INSERT INTO `ds_doctor_working_slots` VALUES (1,1,1,NULL,'1','Sunday','06:00',1),(2,1,1,NULL,'1','Sunday','06:30',1),(3,1,1,NULL,'1','Sunday','07:00',1),(4,1,1,NULL,'1','Sunday','07:30',1),(5,1,1,NULL,'1','Sunday','08:00',1),(6,1,1,NULL,'1','Sunday','08:30',1),(7,1,1,NULL,'1','Sunday','09:00',1),(8,1,1,NULL,'1','Sunday','09:30',1),(9,1,1,NULL,'1','Sunday','10:00',1),(10,1,1,NULL,'1','Sunday','10:30',1),(11,1,1,NULL,'1','Sunday','11:00',1),(12,2,1,NULL,'2','Monday','06:00',1),(13,2,1,NULL,'2','Monday','06:30',1),(14,2,1,NULL,'2','Monday','07:00',1),(15,2,1,NULL,'2','Monday','07:30',1),(16,2,1,NULL,'2','Monday','08:00',1),(17,2,1,NULL,'2','Monday','08:30',1),(18,2,1,NULL,'2','Monday','09:00',1),(19,2,1,NULL,'2','Monday','09:30',1),(20,2,1,NULL,'2','Monday','10:00',1),(21,2,1,NULL,'2','Monday','10:30',1),(22,2,1,NULL,'2','Monday','11:00',1),(23,2,1,NULL,'2','Monday','11:30',2),(24,2,1,NULL,'2','Monday','12:00',1),(25,2,1,NULL,'2','Monday','12:30',1),(26,2,1,NULL,'2','Monday','13:00',1),(27,2,1,NULL,'2','Monday','13:30',1),(28,2,1,NULL,'2','Monday','14:00',1),(29,2,1,NULL,'2','Monday','14:30',4),(30,2,1,NULL,'2','Monday','15:00',1),(31,2,1,NULL,'2','Monday','15:30',1),(32,2,1,NULL,'2','Monday','16:00',1),(33,2,1,NULL,'2','Monday','16:30',1),(34,2,1,NULL,'2','Monday','17:00',1),(35,2,1,NULL,'2','Monday','17:30',1),(36,2,1,NULL,'2','Monday','18:00',1),(37,2,1,NULL,'2','Monday','18:30',1),(38,2,1,NULL,'2','Monday','19:00',1),(39,3,1,NULL,'3','Tuesday','06:00',1),(40,3,1,NULL,'3','Tuesday','06:30',1),(41,3,1,NULL,'3','Tuesday','07:00',1),(42,3,1,NULL,'3','Tuesday','07:30',1),(43,3,1,NULL,'3','Tuesday','08:00',1),(44,3,1,NULL,'3','Tuesday','08:30',1),(45,3,1,NULL,'3','Tuesday','09:00',1),(46,3,1,NULL,'3','Tuesday','09:30',1),(47,3,1,NULL,'3','Tuesday','10:00',2),(48,3,1,NULL,'3','Tuesday','10:30',1),(49,3,1,NULL,'3','Tuesday','11:00',1),(50,3,1,NULL,'3','Tuesday','11:30',1),(51,3,1,NULL,'3','Tuesday','12:00',1),(52,3,1,NULL,'3','Tuesday','12:30',1),(53,3,1,NULL,'3','Tuesday','13:00',1),(54,3,1,NULL,'3','Tuesday','13:30',1),(55,3,1,NULL,'3','Tuesday','14:00',1),(56,3,1,NULL,'3','Tuesday','14:30',4),(57,3,1,NULL,'3','Tuesday','15:00',4),(58,3,1,NULL,'3','Tuesday','15:30',1),(59,3,1,NULL,'3','Tuesday','16:00',1),(60,3,1,NULL,'3','Tuesday','16:30',1),(61,3,1,NULL,'3','Tuesday','17:00',4),(62,3,1,NULL,'3','Tuesday','17:30',4),(63,3,1,NULL,'3','Tuesday','18:00',1),(64,3,1,NULL,'3','Tuesday','18:30',1),(65,3,1,NULL,'3','Tuesday','19:00',4),(66,3,1,NULL,'3','Tuesday','19:30',1),(67,3,1,NULL,'3','Tuesday','20:00',1),(68,3,1,NULL,'3','Tuesday','20:30',1),(69,3,1,NULL,'3','Tuesday','21:00',1),(70,4,1,NULL,'4','Wednesday','07:30',1),(71,4,1,NULL,'4','Wednesday','08:00',1),(72,4,1,NULL,'4','Wednesday','08:30',1),(73,4,1,NULL,'4','Wednesday','09:00',1),(74,4,1,NULL,'4','Wednesday','09:30',1),(75,4,1,NULL,'4','Wednesday','10:00',1),(76,4,1,NULL,'4','Wednesday','10:30',1),(77,4,1,NULL,'4','Wednesday','11:00',1),(78,4,1,NULL,'4','Wednesday','11:30',1),(79,4,1,NULL,'4','Wednesday','12:00',1),(80,4,1,NULL,'4','Wednesday','12:30',1),(81,4,1,NULL,'4','Wednesday','13:00',2),(82,4,1,NULL,'4','Wednesday','13:30',1),(83,4,1,NULL,'4','Wednesday','14:00',1),(84,4,1,NULL,'4','Wednesday','14:30',1),(85,4,1,NULL,'4','Wednesday','15:00',1),(86,4,1,NULL,'4','Wednesday','15:30',1),(87,4,1,NULL,'4','Wednesday','16:00',1),(88,4,1,NULL,'4','Wednesday','16:30',1),(89,4,1,NULL,'4','Wednesday','17:00',1),(90,4,1,NULL,'4','Wednesday','17:30',1),(91,4,1,NULL,'4','Wednesday','18:00',1),(92,4,1,NULL,'4','Wednesday','18:30',1),(93,4,1,NULL,'4','Wednesday','19:00',1),(94,4,1,NULL,'4','Wednesday','19:30',1),(95,4,1,NULL,'4','Wednesday','20:00',1),(96,4,1,NULL,'4','Wednesday','20:30',1),(97,4,1,NULL,'4','Wednesday','21:00',4),(98,4,1,NULL,'4','Wednesday','21:30',1),(99,4,1,NULL,'4','Wednesday','22:00',1),(100,4,1,NULL,'4','Wednesday','22:30',1),(101,4,1,NULL,'4','Wednesday','23:00',1),(102,5,1,NULL,'5','Thursday','10:30',1),(103,5,1,NULL,'5','Thursday','11:00',1),(104,5,1,NULL,'5','Thursday','11:30',1),(105,5,1,NULL,'5','Thursday','12:00',1),(106,5,1,NULL,'5','Thursday','12:30',1),(107,5,1,NULL,'5','Thursday','13:00',1),(108,5,1,NULL,'5','Thursday','13:30',4),(109,5,1,NULL,'5','Thursday','14:00',4),(110,5,1,NULL,'5','Thursday','14:30',4),(111,5,1,NULL,'5','Thursday','15:00',4),(112,5,1,NULL,'5','Thursday','15:30',1),(113,5,1,NULL,'5','Thursday','16:00',1),(114,5,1,NULL,'5','Thursday','16:30',2),(115,5,1,NULL,'5','Thursday','17:00',1),(116,5,1,NULL,'5','Thursday','17:30',1),(117,5,1,NULL,'5','Thursday','18:00',1),(118,5,1,NULL,'5','Thursday','18:30',1),(119,5,1,NULL,'5','Thursday','19:00',1),(120,5,1,NULL,'5','Thursday','19:30',1),(121,5,1,NULL,'5','Thursday','20:00',1),(122,5,1,NULL,'5','Thursday','20:30',1),(123,5,1,NULL,'5','Thursday','21:00',1),(124,5,1,NULL,'5','Thursday','21:30',1),(125,5,1,NULL,'5','Thursday','22:00',1),(126,5,1,NULL,'5','Thursday','22:30',1),(127,5,1,NULL,'5','Thursday','23:00',1),(128,5,1,NULL,'5','Thursday','23:30',1),(129,6,1,NULL,'6','Friday','10:00',1),(130,6,1,NULL,'6','Friday','10:30',1),(131,6,1,NULL,'6','Friday','11:00',1),(132,6,1,NULL,'6','Friday','11:30',1),(133,6,1,NULL,'6','Friday','12:00',1),(134,6,1,NULL,'6','Friday','12:30',1),(135,6,1,NULL,'6','Friday','13:00',1),(136,6,1,NULL,'6','Friday','13:30',1),(137,6,1,NULL,'6','Friday','14:00',1),(138,6,1,NULL,'6','Friday','14:30',1),(139,6,1,NULL,'6','Friday','15:00',1),(140,6,1,NULL,'6','Friday','15:30',1),(141,6,1,NULL,'6','Friday','16:00',1),(142,6,1,NULL,'6','Friday','16:30',1),(143,6,1,NULL,'6','Friday','17:00',1),(144,6,1,NULL,'6','Friday','17:30',2),(145,6,1,NULL,'6','Friday','18:00',1),(146,6,1,NULL,'6','Friday','18:30',1),(147,6,1,NULL,'6','Friday','19:00',1),(148,6,1,NULL,'6','Friday','19:30',1),(149,6,1,NULL,'6','Friday','20:00',1),(150,6,1,NULL,'6','Friday','20:30',1),(151,6,1,NULL,'6','Friday','21:00',1),(152,7,1,NULL,'7','Saturday','08:30',1),(153,7,1,NULL,'7','Saturday','09:00',1),(154,7,1,NULL,'7','Saturday','09:30',1),(155,7,1,NULL,'7','Saturday','10:00',1),(156,7,1,NULL,'7','Saturday','10:30',1),(157,7,1,NULL,'7','Saturday','11:00',1),(158,7,1,NULL,'7','Saturday','11:30',1),(159,7,1,NULL,'7','Saturday','12:00',1),(160,7,1,NULL,'7','Saturday','12:30',1),(161,7,1,NULL,'7','Saturday','13:00',1),(162,7,1,NULL,'7','Saturday','13:30',1),(163,7,1,NULL,'7','Saturday','14:00',1),(164,7,1,NULL,'7','Saturday','14:30',1),(165,7,1,NULL,'7','Saturday','15:00',2),(166,7,1,NULL,'7','Saturday','15:30',1),(167,7,1,NULL,'7','Saturday','16:00',2),(168,7,1,NULL,'7','Saturday','16:30',1),(169,7,1,NULL,'7','Saturday','17:00',1),(170,7,1,NULL,'7','Saturday','17:30',1),(171,7,1,NULL,'7','Saturday','18:00',1),(172,7,1,NULL,'7','Saturday','18:30',1),(173,7,1,NULL,'7','Saturday','19:00',1),(174,7,1,NULL,'7','Saturday','19:30',1),(175,7,1,NULL,'7','Saturday','20:00',1),(176,7,1,NULL,'7','Saturday','20:30',1),(177,7,1,NULL,'7','Saturday','21:00',1),(178,7,1,NULL,'7','Saturday','21:30',1),(179,7,1,NULL,'7','Saturday','22:00',1),(180,7,1,NULL,'7','Saturday','22:30',1),(181,7,1,NULL,'7','Saturday','23:00',1),(182,8,2,NULL,'1','Sunday','10:00',1),(183,8,2,NULL,'1','Sunday','10:30',1),(184,8,2,NULL,'1','Sunday','11:00',1),(185,8,2,NULL,'1','Sunday','11:30',1),(186,8,2,NULL,'1','Sunday','12:00',1),(187,8,2,NULL,'1','Sunday','12:30',1),(188,8,2,NULL,'1','Sunday','13:00',1),(189,8,2,NULL,'1','Sunday','13:30',1),(190,8,2,NULL,'1','Sunday','14:00',1),(191,8,2,NULL,'1','Sunday','14:30',1),(192,8,2,NULL,'1','Sunday','15:00',1),(193,8,2,NULL,'1','Sunday','00:00',1),(194,9,2,NULL,'7','Saturday','13:30',1),(195,9,2,NULL,'7','Saturday','14:00',1),(196,9,2,NULL,'7','Saturday','14:30',1),(197,9,2,NULL,'7','Saturday','15:00',1),(198,9,2,NULL,'7','Saturday','15:30',1),(199,9,2,NULL,'7','Saturday','16:00',1),(200,9,2,NULL,'7','Saturday','16:30',1),(201,10,7,NULL,'1','Sunday','11:00',1),(202,10,7,NULL,'1','Sunday','11:30',1),(203,10,7,NULL,'1','Sunday','12:00',1),(204,10,7,NULL,'1','Sunday','12:30',1),(205,10,7,NULL,'1','Sunday','14:00',1),(206,10,7,NULL,'1','Sunday','14:30',1),(207,10,7,NULL,'1','Sunday','15:00',4),(208,10,7,NULL,'1','Sunday','15:30',4),(209,10,7,NULL,'1','Sunday','16:00',1),(210,10,7,NULL,'1','Sunday','16:30',1),(211,11,7,NULL,'2','Monday','11:00',1),(212,11,7,NULL,'2','Monday','11:30',1),(213,11,7,NULL,'2','Monday','12:00',1),(214,11,7,NULL,'2','Monday','12:30',4),(215,11,7,NULL,'2','Monday','13:00',1),(216,11,7,NULL,'2','Monday','13:30',4),(217,11,7,NULL,'2','Monday','14:00',4),(218,12,7,NULL,'3','Tuesday','11:00',1),(219,12,7,NULL,'3','Tuesday','11:30',1),(220,12,7,NULL,'3','Tuesday','12:00',1),(221,12,7,NULL,'3','Tuesday','12:30',1),(222,12,7,NULL,'3','Tuesday','13:00',1),(223,12,7,NULL,'3','Tuesday','13:30',1),(224,12,7,NULL,'3','Tuesday','14:00',1),(225,13,7,NULL,'4','Wednesday','11:00',2),(226,13,7,NULL,'4','Wednesday','11:30',1),(227,13,7,NULL,'4','Wednesday','12:00',1),(228,13,7,NULL,'4','Wednesday','12:30',1),(229,13,7,NULL,'4','Wednesday','13:00',1),(230,13,7,NULL,'4','Wednesday','13:30',1),(231,13,7,NULL,'4','Wednesday','14:00',1),(232,14,7,NULL,'5','Thursday','11:00',1),(233,14,7,NULL,'5','Thursday','11:30',1),(234,14,7,NULL,'5','Thursday','12:00',1),(235,14,7,NULL,'5','Thursday','12:30',1),(236,14,7,NULL,'5','Thursday','13:00',1),(237,14,7,NULL,'5','Thursday','13:30',1),(238,14,7,NULL,'5','Thursday','14:00',1),(239,15,7,NULL,'6','Friday','11:00',4),(240,15,7,NULL,'6','Friday','11:30',4),(241,15,7,NULL,'6','Friday','12:00',1),(242,15,7,NULL,'6','Friday','12:30',1),(243,15,7,NULL,'6','Friday','13:00',1),(244,15,7,NULL,'6','Friday','13:30',1),(245,15,7,NULL,'6','Friday','14:00',1),(246,16,7,NULL,'7','Saturday','11:00',2),(247,16,7,NULL,'7','Saturday','11:30',1),(248,16,7,NULL,'7','Saturday','12:00',1),(249,16,7,NULL,'7','Saturday','12:30',1),(250,16,7,NULL,'7','Saturday','13:00',4),(251,16,7,NULL,'7','Saturday','13:30',1),(252,16,7,NULL,'7','Saturday','14:00',1),(253,17,99,NULL,'1','Sunday','11:00',1),(254,17,99,NULL,'1','Sunday','11:30',1),(255,17,99,NULL,'1','Sunday','12:00',1),(256,17,99,NULL,'1','Sunday','12:30',1),(257,17,99,NULL,'1','Sunday','13:00',1),(258,17,99,NULL,'1','Sunday','13:30',1),(259,17,99,NULL,'1','Sunday','14:00',1),(260,17,99,NULL,'1','Sunday','14:30',1),(261,17,99,NULL,'1','Sunday','15:00',1),(262,17,99,NULL,'1','Sunday','15:30',1),(263,17,99,NULL,'1','Sunday','16:00',2),(264,18,99,NULL,'2','Monday','11:00',1),(265,18,99,NULL,'2','Monday','11:30',1),(266,18,99,NULL,'2','Monday','12:00',1),(267,18,99,NULL,'2','Monday','12:30',1),(268,18,99,NULL,'2','Monday','13:00',1),(269,18,99,NULL,'2','Monday','13:30',1),(270,18,99,NULL,'2','Monday','14:00',1),(271,18,99,NULL,'2','Monday','14:30',1),(272,18,99,NULL,'2','Monday','15:00',1),(273,18,99,NULL,'2','Monday','15:30',1),(274,18,99,NULL,'2','Monday','16:00',1),(275,19,99,NULL,'3','Tuesday','11:00',1),(276,19,99,NULL,'3','Tuesday','11:30',1),(277,19,99,NULL,'3','Tuesday','12:00',1),(278,19,99,NULL,'3','Tuesday','12:30',1),(279,19,99,NULL,'3','Tuesday','13:00',1),(280,19,99,NULL,'3','Tuesday','13:30',1),(281,19,99,NULL,'3','Tuesday','14:00',1),(282,19,99,NULL,'3','Tuesday','14:30',1),(283,19,99,NULL,'3','Tuesday','15:00',1),(284,19,99,NULL,'3','Tuesday','15:30',1),(285,19,99,NULL,'3','Tuesday','16:00',1),(286,20,99,NULL,'4','Wednesday','11:00',1),(287,20,99,NULL,'4','Wednesday','11:30',1),(288,20,99,NULL,'4','Wednesday','12:00',1),(289,20,99,NULL,'4','Wednesday','12:30',1),(290,20,99,NULL,'4','Wednesday','13:00',1),(291,20,99,NULL,'4','Wednesday','13:30',1),(292,20,99,NULL,'4','Wednesday','14:00',1),(293,20,99,NULL,'4','Wednesday','14:30',1),(294,20,99,NULL,'4','Wednesday','15:00',1),(295,20,99,NULL,'4','Wednesday','15:30',1),(296,20,99,NULL,'4','Wednesday','16:00',1),(297,21,99,NULL,'5','Thursday','11:00',1),(298,21,99,NULL,'5','Thursday','11:30',1),(299,21,99,NULL,'5','Thursday','12:00',1),(300,21,99,NULL,'5','Thursday','12:30',1),(301,21,99,NULL,'5','Thursday','13:00',1),(302,21,99,NULL,'5','Thursday','13:30',1),(303,21,99,NULL,'5','Thursday','14:00',1),(304,21,99,NULL,'5','Thursday','14:30',1),(305,21,99,NULL,'5','Thursday','15:00',1),(306,21,99,NULL,'5','Thursday','15:30',1),(307,21,99,NULL,'5','Thursday','16:00',1),(308,22,99,NULL,'6','Friday','11:00',1),(309,22,99,NULL,'6','Friday','11:30',1),(310,22,99,NULL,'6','Friday','12:00',1),(311,22,99,NULL,'6','Friday','12:30',1),(312,22,99,NULL,'6','Friday','13:00',1),(313,22,99,NULL,'6','Friday','13:30',1),(314,22,99,NULL,'6','Friday','14:00',1),(315,22,99,NULL,'6','Friday','14:30',1),(316,22,99,NULL,'6','Friday','15:00',1),(317,22,99,NULL,'6','Friday','15:30',1),(318,22,99,NULL,'6','Friday','16:00',1),(319,23,99,NULL,'7','Saturday','11:00',1),(320,23,99,NULL,'7','Saturday','11:30',1),(321,23,99,NULL,'7','Saturday','12:00',1),(322,23,99,NULL,'7','Saturday','12:30',1),(323,23,99,NULL,'7','Saturday','13:00',1),(324,23,99,NULL,'7','Saturday','13:30',1),(325,23,99,NULL,'7','Saturday','14:00',1),(326,23,99,NULL,'7','Saturday','14:30',1),(327,23,99,NULL,'7','Saturday','15:00',1),(328,23,99,NULL,'7','Saturday','15:30',1),(329,23,99,NULL,'7','Saturday','16:00',1),(330,24,111,NULL,'2','Monday','11:00',1),(331,24,111,NULL,'2','Monday','11:30',1),(332,24,111,NULL,'2','Monday','12:00',1),(333,24,111,NULL,'2','Monday','12:30',1),(334,24,111,NULL,'2','Monday','13:00',1),(335,24,111,NULL,'2','Monday','13:30',1),(336,24,111,NULL,'2','Monday','14:00',2),(337,24,111,NULL,'2','Monday','14:30',1),(338,24,111,NULL,'2','Monday','15:00',1),(339,25,111,NULL,'3','Tuesday','11:00',2),(340,25,111,NULL,'3','Tuesday','11:30',4),(341,25,111,NULL,'3','Tuesday','12:00',4),(342,25,111,NULL,'3','Tuesday','12:30',1),(343,25,111,NULL,'3','Tuesday','13:00',1),(344,25,111,NULL,'3','Tuesday','13:30',1),(345,25,111,NULL,'3','Tuesday','14:00',1),(346,25,111,NULL,'3','Tuesday','14:30',1),(347,25,111,NULL,'3','Tuesday','15:00',1),(348,26,111,NULL,'4','Wednesday','11:00',1),(349,26,111,NULL,'4','Wednesday','11:30',2),(350,26,111,NULL,'4','Wednesday','12:00',1),(351,26,111,NULL,'4','Wednesday','12:30',2),(352,26,111,NULL,'4','Wednesday','13:00',1),(353,26,111,NULL,'4','Wednesday','13:30',1),(354,26,111,NULL,'4','Wednesday','14:00',1),(355,26,111,NULL,'4','Wednesday','14:30',1),(356,26,111,NULL,'4','Wednesday','15:00',1),(357,27,111,NULL,'5','Thursday','11:00',1),(358,27,111,NULL,'5','Thursday','11:30',2),(359,27,111,NULL,'5','Thursday','12:00',1),(360,27,111,NULL,'5','Thursday','12:30',1),(361,27,111,NULL,'5','Thursday','13:00',1),(362,27,111,NULL,'5','Thursday','13:30',2),(363,27,111,NULL,'5','Thursday','14:00',1),(364,27,111,NULL,'5','Thursday','14:30',1),(365,27,111,NULL,'5','Thursday','15:00',2),(366,28,111,NULL,'6','Friday','11:00',1),(367,28,111,NULL,'6','Friday','11:30',1),(368,28,111,NULL,'6','Friday','12:00',1),(369,28,111,NULL,'6','Friday','12:30',1),(370,28,111,NULL,'6','Friday','13:00',1),(371,28,111,NULL,'6','Friday','13:30',1),(372,28,111,NULL,'6','Friday','14:00',1),(373,28,111,NULL,'6','Friday','14:30',1),(374,28,111,NULL,'6','Friday','15:00',1),(375,29,111,NULL,'7','Saturday','11:00',2),(376,29,111,NULL,'7','Saturday','11:30',1),(377,29,111,NULL,'7','Saturday','12:00',1),(378,29,111,NULL,'7','Saturday','12:30',1),(379,29,111,NULL,'7','Saturday','13:00',1),(380,29,111,NULL,'7','Saturday','13:30',4),(381,29,111,NULL,'7','Saturday','14:00',1),(382,29,111,NULL,'7','Saturday','14:30',1),(383,29,111,NULL,'7','Saturday','15:00',1),(384,29,111,NULL,'7','Saturday','15:30',1),(385,29,111,NULL,'7','Saturday','16:00',1),(386,30,111,NULL,'1','Sunday','15:00',2),(387,30,111,NULL,'1','Sunday','18:30',1),(388,30,111,NULL,'1','Sunday','09:00',1),(389,30,111,NULL,'1','Sunday','12:00',1),(390,24,111,NULL,'2','Monday','09:00',1),(391,25,111,NULL,'3','Tuesday','09:00',1),(392,26,111,NULL,'4','Wednesday','09:00',1),(393,27,111,NULL,'5','Thursday','09:00',1),(394,28,111,NULL,'6','Friday','09:00',1),(395,29,111,NULL,'7','Saturday','09:00',1),(396,31,100,NULL,'2','Monday','11:00',4),(397,31,100,NULL,'2','Monday','11:30',1),(398,31,100,NULL,'2','Monday','12:00',1),(399,31,100,NULL,'2','Monday','12:30',1),(400,31,100,NULL,'2','Monday','13:00',2),(401,32,100,NULL,'3','Tuesday','11:00',1),(402,32,100,NULL,'3','Tuesday','11:30',1),(403,32,100,NULL,'3','Tuesday','12:00',1),(404,32,100,NULL,'3','Tuesday','12:30',1),(405,32,100,NULL,'3','Tuesday','13:00',1),(406,33,100,NULL,'4','Wednesday','11:00',1),(407,33,100,NULL,'4','Wednesday','11:30',1),(408,33,100,NULL,'4','Wednesday','12:00',1),(409,33,100,NULL,'4','Wednesday','12:30',1),(410,33,100,NULL,'4','Wednesday','13:00',1),(411,34,100,NULL,'5','Thursday','11:00',1),(412,34,100,NULL,'5','Thursday','11:30',1),(413,34,100,NULL,'5','Thursday','12:00',1),(414,34,100,NULL,'5','Thursday','12:30',1),(415,34,100,NULL,'5','Thursday','13:00',1),(416,35,100,NULL,'6','Friday','11:00',1),(417,35,100,NULL,'6','Friday','11:30',1),(418,35,100,NULL,'6','Friday','12:00',1),(419,35,100,NULL,'6','Friday','12:30',1),(420,35,100,NULL,'6','Friday','13:00',1),(421,36,100,NULL,'7','Saturday','11:00',2),(422,36,100,NULL,'7','Saturday','11:30',1),(423,36,100,NULL,'7','Saturday','12:00',1),(424,36,100,NULL,'7','Saturday','12:30',1),(425,36,100,NULL,'7','Saturday','13:00',1),(426,14,7,NULL,'5','Thursday','21:00',4),(427,14,7,NULL,'5','Thursday','21:30',2),(428,11,7,NULL,'2','Monday','17:00',4),(429,11,7,NULL,'2','Monday','17:30',1),(430,25,111,NULL,'3','Tuesday','16:00',1),(431,25,111,NULL,'3','Tuesday','16:30',1),(432,25,111,NULL,'3','Tuesday','17:00',1),(433,25,111,NULL,'3','Tuesday','17:30',1),(434,25,111,NULL,'3','Tuesday','18:00',1),(435,25,111,NULL,'3','Tuesday','19:00',1),(436,26,111,NULL,'4','Wednesday','17:30',1),(437,26,111,NULL,'4','Wednesday','18:00',1),(438,26,111,NULL,'4','Wednesday','18:30',1),(439,37,113,NULL,'6','Friday','10:00',1),(440,37,113,NULL,'6','Friday','10:30',1),(441,37,113,NULL,'6','Friday','11:00',1),(442,37,113,NULL,'6','Friday','11:30',1),(443,37,113,NULL,'6','Friday','12:00',1),(444,37,113,NULL,'6','Friday','13:00',1),(445,37,113,NULL,'6','Friday','13:30',1),(446,37,113,NULL,'6','Friday','14:00',1),(447,37,113,NULL,'6','Friday','14:30',1),(448,37,113,NULL,'6','Friday','15:00',1),(449,37,113,NULL,'6','Friday','15:30',1),(450,37,113,NULL,'6','Friday','16:00',1),(451,37,113,NULL,'6','Friday','16:30',1),(452,37,113,NULL,'6','Friday','17:00',1),(453,15,7,NULL,'6','Friday','15:00',4),(454,15,7,NULL,'6','Friday','15:30',2),(455,15,7,NULL,'6','Friday','16:00',1),(456,38,16,NULL,'7','Saturday','10:00',1),(457,38,16,NULL,'7','Saturday','10:30',1),(458,38,16,NULL,'7','Saturday','11:00',1),(459,38,16,NULL,'7','Saturday','11:30',1),(460,38,16,NULL,'7','Saturday','12:00',1),(461,38,16,NULL,'7','Saturday','12:30',1),(462,38,16,NULL,'7','Saturday','13:00',1),(463,39,114,NULL,'1','Sunday','10:00',1),(464,39,114,NULL,'1','Sunday','10:30',1),(465,39,114,NULL,'1','Sunday','11:00',1),(466,39,114,NULL,'1','Sunday','11:30',1),(467,39,114,NULL,'1','Sunday','12:00',1),(468,39,114,NULL,'1','Sunday','12:30',1),(469,39,114,NULL,'1','Sunday','13:00',1),(470,39,114,NULL,'1','Sunday','13:30',1),(471,39,114,NULL,'1','Sunday','14:00',1),(472,39,114,NULL,'1','Sunday','14:30',1),(473,39,114,NULL,'1','Sunday','15:00',1),(474,40,114,NULL,'2','Monday','10:00',1),(475,40,114,NULL,'2','Monday','10:30',1),(476,40,114,NULL,'2','Monday','11:00',1),(477,40,114,NULL,'2','Monday','11:30',1),(478,40,114,NULL,'2','Monday','12:00',1),(479,40,114,NULL,'2','Monday','12:30',1),(480,40,114,NULL,'2','Monday','13:00',1),(481,40,114,NULL,'2','Monday','13:30',1),(482,40,114,NULL,'2','Monday','14:00',1),(483,40,114,NULL,'2','Monday','14:30',1),(484,40,114,NULL,'2','Monday','15:00',1),(485,41,114,NULL,'3','Tuesday','10:00',1),(486,41,114,NULL,'3','Tuesday','10:30',1),(487,41,114,NULL,'3','Tuesday','11:00',1),(488,41,114,NULL,'3','Tuesday','11:30',1),(489,41,114,NULL,'3','Tuesday','12:00',1),(490,41,114,NULL,'3','Tuesday','12:30',1),(491,41,114,NULL,'3','Tuesday','13:00',1),(492,41,114,NULL,'3','Tuesday','13:30',1),(493,41,114,NULL,'3','Tuesday','14:00',1),(494,41,114,NULL,'3','Tuesday','14:30',1),(495,41,114,NULL,'3','Tuesday','15:00',1),(496,41,114,NULL,'3','Tuesday','15:30',1),(497,41,114,NULL,'3','Tuesday','16:00',1),(498,42,114,NULL,'4','Wednesday','10:00',1),(499,42,114,NULL,'4','Wednesday','10:30',1),(500,42,114,NULL,'4','Wednesday','11:00',1),(501,42,114,NULL,'4','Wednesday','11:30',1),(502,42,114,NULL,'4','Wednesday','12:00',1),(503,42,114,NULL,'4','Wednesday','12:30',1),(504,42,114,NULL,'4','Wednesday','13:00',1),(505,42,114,NULL,'4','Wednesday','13:30',1),(506,42,114,NULL,'4','Wednesday','14:00',1),(507,42,114,NULL,'4','Wednesday','14:30',1),(508,42,114,NULL,'4','Wednesday','15:00',1),(509,43,114,NULL,'5','Thursday','10:00',1),(510,43,114,NULL,'5','Thursday','10:30',1),(511,43,114,NULL,'5','Thursday','11:00',1),(512,43,114,NULL,'5','Thursday','11:30',1),(513,43,114,NULL,'5','Thursday','12:00',1),(514,43,114,NULL,'5','Thursday','12:30',1),(515,43,114,NULL,'5','Thursday','13:00',1),(516,43,114,NULL,'5','Thursday','13:30',1),(517,43,114,NULL,'5','Thursday','14:00',1),(518,43,114,NULL,'5','Thursday','14:30',1),(519,43,114,NULL,'5','Thursday','15:00',1),(520,44,114,NULL,'6','Friday','10:00',1),(521,44,114,NULL,'6','Friday','10:30',1),(522,44,114,NULL,'6','Friday','11:00',1),(523,44,114,NULL,'6','Friday','11:30',1),(524,44,114,NULL,'6','Friday','12:00',1),(525,44,114,NULL,'6','Friday','12:30',1),(526,44,114,NULL,'6','Friday','13:00',1),(527,44,114,NULL,'6','Friday','13:30',1),(528,44,114,NULL,'6','Friday','14:00',1),(529,44,114,NULL,'6','Friday','14:30',1),(530,44,114,NULL,'6','Friday','15:00',1),(531,45,114,NULL,'7','Saturday','10:00',1),(532,45,114,NULL,'7','Saturday','10:30',1),(533,45,114,NULL,'7','Saturday','11:00',1),(534,45,114,NULL,'7','Saturday','11:30',1),(535,45,114,NULL,'7','Saturday','12:00',1),(536,45,114,NULL,'7','Saturday','12:30',1),(537,45,114,NULL,'7','Saturday','13:00',1),(538,45,114,NULL,'7','Saturday','13:30',1),(539,45,114,NULL,'7','Saturday','14:00',1),(540,45,114,NULL,'7','Saturday','14:30',1),(541,45,114,NULL,'7','Saturday','15:00',1),(542,46,108,NULL,'2','Monday','10:30',1),(543,46,108,NULL,'2','Monday','11:00',1),(544,46,108,NULL,'2','Monday','11:30',1),(545,46,108,NULL,'2','Monday','12:00',1),(546,46,108,NULL,'2','Monday','12:30',1),(547,47,108,NULL,'3','Tuesday','10:30',1),(548,47,108,NULL,'3','Tuesday','11:00',1),(549,47,108,NULL,'3','Tuesday','11:30',1),(550,47,108,NULL,'3','Tuesday','12:00',1),(551,47,108,NULL,'3','Tuesday','12:30',1),(552,48,108,NULL,'4','Wednesday','10:30',1),(553,48,108,NULL,'4','Wednesday','11:00',1),(554,48,108,NULL,'4','Wednesday','11:30',1),(555,48,108,NULL,'4','Wednesday','12:00',1),(556,48,108,NULL,'4','Wednesday','12:30',1),(557,49,108,NULL,'5','Thursday','10:30',1),(558,49,108,NULL,'5','Thursday','11:00',1),(559,49,108,NULL,'5','Thursday','11:30',1),(560,49,108,NULL,'5','Thursday','12:00',1),(561,49,108,NULL,'5','Thursday','12:30',1),(562,50,108,NULL,'6','Friday','10:30',1),(563,50,108,NULL,'6','Friday','11:00',1),(564,50,108,NULL,'6','Friday','11:30',1),(565,50,108,NULL,'6','Friday','12:00',1),(566,50,108,NULL,'6','Friday','12:30',1),(567,51,105,NULL,'2','Monday','11:00',1),(568,51,105,NULL,'2','Monday','11:30',1),(569,51,105,NULL,'2','Monday','12:00',1),(570,52,105,NULL,'3','Tuesday','11:00',1),(571,52,105,NULL,'3','Tuesday','11:30',1),(572,52,105,NULL,'3','Tuesday','12:00',1),(573,53,105,NULL,'4','Wednesday','11:00',1),(574,53,105,NULL,'4','Wednesday','11:30',1),(575,53,105,NULL,'4','Wednesday','12:00',1),(576,54,105,NULL,'5','Thursday','11:00',1),(577,54,105,NULL,'5','Thursday','11:30',1),(578,54,105,NULL,'5','Thursday','12:00',1),(579,55,105,NULL,'6','Friday','11:00',2),(580,55,105,NULL,'6','Friday','11:30',1),(581,55,105,NULL,'6','Friday','12:00',1),(582,56,89,NULL,'2','Monday','11:00',1),(583,56,89,NULL,'2','Monday','11:30',1),(584,56,89,NULL,'2','Monday','12:00',1),(585,56,89,NULL,'2','Monday','12:30',1),(586,56,89,NULL,'2','Monday','13:00',1),(587,57,89,NULL,'3','Tuesday','11:00',1),(588,57,89,NULL,'3','Tuesday','11:30',1),(589,57,89,NULL,'3','Tuesday','12:00',1),(590,57,89,NULL,'3','Tuesday','12:30',1),(591,57,89,NULL,'3','Tuesday','13:00',1),(592,58,89,NULL,'4','Wednesday','11:00',1),(593,58,89,NULL,'4','Wednesday','11:30',1),(594,58,89,NULL,'4','Wednesday','12:00',1),(595,58,89,NULL,'4','Wednesday','12:30',1),(596,58,89,NULL,'4','Wednesday','13:00',1),(597,59,89,NULL,'5','Thursday','11:00',1),(598,59,89,NULL,'5','Thursday','11:30',1),(599,59,89,NULL,'5','Thursday','12:00',1),(600,59,89,NULL,'5','Thursday','12:30',1),(601,59,89,NULL,'5','Thursday','13:00',1),(602,60,89,NULL,'6','Friday','11:00',1),(603,60,89,NULL,'6','Friday','11:30',1),(604,60,89,NULL,'6','Friday','12:00',1),(605,60,89,NULL,'6','Friday','12:30',1),(606,60,89,NULL,'6','Friday','13:00',1),(607,61,89,NULL,'7','Saturday','11:00',1),(608,61,89,NULL,'7','Saturday','11:30',1),(609,61,89,NULL,'7','Saturday','12:00',1),(610,61,89,NULL,'7','Saturday','12:30',1),(611,61,89,NULL,'7','Saturday','13:00',1),(612,62,54,NULL,'2','Monday','13:30',1),(613,62,54,NULL,'2','Monday','14:00',1),(614,62,54,NULL,'2','Monday','14:30',1),(615,62,54,NULL,'2','Monday','15:00',1),(616,62,54,NULL,'2','Monday','15:30',1),(617,62,54,NULL,'2','Monday','16:00',1),(618,62,54,NULL,'2','Monday','16:30',1),(619,62,54,NULL,'2','Monday','17:00',1),(620,63,54,NULL,'3','Tuesday','13:30',1),(621,63,54,NULL,'3','Tuesday','14:00',1),(622,63,54,NULL,'3','Tuesday','14:30',1),(623,63,54,NULL,'3','Tuesday','15:00',1),(624,63,54,NULL,'3','Tuesday','15:30',1),(625,63,54,NULL,'3','Tuesday','16:00',1),(626,63,54,NULL,'3','Tuesday','16:30',1),(627,63,54,NULL,'3','Tuesday','17:00',1),(628,64,54,NULL,'4','Wednesday','13:30',1),(629,64,54,NULL,'4','Wednesday','14:00',1),(630,64,54,NULL,'4','Wednesday','14:30',1),(631,64,54,NULL,'4','Wednesday','15:00',1),(632,64,54,NULL,'4','Wednesday','15:30',1),(633,64,54,NULL,'4','Wednesday','16:00',1),(634,64,54,NULL,'4','Wednesday','16:30',1),(635,64,54,NULL,'4','Wednesday','17:00',1),(636,65,54,NULL,'5','Thursday','13:30',1),(637,65,54,NULL,'5','Thursday','14:00',1),(638,65,54,NULL,'5','Thursday','14:30',1),(639,65,54,NULL,'5','Thursday','15:00',1),(640,65,54,NULL,'5','Thursday','15:30',1),(641,65,54,NULL,'5','Thursday','16:00',1),(642,65,54,NULL,'5','Thursday','16:30',1),(643,65,54,NULL,'5','Thursday','17:00',1),(644,66,54,NULL,'6','Friday','13:30',1),(645,66,54,NULL,'6','Friday','14:00',1),(646,66,54,NULL,'6','Friday','14:30',1),(647,66,54,NULL,'6','Friday','15:00',1),(648,66,54,NULL,'6','Friday','15:30',1),(649,66,54,NULL,'6','Friday','16:00',1),(650,66,54,NULL,'6','Friday','16:30',1),(651,66,54,NULL,'6','Friday','17:00',1),(652,67,54,NULL,'7','Saturday','13:30',1),(653,67,54,NULL,'7','Saturday','14:00',1),(654,67,54,NULL,'7','Saturday','14:30',1),(655,67,54,NULL,'7','Saturday','15:00',1),(656,67,54,NULL,'7','Saturday','15:30',1),(657,67,54,NULL,'7','Saturday','16:00',1),(658,67,54,NULL,'7','Saturday','16:30',1),(659,67,54,NULL,'7','Saturday','17:00',1),(660,68,24,NULL,'2','Monday','10:00',1),(661,68,24,NULL,'2','Monday','10:30',1),(662,68,24,NULL,'2','Monday','11:00',1),(663,68,24,NULL,'2','Monday','11:30',1),(664,68,24,NULL,'2','Monday','12:00',1),(665,68,24,NULL,'2','Monday','12:30',1),(666,68,24,NULL,'2','Monday','13:00',1),(667,68,24,NULL,'2','Monday','13:30',1),(668,69,24,NULL,'3','Tuesday','10:00',1),(669,69,24,NULL,'3','Tuesday','10:30',1),(670,69,24,NULL,'3','Tuesday','11:00',1),(671,69,24,NULL,'3','Tuesday','11:30',1),(672,69,24,NULL,'3','Tuesday','12:00',1),(673,69,24,NULL,'3','Tuesday','12:30',1),(674,69,24,NULL,'3','Tuesday','13:00',1),(675,69,24,NULL,'3','Tuesday','13:30',1),(676,70,24,NULL,'4','Wednesday','10:00',1),(677,70,24,NULL,'4','Wednesday','10:30',1),(678,70,24,NULL,'4','Wednesday','11:00',1),(679,70,24,NULL,'4','Wednesday','11:30',1),(680,70,24,NULL,'4','Wednesday','12:00',1),(681,70,24,NULL,'4','Wednesday','12:30',1),(682,70,24,NULL,'4','Wednesday','13:00',1),(683,70,24,NULL,'4','Wednesday','13:30',1),(684,71,24,NULL,'5','Thursday','10:00',1),(685,71,24,NULL,'5','Thursday','10:30',1),(686,71,24,NULL,'5','Thursday','11:00',1),(687,71,24,NULL,'5','Thursday','11:30',1),(688,71,24,NULL,'5','Thursday','12:00',1),(689,71,24,NULL,'5','Thursday','12:30',1),(690,71,24,NULL,'5','Thursday','13:00',1),(691,71,24,NULL,'5','Thursday','13:30',1),(692,72,24,NULL,'6','Friday','10:00',1),(693,72,24,NULL,'6','Friday','10:30',1),(694,72,24,NULL,'6','Friday','11:00',1),(695,72,24,NULL,'6','Friday','11:30',1),(696,72,24,NULL,'6','Friday','12:00',1),(697,72,24,NULL,'6','Friday','12:30',1),(698,72,24,NULL,'6','Friday','13:00',1),(699,72,24,NULL,'6','Friday','13:30',1),(700,73,24,NULL,'7','Saturday','10:00',1),(701,73,24,NULL,'7','Saturday','10:30',1),(702,73,24,NULL,'7','Saturday','11:00',1),(703,73,24,NULL,'7','Saturday','11:30',1),(704,73,24,NULL,'7','Saturday','12:00',1),(705,73,24,NULL,'7','Saturday','12:30',1),(706,73,24,NULL,'7','Saturday','13:00',1),(707,73,24,NULL,'7','Saturday','13:30',1),(708,74,39,NULL,'2','Monday','09:00',1),(709,74,39,NULL,'2','Monday','09:30',1),(710,74,39,NULL,'2','Monday','10:00',1),(711,74,39,NULL,'2','Monday','10:30',1),(712,74,39,NULL,'2','Monday','11:00',1),(713,74,39,NULL,'2','Monday','11:30',1),(714,74,39,NULL,'2','Monday','12:00',1),(715,74,39,NULL,'2','Monday','12:30',1),(716,74,39,NULL,'2','Monday','17:00',1),(717,74,39,NULL,'2','Monday','17:30',1),(718,74,39,NULL,'2','Monday','18:00',1),(719,74,39,NULL,'2','Monday','18:30',1),(720,74,39,NULL,'2','Monday','19:00',1),(721,74,39,NULL,'2','Monday','19:30',1),(722,74,39,NULL,'2','Monday','20:00',1),(723,75,39,NULL,'3','Tuesday','09:00',1),(724,75,39,NULL,'3','Tuesday','09:30',1),(725,75,39,NULL,'3','Tuesday','10:00',1),(726,75,39,NULL,'3','Tuesday','10:30',1),(727,75,39,NULL,'3','Tuesday','11:00',1),(728,75,39,NULL,'3','Tuesday','11:30',1),(729,75,39,NULL,'3','Tuesday','12:00',1),(730,75,39,NULL,'3','Tuesday','12:30',1),(731,75,39,NULL,'3','Tuesday','17:00',1),(732,75,39,NULL,'3','Tuesday','17:30',1),(733,75,39,NULL,'3','Tuesday','18:00',1),(734,75,39,NULL,'3','Tuesday','18:30',1),(735,75,39,NULL,'3','Tuesday','19:00',1),(736,75,39,NULL,'3','Tuesday','19:30',1),(737,75,39,NULL,'3','Tuesday','20:00',1),(738,76,39,NULL,'4','Wednesday','09:00',1),(739,76,39,NULL,'4','Wednesday','09:30',1),(740,76,39,NULL,'4','Wednesday','10:00',1),(741,76,39,NULL,'4','Wednesday','10:30',1),(742,76,39,NULL,'4','Wednesday','11:00',1),(743,76,39,NULL,'4','Wednesday','11:30',1),(744,76,39,NULL,'4','Wednesday','12:00',1),(745,76,39,NULL,'4','Wednesday','12:30',1),(746,76,39,NULL,'4','Wednesday','17:00',1),(747,76,39,NULL,'4','Wednesday','17:30',1),(748,76,39,NULL,'4','Wednesday','18:00',1),(749,76,39,NULL,'4','Wednesday','18:30',1),(750,76,39,NULL,'4','Wednesday','19:00',1),(751,76,39,NULL,'4','Wednesday','19:30',1),(752,76,39,NULL,'4','Wednesday','20:00',1),(753,77,39,NULL,'5','Thursday','09:00',1),(754,77,39,NULL,'5','Thursday','09:30',1),(755,77,39,NULL,'5','Thursday','10:00',1),(756,77,39,NULL,'5','Thursday','10:30',1),(757,77,39,NULL,'5','Thursday','11:00',1),(758,77,39,NULL,'5','Thursday','11:30',1),(759,77,39,NULL,'5','Thursday','12:00',1),(760,77,39,NULL,'5','Thursday','12:30',1),(761,77,39,NULL,'5','Thursday','17:00',1),(762,77,39,NULL,'5','Thursday','17:30',1),(763,77,39,NULL,'5','Thursday','18:00',1),(764,77,39,NULL,'5','Thursday','18:30',1),(765,77,39,NULL,'5','Thursday','19:00',1),(766,77,39,NULL,'5','Thursday','19:30',1),(767,77,39,NULL,'5','Thursday','20:00',1),(768,78,39,NULL,'6','Friday','09:00',1),(769,78,39,NULL,'6','Friday','09:30',1),(770,78,39,NULL,'6','Friday','10:00',1),(771,78,39,NULL,'6','Friday','10:30',1),(772,78,39,NULL,'6','Friday','11:00',1),(773,78,39,NULL,'6','Friday','11:30',1),(774,78,39,NULL,'6','Friday','12:00',1),(775,78,39,NULL,'6','Friday','12:30',1),(776,78,39,NULL,'6','Friday','17:00',1),(777,78,39,NULL,'6','Friday','17:30',1),(778,78,39,NULL,'6','Friday','18:00',1),(779,78,39,NULL,'6','Friday','18:30',1),(780,78,39,NULL,'6','Friday','19:00',1),(781,78,39,NULL,'6','Friday','19:30',1),(782,78,39,NULL,'6','Friday','20:00',1),(783,79,39,NULL,'7','Saturday','09:00',1),(784,79,39,NULL,'7','Saturday','09:30',1),(785,79,39,NULL,'7','Saturday','10:00',1),(786,79,39,NULL,'7','Saturday','10:30',1),(787,79,39,NULL,'7','Saturday','11:00',1),(788,79,39,NULL,'7','Saturday','11:30',1),(789,79,39,NULL,'7','Saturday','12:00',1),(790,79,39,NULL,'7','Saturday','12:30',1),(791,79,39,NULL,'7','Saturday','17:00',1),(792,79,39,NULL,'7','Saturday','17:30',1),(793,79,39,NULL,'7','Saturday','18:00',1),(794,79,39,NULL,'7','Saturday','18:30',1),(795,79,39,NULL,'7','Saturday','19:00',1),(796,79,39,NULL,'7','Saturday','19:30',1),(797,79,39,NULL,'7','Saturday','20:00',1),(798,80,102,NULL,'2','Monday','11:00',1),(799,80,102,NULL,'2','Monday','11:30',1),(800,80,102,NULL,'2','Monday','12:00',1),(801,80,102,NULL,'2','Monday','12:30',1),(802,80,102,NULL,'2','Monday','13:00',1),(803,81,102,NULL,'3','Tuesday','11:00',1),(804,81,102,NULL,'3','Tuesday','11:30',1),(805,81,102,NULL,'3','Tuesday','12:00',1),(806,81,102,NULL,'3','Tuesday','12:30',1),(807,81,102,NULL,'3','Tuesday','13:00',1),(808,82,102,NULL,'4','Wednesday','11:00',1),(809,82,102,NULL,'4','Wednesday','11:30',1),(810,82,102,NULL,'4','Wednesday','12:00',1),(811,82,102,NULL,'4','Wednesday','12:30',1),(812,82,102,NULL,'4','Wednesday','13:00',1),(813,83,102,NULL,'5','Thursday','11:00',1),(814,83,102,NULL,'5','Thursday','11:30',1),(815,83,102,NULL,'5','Thursday','12:00',1),(816,83,102,NULL,'5','Thursday','12:30',1),(817,83,102,NULL,'5','Thursday','13:00',1),(818,84,102,NULL,'6','Friday','11:00',1),(819,84,102,NULL,'6','Friday','11:30',1),(820,84,102,NULL,'6','Friday','12:00',1),(821,84,102,NULL,'6','Friday','12:30',1),(822,84,102,NULL,'6','Friday','13:00',1),(823,85,102,NULL,'7','Saturday','11:00',1),(824,85,102,NULL,'7','Saturday','11:30',1),(825,85,102,NULL,'7','Saturday','12:00',1),(826,85,102,NULL,'7','Saturday','12:30',1),(827,85,102,NULL,'7','Saturday','13:00',1),(828,74,39,NULL,'2','Monday','13:00',1),(829,74,39,NULL,'2','Monday','13:30',1),(830,75,39,NULL,'3','Tuesday','13:00',1),(831,75,39,NULL,'3','Tuesday','13:30',1),(832,76,39,NULL,'4','Wednesday','13:00',1),(833,76,39,NULL,'4','Wednesday','13:30',1),(834,77,39,NULL,'5','Thursday','13:00',1),(835,77,39,NULL,'5','Thursday','13:30',1),(836,78,39,NULL,'6','Friday','13:00',1),(837,78,39,NULL,'6','Friday','13:30',1),(838,79,39,NULL,'7','Saturday','13:00',1),(839,79,39,NULL,'7','Saturday','13:30',1),(840,74,39,NULL,'2','Monday','06:00',1),(841,74,39,NULL,'2','Monday','06:30',1),(842,74,39,NULL,'2','Monday','07:00',1),(843,74,39,NULL,'2','Monday','07:30',1),(844,86,44,NULL,'2','Monday','15:00',1),(845,86,44,NULL,'2','Monday','15:30',1),(846,86,44,NULL,'2','Monday','16:00',1),(847,86,44,NULL,'2','Monday','16:30',1),(848,86,44,NULL,'2','Monday','17:00',1),(849,87,44,NULL,'7','Saturday','15:00',1),(850,87,44,NULL,'7','Saturday','15:30',1),(851,87,44,NULL,'7','Saturday','16:00',1),(852,87,44,NULL,'7','Saturday','16:30',4),(853,87,44,NULL,'7','Saturday','17:00',1),(854,31,100,NULL,'2','Monday','13:30',1);

--
-- Table structure for table `ds_family`
--

CREATE TABLE `ds_family` (
  `id` int(11) NOT NULL AUTO_INCREMENT,
  `family_name` text,
  `status` int(11) NOT NULL DEFAULT '1',
  `deleted` int(11) NOT NULL DEFAULT '1',
  PRIMARY KEY (`id`)
) ENGINE=InnoDB AUTO_INCREMENT=66 DEFAULT CHARSET=utf8;

--
-- Dumping data for table `ds_family`
--

INSERT INTO `ds_family` VALUES (1,'AANALGESICS ANTIPYRETICS AND NONSTEROIDAL ANTI INFLAMATORY MEDICINES',2,1),(2,'ALLERGY',1,1),(3,'ANAESTHESIA',1,1),(4,'ANALGESICS',1,1),(5,'ANALGESICS ANTIPYRETICS AND NONSTEROIDAL ANTI INFLAMATORY MEDICINES',1,1),(6,'ANTI ALLERGICS AND MEDICINES USED IN ANAPHYLAXIS',1,1),(7,'ANTI ANAEMIC MEDICINES',1,1),(8,'ANTI ANEMIC MEDICINE',1,1),(9,'ANTI COAGULANTS ANTI PLATELETS & THROMBOLYTICS',1,1),(10,'ANTI DEPRESSANTS',1,1),(11,'ANTI INFECTIVE MEDICINES',1,1),(12,'ANTI MIGRAINE MEDICINES',1,1),(13,'ANTI NEOPLASTIC AND HUMMOSUPRESNT MEDICINE',1,1),(14,'ANTI NEOPLASTIC AND IMMUNO SUPPRESENT DRUGS',1,1),(15,'ANTI NEOPLASTIC AND IMMUNOSUPPRESSANT MEDICINE',1,1),(16,'ANTI NEOPLASTIC AND IMMUNOSUPPRESSANT MEDICINES',1,1),(17,'ANTI PARKINSONISUM MEDICINES',1,1),(18,'ANTICONVULSANTS/ANTIEPILEPTIC MEDICINES',1,1),(19,'ANTIDOTES',1,1),(20,'ANTIDOTES AND OTHER SUBSTANCES USED IN POISONING',1,1),(21,'ANXIOLYTICS AND ANTI DEPRESSANTS',1,1),(22,'C ARDIOVASCULAR SYSTEM',1,1),(23,'CARDIO VASCULAR DRUGS',1,1),(24,'CARDIOVASCULAR SYSTEM',1,1),(25,'CARDIVASCULAR SYSTEM',1,1),(26,'CENTRAL NERVOUS SYSTEM',1,1),(27,'CONVULSANTS',1,1),(28,'dasd',1,1),(29,'DERAMATOLOGICAL MEDICINES',1,1),(30,'DERAMTOLOGICAL MEDICINES',1,1),(31,'DERM ATOLOGICAL MEDICINES',1,1),(32,'DERMATOLO',1,1),(33,'DERMATOLOGICAL MEDICIBNES',1,1),(34,'DERMATOLOGICAL MEDICIN',1,1),(35,'DERMATOLOGICAL MEDICINE',1,1),(36,'DERMATOLOGICAL MEDICINES',1,1),(37,'DERMATOLOGICAL MEDICINES (TOPICAL)',1,1),(38,'DERMATOLOGICAL MEDIICNES',1,1),(39,'DIURETICS/ANTIDIURETICS',1,1),(40,'dsada',1,1),(41,'ENT',1,1),(42,'EYE PREPARATION',1,1),(43,'GASTRO INTESTINAL MEDICINES',1,1),(44,'GENITO URINARY SYSTEM',1,1),(45,'HORMONES AND OTHER ENDOCRINE MEDICINES',1,1),(46,'IMMUNOLIGICALS',1,1),(47,'IMMUNOLOGICALS',1,1),(48,'IRON SUCROSE',1,1),(49,'ll',1,1),(50,'MANKIND',1,1),(51,'MEDICINES AFFECTING COAGULATION',1,1),(52,'METABOLIC SYSTEM',1,1),(53,'MISCELLANEOUS',1,1),(54,'NON DRUGS',1,1),(55,'OPTHAMIC MEDICINE',1,1),(56,'OXYTOCICS AND ANTI OXYTOCICS',1,1),(57,'PSYCHOTHERAPEUTIC MEDICINES',1,1),(58,'RESPIRATORY SYSTEM',1,1),(59,'Sudarta',1,1),(60,'SURGICALS ',1,1),(61,'URINARY',1,1),(62,'VITAMIN & MINREALS',1,1),(63,'VITAMIN MINERALS',1,1),(64,'VITAMIN&MINERALS',1,1),(65,'Test  12/07',1,1);

--
-- Table structure for table `ds_gen_details`
--

CREATE TABLE `ds_gen_details` (
  `id` int(11) NOT NULL AUTO_INCREMENT,
  `gen_name` text,
  `status` int(11) NOT NULL DEFAULT '1',
  `deleted` int(11) NOT NULL DEFAULT '1',
  PRIMARY KEY (`id`)
) ENGINE=InnoDB AUTO_INCREMENT=1644 DEFAULT CHARSET=utf8;

--
-- Dumping data for table `ds_gen_details`
--

INSERT INTO `ds_gen_details` VALUES (1,' Adapalene+ Clindamycin',1,1),(2,'Glycerine Glyceryl Stearate Methyl Paraben Niacinamide+Propylene Glycol',1,1),(3,'2 4-DICHLOROBENZYL ALCOHOL &AMYLMETACRESOL',1,1),(4,'2-PROPANOL+1-PROPANOL+ETHYL-HEXADECYL-DIMETHYL AMMONIUM-ETHYL SULPHATE',1,1),(5,'A COMBIPACK OF ZINC+ CARNOSINE 75MG+SUCRALFATE 1GM',1,1),(6,'ABIRATERONE',1,1),(7,'ABSORBABLE GELATIN SPONGE',1,1),(8,'ACAMPROSATE',1,1),(9,'ACARBOSE',1,1),(10,'ACARBOSE + METFORMIN',1,1),(11,'ACEBROFYLLINE',1,1),(12,'ACEBROFYLLINE+ACETYLCYSTEINE',1,1),(13,'ACEBROPHYLLINE',1,1),(14,'ACEBROPHYLLINE+GUAIPHENESIN+TERBUTALINE SULPHATE',1,1),(15,'ACECLOFENAC',1,1),(16,'ACECLOFENAC+PARACETAMOL',1,1),(17,'ACECLOFENAC+SERRATIOPEPTIDASE+PARACETAMOL',1,1),(18,'ACECLOFENAC+THIOCOLCHICOSIDE',1,1),(19,'ACECLOFENAC+TIZANIDINE',1,1),(20,'ACENOCOUMAROL',1,1),(21,'ACETAMINOPHEN + TRAMADOL',1,1),(22,'ACETAMINOPHEN AND CAFFINE',1,1),(23,'ACETAZOLAMIDE',1,1),(24,'ACETYLCYSTEINE',1,1),(25,'ACETYLCYSTEINE+AMBROXOL',1,1),(26,'ACITRETIN',1,1),(27,'ACOTIAMIDE ',1,1),(28,'ACTIVATED DIMETHICONE',1,1),(29,'ACTIVATED GLUTARALDEHYDE SOLUTION',1,1),(30,'ACYCLOVIR',1,1),(31,'ADALENE AND CLINDAMYCIN PHOSPHATE GEL',1,1),(32,'ADAPALENE',1,1),(33,'ADAPALENE BENZOYL PEROXIDE',1,1),(34,'ADAPALENE+BENZYLPEROXIDE',1,1),(35,'ADAPALENE+CLINDAMYCIN',1,1),(36,'ADAPALENE+NADIFLOXACIN',1,1),(37,'ADEFOVIR DIPIVOXIL',1,1),(38,'ADENOSINE',1,1),(39,'ADMETIONINE',1,1),(40,'ADRENALINE',1,1),(41,'adsa',1,1),(42,'AGOMELATINE',1,1),(43,'ALBENDAZOLE',1,1),(44,'ALBUMIN HUMAN',1,1),(45,'ALCOHOL+MULTI MINERALS',1,1),(46,'ALENDRONIC ACID',1,1),(47,'ALFACALCIDOL',1,1),(48,'ALFUZOSIN',1,1),(49,'ALFUZOSIN+DUTASTERIDE',1,1),(50,'ALGAECALCIUM',1,1),(51,'Allantoin Shea Butter Vitamin A Vitamin E Acetate Onion (Allium Cepa) Extract Olive Oil Saccha',1,1),(52,'ALLANTOIN WITH LIQUID PARAFFIN+UREA +GLYCOL',1,1),(53,'ALLOPURINOL',1,1),(54,'ALMOND',1,1),(55,'ALOE VER+RUBIA CORDIFOLIA+CHAMOMILE+CALENDULA',1,1),(56,'ALOE VERA +PAPAYA EXTRACT',1,1),(57,'ALOE VERA GEL+LIQUID PARAFFIN+WHITE SOFT PARAFFIN',1,1),(58,'ALOE VERA+GLYCERIN',1,1),(59,'ALOE VERA+GLYCOLIC ACID+VIT E',1,1),(60,'ALOE VERA+VITAMIN E',1,1),(61,'ALOEVERA GEL+BORAGEOIL+CERAMIDE+WHEAT GERM OIL',1,1),(62,'ALOEVERA+GLYCERIN LACTO CALAMMINE',1,1),(63,'ALPHA AMYLASE+PAPAIN',1,1),(64,'ALPHA AMYLASE+PAPAIN+CARAWAY OIL+DIL OIL+ANISE OIL',1,1),(65,'ALPHA ARBUTIN+LIQUIDUORICE EXT',1,1),(66,'ALPHA GALACTOSIDASE',1,1),(67,'ALPHA KETOANALOGUE',1,1),(68,'ALPHA LINOLENIC ACID+LINOLEIC ACID +OLEIC ACID',1,1),(69,'ALPHA LIPOIC',1,1),(70,'ALPHA LIPOIC ACID+FOLIC ACID+PYRIDOXINE+MECOBALAMINE',1,1),(71,'ALPHA LIPOIC ACID+GAMMA LINOLENIC ACID+PYRIDOXINE',1,1),(72,'ALPHA LIPONIC ACID+FOLIC ACID NICOTAMIDE RIBOFLAVIN THIAMINE',1,1),(73,'ALPRAZOLAM',1,1),(74,'ALPRAZOLAM+SERTRALINE',1,1),(75,'ALPROSTADIL',1,1),(76,'ALTEPLASE',1,1),(77,'ALUM HYDROXIDE GEL MAG TRI SILICATE+MAGNESIUM HYDROXIDE+SIMETHICONE',1,1),(78,'ALUMINIUM HYDROXIDE',1,1),(79,'ALUMINIUM HYDROXIDE+ATH+ AL(OH)3',1,1),(80,'ALUMINIUM HYDROXIDE+DIMETHICONE',1,1),(81,'ALUMINIUM HYDROXIDE+DIMETHICONE+MAGNESIUM HYDROXIDE',1,1),(82,'ALUMINIUM HYDROXIDE+MAGNESIUM HYDROXIDE',1,1),(83,'AMANTADINE',1,1),(84,'AMBRISENTAN',1,1),(85,'AMBROXOL',1,1),(86,'AMBROXOL HCL',1,1),(87,'AMBROXOL+CETIRIZINE',1,1),(88,'AMBROXOL+SALBUTAMOL',1,1),(89,'AMIFOSTINE',1,1),(90,'AMIKACIN',1,1),(91,'AMILORIDE HCL+FRUSEMIDE',1,1),(92,'AMINEXIL+MINOXIDIL',1,1),(93,'AMINO ACID SOLUTION',1,1),(94,'AMINO ACID+WHEY PROTEIN+VITAMINS+MINEARALS+ALPHA LIPOIC ACID',1,1),(95,'AMINO ACID+ZINC+MULTI VITAMINS+MULTI MINERALS',1,1),(96,'AMINO ACIDS',1,1),(97,'AMINO ACIDS VITAMINS IRON &ZINC ',1,1),(98,'AMINO ACIDS+METHYL COBALAMINE+MULTI VITAMINS+MULTI MINERALS',1,1),(99,'AMINO ACIDS+MULTI VITAMINS',1,1),(100,'AMINO ACIDS+MULTI VITAMINS+MULTI MINERALS',1,1),(101,'AMINOCAPROIC ACID',1,1),(102,'AMINOPHYLLINE',1,1),(103,'AMINOTERICIN',1,1),(104,'AMIODARONE',1,1),(105,'AMISULPRIDE',1,1),(106,'AMITRIPTYLINE',1,1),(107,'AMITRIPTYLINE +PREGABLIN',1,1),(108,'AMITRIPTYLINE HCL+CHLORDIAZEPOXIDE',1,1),(109,'AMLODIPINE',1,1),(110,'AMLODIPINE+ATENOLOL',1,1),(111,'AMLODIPINE+BISOPROLOL',1,1),(112,'AMLODIPINE+LOSARTAN POTASSIUM',1,1),(113,'AMLODIPINE+METAPROLOL',1,1),(114,'AMLODIPINE+TELMISARTAN',1,1),(115,'AMOROLFINE',1,1),(116,'AMOXICILLIN+CLAVULANIC ACID',1,1),(117,'AMOXYCILLIN',1,1),(118,'AMOXYCILLIN+CLAVULANIC ACID',1,1),(119,'AMOXYCILLIN+CLOXACILLIN',1,1),(120,'AMOXYCILLIN+CLOXACILLIN+LACTOBACILLUS SPOREGENES',1,1),(121,'AMOXYCILLIN+POTASSIUM CLAVULANATE ',1,1),(122,'AMOXYCILLIN+TINIDAZOLE+OMEPRAZOLE',1,1),(123,'AMPHOTERICIN B',1,1),(124,'AMPICILLIN',1,1),(125,'AMPICILLIN AND DICLOXACILLIN ',1,1),(126,'AMPICILLIN+CLOXACILLIN',1,1),(127,'AMYLMETACRESOL+DEXTROMETHORPHAN Hbr',1,1),(128,'ANASTROZOLE',1,1),(129,'ANHYDROUS DEXTROSE',1,1),(130,'ANTI AGEING CREAM',1,1),(131,'ANTI-HAEMORRHOIDAL+BECLOMETHASONE',1,1),(132,'ANTI-INHIBITOR COAGULANT COMPLEX',1,1),(133,'ANTIOXIDANT+ CARROT PUNCH (BETA CAROTEINE)',1,1),(134,'ANTISEPTIC',1,1),(135,'APIXABAN ',1,1),(136,'APREPITANT',1,1),(137,'ARBUTIN',1,1),(138,'ARBUTIN+KOJIC ACID+MAGNESIUM ASCORBYL PHOSBHATE',1,1),(139,'ARIPIPRAZOLE',1,1),(140,'ARTEMETHER+LUMEFANTRINE',1,1),(141,'ARTESUNATE',1,1),(142,'ARTESUNATE+SULPHADOXINE',1,1),(143,'ARTESUNATE+SULPHADOXINE+PYRIMETHAMINE',1,1),(144,'ASCORBIC ACID',1,1),(145,'ASCORBIC ACID+LACTO BACILLUS',1,1),(146,'ASPIRIN',1,1),(147,'ASPIRIN+CLOPIDOGREL',1,1),(148,'ASTAXANTHIN +CO ENZYME Q10+ LEVOCARNITINE',1,1),(149,'ATENOLOL ',1,1),(150,'ATORVASTATIN',1,1),(151,'ATORVASTATIN+AMLODIPINE',1,1),(152,'ATORVASTATIN+ASPIRIN',1,1),(153,'ATORVASTATIN+CHOLECALCIFEROL',1,1),(154,'ATORVASTATIN+CLOPIDOGREL',1,1),(155,'ATORVASTATIN+CLOPIDOGREL+ASPIRIN',1,1),(156,'ATORVASTATIN+EZETIMIBE',1,1),(157,'ATORVASTATIN+FENOFIBRATE',1,1),(158,'ATORVASTATIN+NICOTINIC ACID',1,1),(159,'ATORVASTATIN+VITAMIN D3',1,1),(160,'ATORVASTIN',1,1),(161,'ATRACURIUM BESILATE',1,1),(162,'ATROPINE',1,1),(163,'AVOBENZONE',1,1),(164,'AVOBENZONE+GLABRIDIN+TETRAHYDRO CURCUMINOID+SOYA ISOFLAVONOIDS',1,1),(165,'AYURVEDIC PREPARATION',1,1),(166,'AZATHIOPRINE',1,1),(167,'AZELAIC ACID',1,1),(168,'AZELASTINE+FLUTICASONE PROPIONATE',1,1),(169,'AZITHROMYCIN',1,1),(170,'AZITHROMYCIN+FLUCONAZOLE+ORNIDAZOLE',1,1),(171,'AZTREONAM',1,1),(172,'B C G VACCINE',1,1),(173,'BABY OIL',1,1),(174,'BACILLUS CLAUSII',1,1),(175,'BACLOFEN',1,1),(176,'BALOFLOXACIN',1,1),(177,'BECLOMETASONE DIPROPIONATE+FUSIDIC CREAM+',1,1),(178,'BECLOMETHASONE +CLOTRIMAZOLE+GENTAMICIN',1,1),(179,'BECLOMETHASONE DIPROPIONATE',1,1),(180,'BECLOMETHASONE DIPROPIONATE+GENTAMICIN',1,1),(181,'BECLOMETHASONE DIPROPIONATE+SERTACONAZOLE NITRATE',1,1),(182,'BECLOMETHASONE+CLOTEIMAZOLE+NEOMYCIN',1,1),(183,'BECLOMETHASONE+PHENYLEPHRINE+LIGNOCAINE',1,1),(184,'BECLOMETHSONE+CLOTRIMAZOLE+NEOMYCIN',1,1),(185,'BENDAMUSTINE',1,1),(186,'BENFOTIAMINE',1,1),(187,'BENFOTIAMINE+ADENOSYLCOBALAMIN+FOLIC ACIDD',1,1),(188,'BENFOTIAMINE+ALPHA LIPOIC ACID+INOSITOL+METHYLCOBALAMINE+VIT B6',1,1),(189,'BENFOTIAMINE+ALPHA LIPOIC+MECOBALAMIN&PYRIDOXINE',1,1),(190,'BENFOTIAMINE+SILYMARIN+LOLA+LEVOMEFOLIC ACID+TAURINE+CHOLINE+INOSITOL',1,1),(191,'BENZALKONIUM CHLORIDE+ZINC OXIDE',1,1),(192,'BENZALKONIUM CHOLINE ',1,1),(193,'BENZATHINE PENICILLIN G',1,1),(194,'BENZOCAINE',1,1),(195,'BENZOIN',1,1),(196,'BENZOTHIAMINE+MECOBALAMIN+ALPHA LIPOIC ACID+PYRIDOXINE+FOLIC ACID',1,1),(197,'BENZOYL PEROXIDE',1,1),(198,'BENZYDAMINE',1,1),(199,'BENZYL NICOTINATE+VIT K+SALICYLIC ACID',1,1),(200,'BENZYLPENICILLIN',1,1),(201,'BERACTANT',1,1),(202,'BETA CAROTENE+MULTI VITAMINS',1,1),(203,'Beta white melanostaline Tyrostat.',1,1),(204,'BETAHISTINE',1,1),(205,'BETAMETHASONE',1,1),(206,'BETAMETHASONE + NEOMYCIN',1,1),(207,'BETAMETHASONE DIPROPIONATE',1,1),(208,'BETAMETHASONE DIPROPIONATE+NEOMYCIN+CLOTRIMAZOLE',1,1),(209,'BETAMETHASONE DIPROPIONATE+SALICYLIC ACID',1,1),(210,'BETAMETHASONE SODIUM PHOSPHATE',1,1),(211,'BETAMETHASONE+CLIOQUINOL',1,1),(212,'BETAMETHASONE+GENTAMICIN',1,1),(213,'BETAMETHASONE+GENTAMICIN+MICONAZOLE+SULPHATE',1,1),(214,'BETAMETHASONE+GENTAMICIN+SALISYLIC ACID',1,1),(215,'BETAMETHASONE+GENTAMICIN+SULPHATE',1,1),(216,'BETAMETHASONE+SALICYLIC Acid',1,1),(217,'BETAXOLOL',1,1),(218,'BETHANECHOL',1,1),(219,'BEVACIZUMAB',1,1),(220,'BHRINGARAJ +KUTKI + MAHATIKTA +TRIKATU',1,1),(221,'BICALUTAMIDE',1,1),(222,'BIFONAZOLE',1,1),(223,'BILBERRY EXTRACT AND PINE BARK EXTRACT TABLETS',1,1),(224,'BIMATOPROST',1,1),(225,'BIOTIN',1,1),(226,'BIOTIN LYCOPENE OMEGA-3 FATTY ACID VITAMINS&MINERALS',1,1),(227,'BIOTIN+D-PANTHENOL+ALOE VERA',1,1),(228,'BIOTIN+IRON+ZINC+SELENIUM+FOLIC ACID',1,1),(229,'BISACODYL',1,1),(230,'BISOPROLOL',1,1),(231,'BISOPROLOL+HYDROCHLOROTHIAZIDE',1,1),(232,'BLEOMYCIN',1,1),(233,'BORAX +BORIC ACID',1,1),(234,'BORTEZOMIB',1,1),(235,'BOSENTAN',1,1),(236,'BRIMONIDINE',1,1),(237,'BRIMONIDINE+TIMOLOL',1,1),(238,'BROMFENAC SODIUM',1,1),(239,'BROMHEXINE',1,1),(240,'BROMHEXINE + PHENYLEPHRINE',1,1),(241,'BROMHEXINE HCL+DEXTROMETHORPHAN Hbr+AMM CHLORIDE+MENTHOL',1,1),(242,'BROMHEXINE HCL+DEXTROMETHORPHAN Hbr+PHENYLEPHERINE+MENTHOL',1,1),(243,'BROMHEXINE HCL+SALBUTAMOL SULPHATE+GUAIPHENESIN+MENTHOL',1,1),(244,'BROMHEXINE+GUAIPHENESIN+PHENYL PROPANOLAMINE',1,1),(245,'BROMHEXINE+GUAIPHENESIN+TERBUTALINE',1,1),(246,'BROMHEXINE+PHENYLEPHRINE+GUAIPHENESIN+CHLORPHENARAMINE+PARACETAMOL',1,1),(247,'BROMOCRIPTINE',1,1),(248,'BROMPHENIRAMINE MALEATE',1,1),(249,'BUCLIZINE',1,1),(250,'BUDESONIDE',1,1),(251,'BUDESONIDE+FORMOTEROL FUMARATE',1,1),(252,'BUPIVACAINE',1,1),(253,'BUPRENORPHINE',1,1),(254,'BUPROPION',1,1),(255,'BUSCOPAN',1,1),(256,'BUSPIRONE',1,1),(257,'CABERGOLIN',1,1),(258,'CABERGOLINE',1,1),(259,'CAFFEINE ',1,1),(260,'CAFFEINE CITRATE',1,1),(261,'CALAMINE',1,1),(262,'CALAMINE+ALOE VERA+LIQUID PARAFFIN',1,1),(263,'CALAMINE+ZINC OXIDE',1,1),(264,'CALCIPOTRIOL',1,1),(265,'CALCIPOTRIOL 0.005 % W/W AND CLOBETASOL PROPIONATE 0.05% W/W',1,1),(266,'CALCITONIN',1,1),(267,'CALCITONIN+SALMON',1,1),(268,'CALCITRIOL',1,1),(269,'CALCITRIOL+CALCIUM+CARBONATE+ZINC SOFTGEL',1,1),(270,'CALCITRIOL+ELEMENTAL CALCIUM+ZINC',1,1),(271,'CALCIUM',1,1),(272,'CALCIUM +VIT D3+MAGNESIUM',1,1),(273,'CALCIUM ACETATE',1,1),(274,'CALCIUM CARBONATE',1,1),(275,'CALCIUM CITRATE MALATE',1,1),(276,'CALCIUM CITRATE MALATE+VITAMIN D3',1,1),(277,'CALCIUM CITRATE MALATE+ZINC+ MAGESIUM+VITAMINE',1,1),(278,'CALCIUM CITRATE+CALCITRIOL+METHYLCOBALAMINE',1,1),(279,'CALCIUM DOBESILATE MONOHYDRATE ',1,1),(280,'CALCIUM FOLINATE',1,1),(281,'CALCIUM GLUCONATE',1,1),(282,'CALCIUM L5 METHYLTETRAHYDROFOLATE PYRIDOXAL5 PHOSPHATE MECOBALAMIN TABLETS',1,1),(283,'CALCIUM POLYSTYRENE SULFONATE',1,1),(284,'CALCIUM SUPPLEMENT',1,1),(285,'CALCIUM WITH MAGNESIUM+ZINC & VITAMIN D3',1,1),(286,'CALCIUM+ELEMENTAL IRON',1,1),(287,'CALCIUM+VIT D3',1,1),(288,'CALCIUM+ZINC+CALCITRIOL',1,1),(289,'CAMPHOR+CHLOROTHYMOL+EUCALYPOT+TERPINOL+MENTHOLL',1,1),(290,'CANAGLIFLOZIN',1,1),(291,'CAPACETABINE',1,1),(292,'CAPIXYL+BIOCHANIN A',1,1),(293,'CARBAMAZEPINE',1,1),(294,'CARBIDOPA+LEVODOPA',1,1),(295,'CARBIMAZOLE',1,1),(296,'CARBONYL IRON+FOLIC ACID',1,1),(297,'CARBOPLATIN',1,1),(298,'CARBOPROST',1,1),(299,'CARBOXY METHYL CELLULOSE SODIUM',1,1),(300,'CARBOXYMETHY CELLULOSE+POLYVIYAL ALCOHOL+POVIDONE+',1,1),(301,'CARBOXYMETHYLCELLULOSE',1,1),(302,'CARDIOPLEGIA',1,1),(303,'CARVEDILOL',1,1),(304,'CASPOFUNGIN',1,1),(305,'CEFACLOR',1,1),(306,'CEFALEXIN',1,1),(307,'CEFAZOLIN',1,1),(308,'CEFEPIME+TAZOBACTUM',1,1),(309,'CEFIXIME',1,1),(310,'CEFIXIME+CLAVULANIC ACID',1,1),(311,'CEFIXIME+OFLOXACIN',1,1),(312,'CEFIXIME+ORNIDAZOLE',1,1),(313,'CEFOPERAZONE+SULBACTAM SODIUM',1,1),(314,'CEFOPERAZONE+TAZOBACTAM',1,1),(315,'CEFOTAXIME',1,1),(316,'CEFOTAXIME+SULBACTUM',1,1),(317,'CEFPODOXIME',1,1),(318,'CEFPODOXIME PROXETIL',1,1),(319,'CEFPODOXIME PROXETIL+CLAVULANIC ACID',1,1),(320,'CEFPROZIL',1,1),(321,'CEFTAZIDIME',1,1),(322,'CEFTRIAXONE',1,1),(323,'CEFTRIAXONE+SULBACTUM',1,1),(324,'CEFTRIAXONE+TAZOBACTAM',1,1),(325,'CEFUROXIME',1,1),(326,'CEFUROXIME AXETIL',1,1),(327,'CEFUROXIME+CLAVULANIC ACID',1,1),(328,'CELECOXIB',1,1),(329,'CENTELLA ASIATICA',1,1),(330,'CEPHALEXIN',1,1),(331,'CEREBROPROTEIN HYDROLYSATE',1,1),(332,'CETEARYL ALCOHOL MACADAMIA INTEGRIFOLIA SEED OIL',1,1),(333,'CETIRIZINE',1,1),(334,'CETIRIZINE+DEFZALOCORT',1,1),(335,'CETRIMIDE+CHLORHEXIDINE GLUCONATE',1,1),(336,'CETRIZINE',1,1),(337,'CETRIZINE HCL',1,1),(338,'CETRORELIX',1,1),(339,'CETYL ALCOHOL',1,1),(340,'CETYL ALCOHOL+STEARYL ALCOHOL',1,1),(341,'CHICKENPOX VACCINE',1,1),(342,'CHLORAMBUCIL',1,1),(343,'CHLORAMPHENICOL',1,1),(344,'CHLORAMPHENICOL+BECLOMETHASONE+DIPROPIONATE+CLOTRIMAZOLE+LIGNOCAINE',1,1),(345,'CHLORAMPHENICOL+HYDROCORTISONE',1,1),(346,'CHLORDIAZEPOXIDE',1,1),(347,'CHLORDIAZEPOXIDE+CLINDINIUM BROMIDE',1,1),(348,'CHLORHEXIDINE',1,1),(349,'CHLORHEXIDINE GLUCONATE+ETHANOL',1,1),(350,'CHLORHEXIDINE GLUCONATE+MICONAZOLE NITRATE',1,1),(351,'CHLOROQUINE PHOSPHATE',1,1),(352,'CHLORPHENARMINE+PHENYL EPERINE+PARACETAMOL',1,1),(353,'CHLORPHENIRAMINE',1,1),(354,'CHLORPHENIRAMINE MALEATE+DEXTROMETHORPHAN HYDROBROMIDE',1,1),(355,'CHLORPHENIRAMINE MALEATE+PHENYL PROPANOLAMINE HCL',1,1),(356,'CHLORPHENIRAMINE+CODEINE PHOSPHATE',1,1),(357,'CHLORPHENIRAMINE+DEXTROMETHORPHAN',1,1),(358,'CHLORPHENIRAMINE+DIETHYL CARBAZINE',1,1),(359,'CHLORPHENIRAMINE+PHENYLEPHRINE',1,1),(360,'CHLORPNENIRAMINE+PHENYEPHRINE',1,1),(361,'CHLORPROMAZINE',1,1),(362,'CHLORTHALIDONE',1,1),(363,'CHLORZOXAZONE+DICLOFENAC POTASSIUMASSIUM+PARACETAMOL',1,1),(364,'CHLORZOXAZONE+PARACETAMOL',1,1),(365,'CHOLECALCIFEROL',1,1),(366,'CHOLECALCIFEROL + FERROUS ASCORBATE + FOLIC ACID & CYANOCOBALAMIN ',1,1),(367,'CHOLECALCIFEROL+ZINC+SELENIUM+OMEGA 3 FATTY ACID',1,1),(368,'CHOLERA VACCINE ',1,1),(369,'CHOLESTRYRAMINE',1,1),(370,'CHOLIN SALICYLATE+BENZALKONIUM CL',1,1),(371,'CHOLINE SALICYLATE',1,1),(372,'CHOLLAIDAL IRON+LYSINE',1,1),(373,'CHONDROITIN SODIUM SULFATE+COLLAGEN PEPTIDE+SODIUM HYALURONATE',1,1),(374,'CHORIONIC GONADOTROPHIN',1,1),(375,'CHROMIUM PICOLINATE+MYO INOSITOL+VIT D3',1,1),(376,'CHROMIUM+PYRIDOXAMINE+SELENIUM+ZINC+',1,1),(377,'CICLESONIDE+FORMOTEROL+TIOTROPIUM',1,1),(378,'CICLOPIROX OLAMINE',1,1),(379,'CILINIDIPINE',1,1),(380,'CILNIDIPINE',1,1),(381,'CILOSTAZOL',1,1),(382,'CIMETROPIUM BROMIDE',1,1),(383,'CINACALCET HYDROCHLORIDE',1,1),(384,'CINITAPRIDE',1,1),(385,'CINNARIZINE',1,1),(386,'CINNARIZINE AND DIMENHYDRINATE ',1,1),(387,'CINNARIZINE+DIMENHYDRINATE',1,1),(388,'CINNARIZINE+DOMPERIDONE',1,1),(389,'CIPROFLOXACIN',1,1),(390,'CIPROFLOXACIN+DEXAMETHASONE',1,1),(391,'CIPROFLOXACIN+TINIDAZOLE',1,1),(392,'CISPLATIN',1,1),(393,'CITICOLINE',1,1),(394,'CITICOLINE+PIRACETAM',1,1),(395,'CITRIC ACID +SODIUMCITRATE',1,1),(396,'CLARITHROMYCIN',1,1),(397,'CLARITHROMYCIN+ESOMEPRAZOLE+AMOXYCILLIN',1,1),(398,'CLIMABAZOLE+PIROCTONE OLAMINE+AMINODERMIN',1,1),(399,'CLINDAMYCIN',1,1),(400,'CLINDAMYCIN & NICOTINAMIDE',1,1),(401,'CLINDAMYCIN PHOSPHATE AND CLOTRIMAZOLE',1,1),(402,'CLINDAMYCIN+TRETINOIN',1,1),(403,'CLOBAZAM',1,1),(404,'CLOBETASOL',1,1),(405,'CLOBETASOL PROPIONATE & AMMONIUM LACTATE ',1,1),(406,'CLOBETASOL PROPIONATE+SALICYLIC ACID',1,1),(407,'CLOBETASOL+SALISYLIC ACID',1,1),(408,'CLOMIFENE',1,1),(409,'CLOMIFENE+COENZYME Q',1,1),(410,'CLOMIPHENE CITRATE',1,1),(411,'CLONAZEPAM',1,1),(412,'CLONAZEPAM+EXTOLOPRAM',1,1),(413,'CLONIDINE',1,1),(414,'CLONIDINE HCL+HYDROCHLOROTHIAZIDE',1,1),(415,'CLOPIDOGREL',1,1),(416,'CLOPIDOGREL+ASPIRIN',1,1),(417,'CLOPIDOGREL+ROSUVASTATIN',1,1),(418,'CLOTRIMAZOLE',1,1),(419,'CLOTRIMAZOLE+BECLOMETHASONE ',1,1),(420,'CLOTRIMAZOLE+BECLOMETHASONE DIPROPIONATE',1,1),(421,'CLOTRIMAZOLE+LIGNOCAINE',1,1),(422,'CLOTRIMAZOLE+MENTHOL+BORIC ACID+ZINC OXIDE',1,1),(423,'CLOTRIMAZOLE+SELENIUM DISUIPHIDE',1,1),(424,'CLOZAPINE',1,1),(425,'CO ENZYME Q10+MULTI VITAMINS',1,1),(426,'CO-TRIMOXAZOLE',1,1),(427,'COALTER+SALICYLIC ACID',1,1),(428,'CODEINE PHOSPHATE+CHLORPHENIRAMINE MALEATE',1,1),(429,'CODEINE SULPHATE',1,1),(430,'COENZYME Q10',1,1),(431,'COLCHICINE',1,1),(432,'COLISTIMETHATE SODIUM',1,1),(433,'COLISTIN SULFATE',1,1),(434,'COLLAGEN',1,1),(435,'COLLOIDAL OATMEAL',1,1),(436,'COLLOIDAL SILVER',1,1),(437,'COLOSTRUM SACCHAROMYCES BOULARDII + VITAMIN D3 CAPSULES',1,1),(438,'CONJUGATED OESTROGENS',1,1),(439,'CONTRACEPTIVE',1,1),(440,'CORTICOTROPHIN',1,1),(441,'COSMETICS',1,1),(442,'COUMARIN',1,1),(443,'CRANBERRY AND D-MANNOSE ',1,1),(444,'CTEARYL ALCOHOL+CETOSTEARYL',1,1),(445,'CURCUMALONGA CAP',1,1),(446,'CURCUMIN',1,1),(447,'CYCLOBENZAPRINE',1,1),(448,'CYCLOPENTOLATE',1,1),(449,'CYCLOPHOSPHAMIDE',1,1),(450,'CYCLOSERINE',1,1),(451,'CYCLOSPORIN ',1,1),(452,'CYCLOSPORIN A',1,1),(453,'CYPROHEPTADINE',1,1),(454,'CYTOSINE ARABINOSIDE',1,1),(455,'D-PENICILLAMINE',1,1),(456,'DABIGATRAN ETEXILATE',1,1),(457,'DACARBAZINE',1,1),(458,'DACTINOMYCIN',1,1),(459,'DALTEPARIN',1,1),(460,'DANAZOL',1,1),(461,'DAPAGLIFLOZIN',1,1),(462,'DAPSONE',1,1),(463,'DAPTOMYCIN',1,1),(464,'DARBEPOETIN ALFA',1,1),(465,'DARIFENACIN',1,1),(466,'das',1,1),(467,'DECA PEPTIDE',1,1),(468,'DEFEROXAMINE',1,1),(469,'DEFLAZACORT',1,1),(470,'DEHYDROEPIANDROSTERONE',1,1),(471,'DENOSUMAB',1,1),(472,'DESLORATADINE',1,1),(473,'DESLORATADINE+MONTELUKAST',1,1),(474,'DESMOPRESSIN',1,1),(475,'DESOGESTREL+ETHINYLESTRADIOL',1,1),(476,'DESONIDE',1,1),(477,'DESVENLAFAXINE',1,1),(478,'DEVICE',1,1),(479,'DEXAMETASONE',1,1),(480,'DEXAMETHASONE',1,1),(481,'DEXIBUPROFEN',1,1),(482,'DEXIBUPROFEN+PARACETAMOL',1,1),(483,'DEXMEDETOMIDINE',1,1),(484,'DEXRABEPRAZOLE',1,1),(485,'DEXTRAN',1,1),(486,'DEXTROMETHORPHAN',1,1),(487,'DEXTROMETHORPHAN Hbr+PHENYLEPHRINE+CHLORPHENIRAMINE MALEATE',1,1),(488,'DEXTROMETHORPHAN+CETIRIZINE+PHENYLEPHRINE',1,1),(489,'DEXTROMETHORPHAN+PHENYLEPHRINE+TRIPROLIDINE',1,1),(490,'DEXTROMETHORPHEN+CETRIZINE+',1,1),(491,'DEXTROSE',1,1),(492,'DEXTROSE 10%',1,1),(493,'DEXTROSE 25%',1,1),(494,'DEXTROSE 5%',1,1),(495,'DHA RICH ALGAL OLI+LUTEIN+ASTAXANTHIN+L-GLUTHATHIONE CAPSULES',1,1),(496,'DIAPER',1,1),(497,'DIATASE + PEPSIN + ALPHA GALACTOSIDASE + LIPASE',1,1),(498,'DIATRIZOATE MEGLUMINE+DIOTRIZOATE SODIUM',1,1),(499,'DIAZEPAM',1,1),(500,'DIBUCAINE+N.N-DIHYDROXYMETHYL CARBAMIDE',1,1),(501,'DICLOFENAC',1,1),(502,'DICLOFENAC DIETHYLAMINE+LINSEED OIL+METHYL SALICYLATE+MENTHOL',1,1),(503,'DICLOFENAC SODIUM',1,1),(504,'DICLOFENAC SODIUM+LINSEED OIL+METHYL SALICYLATE+MENTHOL+BENZYL ALCOHOL',1,1),(505,'DICLOFENAC+METAXALONE',1,1),(506,'DICLOFENAC+METHYL SALICYLATE+OLEUM LINI+MENTHOL',1,1),(507,'DICLOFENAC+MISOPROSTOL',1,1),(508,'DICLOFENAC+PARACETAMOL',1,1),(509,'DICLOFENAC+SERRATIOPEPTIDASE',1,1),(510,'DICYCLOMINE+MEFENAMIC',1,1),(511,'DICYCLOMINE+PARACETAMOL',1,1),(512,'DICYCLOMINE+SIMETHICONE',1,1),(513,'DICYCLOVERINE HYDROCHLORIDE',1,1),(514,'DIETHYL CARBAMAZINE',1,1),(515,'DIFLUPREDNATE OPHTHALMIC',1,1),(516,'DIGESTIVES ENZYME',1,1),(517,'DIGOXIN',1,1),(518,'DIHYDRALAZINE SULPHATE',1,1),(519,'DILTIAZEM',1,1),(520,'DIMENHYDRINATE',1,1),(521,'DIMETHICONE ZINC OXIDE CALAMINE&CETRIMIDE ',1,1),(522,'DIMETHICONE+ASCORBYL TETRAISOPALMITATE',1,1),(523,'DINOPROSTONE',1,1),(524,'DIPHENHYDRAMINE',1,1),(525,'DIPHTHERIA+TETANUS+PERTUSIS+HIB',1,1),(526,'DIPHTHERIA+TETANUS+PERTUSSIS+HEPATITIS B+HEAMOPHILUS TYPE B VACCINE',1,1),(527,'DIPHTHERIA+TETANUS+PERTUSSIS+POLIOMYELITIS+HEAMOPHILUS+INFLUENZAE TYPE B VACCINE',1,1),(528,'DIPTHERIA+TETANUS+PERTUSIS',1,1),(529,'DISODIUM HYDROGEN CITRATE',1,1),(530,'DIVALPROEX',1,1),(531,'DOBUTAMINE',1,1),(532,'DOCETAXEL',1,1),(533,'DOCOSAHEXAENOIC',1,1),(534,'DOMPERIDONE',1,1),(535,'DOMPERIDONE+PARACETAMOL',1,1),(536,'DONEPEZIL',1,1),(537,'DOPAMINE',1,1),(538,'DORIPENEM',1,1),(539,'DOSULEPIN',1,1),(540,'DOSULEPIN+METHYLCOBALAMIN',1,1),(541,'DOTHIEPIN',1,1),(542,'DOXICYCLINE',1,1),(543,'DOXOFYLLINE',1,1),(544,'DOXORUBICIN',1,1),(545,'DOXYCYCLINE',1,1),(546,'DOXYLAMINE',1,1),(547,'DOXYLAMINE+PYRIDOXINE',1,1),(548,'DRIED ALUM HYDROXIDE+MAG HYDROXIDE+SIMETHICONE',1,1),(549,'DROSPIRENONE+ETHINYLESTRADIOL',1,1),(550,'DROTAVERINE',1,1),(551,'DROTAVERINE+MEFENAMIC ACID',1,1),(552,'DULOXETINE',1,1),(553,'DUTASTERIDE',1,1),(554,'DUTASTERIDE+TAMSULOSIN',1,1),(555,'DYDROGESTERONE',1,1),(556,'EBASTINE',1,1),(557,'EBASTINE+PHENYLEPHRINE',1,1),(558,'EBERCONAZOLE',1,1),(559,'EDARAVONE',1,1),(560,'EFAVIRENZ',1,1),(561,'EFLORNITHINE HCL',1,1),(562,'ELECTRAL',1,1),(563,'ELECTROLYTES',1,1),(564,'ELEMENTAL CALCIUM+CALCITRIOL',1,1),(565,'ELEMENTAL CALCIUM+CALCITRIOL+VIT K',1,1),(566,'ELEMENTAL CALCIUM+VITAMIN D3',1,1),(567,'ELEMENTAL IRON',1,1),(568,'ELEMENTAL IRON+FOLIC ACID',1,1),(569,'ELEMENTAL IRON+FOLIC ACID+ZINC SULPHATE',1,1),(570,'ELEMENTAL IRON+MULTI VITAMINS',1,1),(571,'EMPAGLIFLOZIN',1,1),(572,'ENALAPRIL',1,1),(573,'ENOXAPARIN',1,1),(574,'ENTECAVIR',1,1),(575,'EPELRESTAT',1,1),(576,'EPHEDRINE',1,1),(577,'EPIRUBICIN',1,1),(578,'EPLERENONE',1,1),(579,'ERGOTAMINE+CAFFEINE+PARACETAMOL+PROCHLORPERAZINE',1,1),(580,'ERLOTINIB',1,1),(581,'ERTAPENEM',1,1),(582,'ERYTHROMYCIN',1,1),(583,'ERYTHROPOIETIN',1,1),(584,'ESCITALOPRAM',1,1),(585,'ESCTALOPRAM',1,1),(586,'ESCTALOPRAM+CLONAZEPAM',1,1),(587,'ESOMEPRAZOLE',1,1),(588,'ESOMEPRAZOLE+DOMPERIDONE',1,1),(589,'ESOMEPRAZOLE+ITOPRIDE',1,1),(590,'ESOMEPRAZOLE+LEVOSULPIRIDE',1,1),(591,'ESSENTTAL AMIND ACIDS',1,1),(592,'ESTRADIOL VALERATE',1,1),(593,'ETHAMBUTOL',1,1),(594,'ETHAMBUTOL+ISONIAZID',1,1),(595,'ETHAMSYLATE',1,1),(596,'ETHER',1,1),(597,'ETHINYL ESTRADIOL+DESOGESTREL',1,1),(598,'ETHINYLESTRADIOL+CYPROTERONE ACETATE',1,1),(599,'ETHIONAMIDE',1,1),(600,'ETIZOLAM',1,1),(601,'ETODOLAC',1,1),(602,'ETODOLAC+PARACETAMOL',1,1),(603,'ETOPHYLLINE+THEOPHYLLINE',1,1),(604,'ETOPOSIDE',1,1),(605,'ETORICOXIB',1,1),(606,'ETORICOXIB+THIOCOLCHICOSIDE',1,1),(607,'EUPHORBIA EXT',1,1),(608,'EUPHORBIA EXTRACT',1,1),(609,'EVENING PRIME ROSE OIL',1,1),(610,'EVENING PRIMROSE OIL',1,1),(611,'EXEMESTANE',1,1),(612,'EXENATIDE',1,1),(613,'EZETIMIBE',1,1),(614,'FAMOTIDINE',1,1),(615,'FAROPENEM',1,1),(616,'FEBUXOSTAT',1,1),(617,'FENOFIBRATE',1,1),(618,'FENOFIBRATE+OLMESARTON',1,1),(619,'FERACRYLUM',1,1),(620,'FERIC PYROPHOSPHATE + SUCROSOMINAL + IRON',1,1),(621,'FERRIC CARBOXYMALTOSE',1,1),(622,'FERRIC CARBOXYMETHYL CELLULOSE',1,1),(623,'FERROUS AMM CITRATE+FOLIC ACID+VITAMIN B12+ZINC SULPHATE',1,1),(624,'FERROUS ASCORBATE+FOLIC ACID',1,1),(625,'FERROUS FUMARATE+FOLIC ACID+VITAMIN B12+VIT C',1,1),(626,'FERROUS FUMARATE+FOLIC ACID+VITAMIN B12+ZINC SULPHATE',1,1),(627,'FERROUS FUMERATE+FOLIC ACID',1,1),(628,'FERROUS SULPHATE+FOLIC ACID',1,1),(629,'FERROUS SULPHATE+FOLIC ACID+ZINC SULPHATE',1,1),(630,'FERROUS SULPHATE+VITAMIN B COMPLEX',1,1),(631,'FEXOFENADINE',1,1),(632,'FEXOFENADINE HCL&MONTELUKAST',1,1),(633,'FEXOFENADINE+MONTELUKAST',1,1),(634,'FILGRASTIM',1,1),(635,'FINASTERIDE',1,1),(636,'FLAVONOIDS',1,1),(637,'FLAVOXATE',1,1),(638,'FLAVOXATE HCL',1,1),(639,'FLOUROMETHALONE ',1,1),(640,'FLUCONAZOLE',1,1),(641,'FLUCONAZOLE+ZINC PYRITHIONE',1,1),(642,'FLUDROCORTISONE',1,1),(643,'FLUNARIZINE',1,1),(644,'FLUOCINOLONE ACETONIDE',1,1),(645,'FLUOROMETHOLONE',1,1),(646,'FLUOROURACIL',1,1),(647,'FLUOXETINE',1,1),(648,'FLUPIRTINE MALEATE',1,1),(649,'FLUPIRTINE MALEATE+PARACETAMOL',1,1),(650,'FLUTICASONE',1,1),(651,'FLUTICASONE FUROATE',1,1),(652,'FLUTICASONE PROPIONATE+MUPIROCIN',1,1),(653,'FLUTICASONE PROPIONATE+SALMETEROL',1,1),(654,'FLUTICASONE+MUPIROCIN',1,1),(655,'FLUVOXAMINE',1,1),(656,'FOLIC ACID',1,1),(657,'FOLIC ACID+CYANOCOBALAMIN',1,1),(658,'FOLIC ACID+VIT B6+VIT B12',1,1),(659,'FOLIC ACID+VITAMIN B12',1,1),(660,'FOLINIC ACID',1,1),(661,'FOLLITROPHIN',1,1),(662,'FONDAPARINUX SODIUM',1,1),(663,'FONDAXAPARIN',1,1),(664,'FORMALDEHYDE SOLUTION',1,1),(665,'FORMOTEROL+BECLOMETHASONE',1,1),(666,'FORMOTEROL+BUDESONIDE',1,1),(667,'FORMOTEROL+FLUTICASONE PROPIONATE',1,1),(668,'FOSAPREPITANT',1,1),(669,'FOSFOMYCIN',1,1),(670,'FOSPHENYTOIN',1,1),(671,'FRAMYCETIN SULPHATE',1,1),(672,'FREEZE DRIED BACTERIAL LYSATE',1,1),(673,'FRESH HUMAN PLACENTA',1,1),(674,'FRUSEMIDE',1,1),(675,'FRUSEMIDE+SPIRONOLACTONE',1,1),(676,'FUNGAL DIASTASE+PAPAIN',1,1),(677,'FUNGAL DIASTASE+PEPSIN',1,1),(678,'FURMALDEHYDE + GULTARADEHYDE+BENZALKONIUM CL',1,1),(679,'FUSIDIC ACID',1,1),(680,'GABABENTIN+METHYLCOBALAMINE',1,1),(681,'GABAPENTIN',1,1),(682,'GABAPENTIN+MECOBALAMIN',1,1),(683,'GABAPENTIN+MECOBALAMIN+ALPHA LIPOIC ACID',1,1),(684,'GABAPENTIN+METHYLCOBALAMINE+ALPHA LIPOIC ACID',1,1),(685,'GAMMA BENZENE HEXACHLORIDE+CETRIMIDE',1,1),(686,'GARCINA + CHROMIUM',1,1),(687,'GARLIC OIL',1,1),(688,'GATIFLOXACIN',1,1),(689,'GEFITINIB',1,1),(690,'GEFTINIB',1,1),(691,'GELATIN+MAGNESIUM+SODIUM',1,1),(692,'GEMCITABINE',1,1),(693,'GENTAMICIN',1,1),(694,'GINKGO BILOBA',1,1),(695,'GINKOBA BILOBA+VIT B6+L METHYL FOLATE&ALPHA LIPOIC ACID',1,1),(696,'GLIBENCLAMIDE',1,1),(697,'GLIBENCLAMIDE+METFORMIN',1,1),(698,'GLICLAZIDE',1,1),(699,'GLICLAZIDE+METFORMIN HCL',1,1),(700,'GLIMEPIRIDE',1,1),(701,'GLIMEPIRIDE+METFORMIN',1,1),(702,'GLIMEPIRIDE+METFORMIN HCL',1,1),(703,'GLIMEPIRIDE+PIOGLITAZONE+METFORMIN HCL',1,1),(704,'GLIPIZIDE',1,1),(705,'GLIPIZIDE+METFORMIN',1,1),(706,'GLIPIZIDE+METFORMIN HCL',1,1),(707,'GLUCAGON',1,1),(708,'GLUCOSAMINE +VIT D3',1,1),(709,'GLUCOSAMINE SULPHATE',1,1),(710,'GLUCOSAMINE SULPHATE+CHONDROITIN SULPHATE',1,1),(711,'GLUCOSAMINE+CHONDROITIN',1,1),(712,'GLUCOSAMINE+CHONDROITIN+MSM+VIT+MINERALS',1,1),(713,'GLUCOSAMINE+DIACERIN',1,1),(714,'GLUCOSAMINE+MSM+VIT D3',1,1),(715,'GLUTATHIONE',1,1),(716,'GLYCERIN +POLYETHYLIN GLYCOL+POLY VINAYL ',1,1),(717,'GLYCERIN+DIETHYL BOLDINE+JOJABA OIL+CETYL ALCOHOL',1,1),(718,'GLYCERIN+DISTEARYLDIMONIUM CHLORIDE+PETROLATUM+ISOPROPYL PALMITATE+CETYL ALCOHOL+DIMETHICONE+COLLOID',1,1),(719,'GLYCERIN+HYDROXYETHYLCELLULOSE',1,1),(720,'GLYCERIN+MATRIXYL 3000+JOJOBA OIL+CYCLOMETHICONE+DIMETICONE',1,1),(721,'GLYCERINE',1,1),(722,'GLYCERYL GLYCOLATE+PHOSPHOLIPIDS',1,1),(723,'GLYCERYL TRINITRATE',1,1),(724,'GLYCOLI+KOJIC ACID+ARBUTIN',1,1),(725,'GLYCOLIC ACID',1,1),(726,'GLYCOLIC ACID+GLYCERINE+SODIUM HYDROXIDE',1,1),(727,'GLYCOPYROLATE',1,1),(728,'GLYCOPYRRONIUM',1,1),(729,'GONADOTROPHIN',1,1),(730,'GRANISETRON',1,1),(731,'GRAPE SEED EXTRACT',1,1),(732,'GRAPE SEED EXTRACT+MAGNESIUM+RESVERATROL+VITAMIN D',1,1),(733,'GRISEOFULVIN',1,1),(734,'GUAIPHENESIN+DEXTROMETHORPHAN+PHENYLEPHRINE+CHLORPHENIRAMINE MALEATE',1,1),(735,'HAEMOUPHILUS',1,1),(736,'HALOBETASOL PROPIONATE',1,1),(737,'HALOBETASOL PROPIONATE+FUSIDIC ACID',1,1),(738,'HALOBETASOL PROPIONATE+SALICYLIC ACID',1,1),(739,'HALOBETASOL+SALICYLIC ACID',1,1),(740,'HALOPERIDOL',1,1),(741,'HEPARIN',1,1),(742,'HEPARIN SODIUM',1,1),(743,'HEPARIN SODIUM+ALANTOIN',1,1),(744,'HEPARIN SODIUM+ALLANTOIN+CEPAE EXT',1,1),(745,'HEPARIN SODIUM+BENZYL NICOTINATE',1,1),(746,'HEPARIN+BENZYL NICOTINATE',1,1),(747,'HEPATITIS A VACCINE',1,1),(748,'HEPATITIS B',1,1),(749,'HEPATITIS B VACCINE',1,1),(750,'HERBAL PREPARATION',1,1),(751,'HEXACHLOROPHENE',1,1),(752,'HIGHLY BIOAVAILABLE CALCIUM',1,1),(753,'HOMOCYSTEINE+OMEGA 3 FATTY ACID+VIT C E+ZINC+ BIOTIN+LUTEIN+SELENIUM+ZEAXANTHIN',1,1),(754,'HONEY',1,1),(755,'HOYA ISERT IOL',1,1),(756,'HUMAN ANTI-D IMMUNOGLOBULIN',1,1),(757,'HUMAN ERYTHROPIOTIN',1,1),(758,'HUMAN INSULIN',1,1),(759,'HUMAN INSULIN+ISOPHENE INSULIN',1,1),(760,'HUMAN PAPILLOMAVIRUS VACCINE',1,1),(761,'HUMANCHORIONIC GONADOTROPHIN',1,1),(762,'HYALURONI ACID',1,1),(763,'HYALURONIC ACID',1,1),(764,'HYALURONIC ACID CERAMIDE CHOLESTEROL FATTY ACID',1,1),(765,'HYALURONIDASE',1,1),(766,'HYDRO CORTISONE+HYDROQUINONE+TRETINOIN',1,1),(767,'HYDROCHLOROTHIAZIDE',1,1),(768,'HYDROCHLOROTHIAZIDE+LOSARTAN',1,1),(769,'HYDROCHLOROTHIAZIDE+OLMESARTAN',1,1),(770,'HYDROCHLOROTHIAZIDE+TELMISARTAN',1,1),(771,'HYDROCHLOROTHIAZIDE+VALSARTAN',1,1),(772,'HYDROCORTISONE',1,1),(773,'HYDROGEN PEROXIDE',1,1),(774,'HYDROQUIONE',1,1),(775,'HYDROQUIONE +TRETINOIN+MOMETASONE',1,1),(776,'HYDROXY METHYL STARCH+SODIUM CHLORIDE',1,1),(777,'HYDROXY METHYLCELLULOSE',1,1),(778,'HYDROXY PROPYL METHYL CELLULOSE',1,1),(779,'HYDROXY UREA',1,1),(780,'HYDROXYCHLOROQUINE',1,1),(781,'HYDROXYCHLOROQUINE SULPHATE',1,1),(782,'HYDROXYCORTISONE ACETATE',1,1),(783,'HYDROXYDECIN',1,1),(784,'HYDROXYPROGESTERON',1,1),(785,'Hydroxypropyl methylcellulose',1,1),(786,'Hydroxypropyl methylcellulose +Benzalkon chl + Borax + Boric acid + Pot chl',1,1),(787,'HYDROXYZINE',1,1),(788,'HYPROMELLOSE',1,1),(789,'IBANDRONIC ACID',1,1),(790,'IBUPROFEN',1,1),(791,'IBUPROFEN + PARACETAMOL + CHLORZOXAZONE',1,1),(792,'IBUPROFEN+PARACETAMOL',1,1),(793,'ICHTHAMMOL GLYCERIN',1,1),(794,'Ichthyol Pale',1,1),(795,'IDEBENONE',1,1),(796,'IFOSFAMIDE',1,1),(797,'ILAPRAZOLE & DOMPERIDONE',1,1),(798,'ILAPRAZOLE +LEVOSULPIRIDE ',1,1),(799,'IMATINIB',1,1),(800,'IMEPENEM+CILASTATIN',1,1),(801,'IMIPRAMINE',1,1),(802,'IMIPRAMINE HCL+DIAZEPAM',1,1),(803,'IMMUNOGLOBULIN',1,1),(804,'IMMUNOGLOBULIN+TETANUS',1,1),(805,'INDACATEROL',1,1),(806,'INDAPAMIDE',1,1),(807,'INDOMETHACIN',1,1),(808,'INFLUENZA',1,1),(809,'INSTRUMENT',1,1),(810,'INSULATARD INSULIN',1,1),(811,'INSULIN',1,1),(812,'INSULIN AND OTHER ANTIDIABETIC AGENTS',1,1),(813,'INSULIN GLARGINE',1,1),(814,'INSULIN GLULISINE',1,1),(815,'INTENSIVE ANTI AGING SERUM',1,1),(816,'INTERFERON ALFA 2B',1,1),(817,'IOHEXOL',1,1),(818,'IPRATROPIUM BROMIDE',1,1),(819,'IPRATROPIUM BROMIDE+SALBUTAMOL',1,1),(820,'IRBESARTAN',1,1),(821,'IRINOTECAN',1,1),(822,'IRON',1,1),(823,'IRON PYROPHOSPHATE',1,1),(824,'IRON SUCROSE',1,1),(825,'ISOLAZINE ISORBIDE DINITRATE+HYDRALAZINE HCL',1,1),(826,'ISONIAZID+PYRIDOXINE HCL',1,1),(827,'ISONIAZID+VITAMIN B6',1,1),(828,'ISOPHANE INSULIN',1,1),(829,'ISOPRENALINE',1,1),(830,'ISOPROPONOL+BENZALKONIUM CL',1,1),(831,'ISOSOR MONONITRATE',1,1),(832,'ISOSORBIDE DINITRATE',1,1),(833,'ISOSORBIDE MONONITRATE',1,1),(834,'ISOSORBITE MONONITRATE',1,1),(835,'ISOTONIC SEAWATER',1,1),(836,'ISOTRETINOIN',1,1),(837,'ISOXSUPRINE',1,1),(838,'ISPAGUL ',1,1),(839,'ITOPRIDE HCL',1,1),(840,'ITRACONAZOLE',1,1),(841,'IVABRADINE',1,1),(842,'IVERMECTIN',1,1),(843,'IVERMETICIN+ALBENDAZOLE',1,1),(844,'KETOANALOGUES+ESSENTIAL+AMINO ACIDS',1,1),(845,'KETOCONAZOLE',1,1),(846,'KETOCONAZOLE GLYCERINE KOKUM BUTTER AND OLIVE OIL ',1,1),(847,'KETOCONAZOLE+ZINC PYRITHIONONE',1,1),(848,'KETOROLAC',1,1),(849,'KETOTIFEN',1,1),(850,'KNEE CAP',1,1),(851,'KOJIC ACID DIPALMITATE',1,1),(852,'KOJIC ACID DIPALMITATE+POT AZELOYL DIGLYCINATE',1,1),(853,'KOJIC ACID+ARBUTIN+OCTINOXATE+MULBERRY EXT',1,1),(854,'KOJIC ACID+GLYCOLIC ACID',1,1),(855,'KOJIC ACID+LIQUORICE',1,1),(856,'L ARGININE GRANULES',1,1),(857,'L CARNITINE+UBIDECARENONE+ASTAXANTHIN+ZINC',1,1),(858,'L GLUTAMINE',1,1),(859,'L HISTIDINE+L LYSINE+METHIONINE',1,1),(860,'L METHYL FOLATE+METHYLCOBALAMINE++PYRIDOXINE',1,1),(861,'L-ALANYL-L-GLUTAMINE',1,1),(862,'L-ARGININE',1,1),(863,'L-Arginine L-Histidine L-Isoleucine L-Leucine L-Lysine L-Methionine L-Phenylalamine L-Threoni',1,1),(864,'L-ARGININE+PROATHOCYANIDINS',1,1),(865,'L-CARNITINE',1,1),(866,'L-CARNITINE+METHYLCOBALAMINE+FOLIC ACID',1,1),(867,'L-GLTAMIC ACID+LUTIEN+ZEAXANTHIN+',1,1),(868,'L-GLUTAMINE+BCAA SUPPLEMENT',1,1),(869,'L-GLUTAMINE+NEOMYCIN',1,1),(870,'L-GLUTATHIONE+L ARGININE+ESSENTIAL VITAMINS',1,1),(871,'L-METHYLFOLATE PYRIDOXAL 5 PHOSPHATE METHYCOBALAMIN DHA SOFTGELATIN CAPSULES',1,1),(872,'L-ORNITHINE+L-ASPARTATE',1,1),(873,'LABETALOL',1,1),(874,'LABETOLOL',1,1),(875,'LACOSAMIDE',1,1),(876,'LACTIC ACID',1,1),(877,'LACTIC ACID BACILLUS',1,1),(878,'LACTITOL MONOHYDRATE+BENZOIC ACID',1,1),(879,'LACTO BACILLUS ACIDOPHILUS+RHAMNOSUS+BIFIDOBACTERIUM LONGUM+B.INFANTIS+SACCHROMYCES BOULARDII+FOS+ZI',1,1),(880,'LACTOBACILLUS ',1,1),(881,'LACTOBACILLUS ACIDOPHILUS+BIFIDOBACTERIUM B1.B',1,1),(882,'LACTOBACILLUS SPOREGENES',1,1),(883,'LACTOBACILLUS+VITAMIN B COMPLEX',1,1),(884,'LACTOSERUM ATOMIZATE+LACTIC ACID',1,1),(885,'LACTULOSE',1,1),(886,'LAFUTIDINE',1,1),(887,'LAFUTIDINE+DOMPERIDONE',1,1),(888,'LAMIVUDINE',1,1),(889,'LAMIVUDINE+ZIDOVUDINE',1,1),(890,'LAMOTRIGINE',1,1),(891,'LANSOPRAZOLE',1,1),(892,'LAPATINIB',1,1),(893,'LARGE PARTICLE STERILE TALC',1,1),(894,'LAXATIVE',1,1),(895,'LECITHIN SOYA+ARTICHOKE EXTRACT+SILYMARIN+PYRIDOXAL5+PHOSPHATE+L METHYL FOLATE',1,1),(896,'LEFLUNOMIDE',1,1),(897,'LENALIDOMIDE',1,1),(898,'LETROZOLE',1,1),(899,'LEUCOVORIN CALCIUM',1,1),(900,'LEUPROLIDE ACETATE',1,1),(901,'LEVAMISOLE',1,1),(902,'LEVETIRACETAM',1,1),(903,'LEVETIRACETAM+METHYL PARABEN+PROPYL PARABEN',1,1),(904,'LEVOCARNITINE',1,1),(905,'LEVOCETIRIZINE',1,1),(906,'LEVOCETRIZINE+DIHYDROCHLORIDE+MONTELUKEST',1,1),(907,'LEVODROPROPIZINE+CHLORPHENIRAMINE',1,1),(908,'LEVOFLOXACIN',1,1),(909,'LEVONORGESTROL+EHINYLOESTRADIOL',1,1),(910,'LEVOSALBUTAMOL',1,1),(911,'LEVOSALBUTAMOL SULPHATE+AMBROXOL HCL+GUAIPHENESIN',1,1),(912,'LEVOSALBUTAMOL+BECLOMETHASONE',1,1),(913,'LEVOSALBUTAMOL+IPRATROPIUM BROMIDE',1,1),(914,'LEVOSIMENDEN',1,1),(915,'LEVOSULPIRIDE SR & PANTOPRAZOLE TAB',1,1),(916,'LEVOSULPRIDE',1,1),(917,'LEVOSULPRIDE+METHY POLYSILOXANE',1,1),(918,'LICORICE+NIACINAMIDE',1,1),(919,'LIDOCAINE+HYDROCORTISONE+ALLANTOIN+ZINC OXIDE',1,1),(920,'LIDOCAINE+PRILOCAINE',1,1),(921,'LIDOCAINE+PULOCAINE',1,1),(922,'LIGNOCAINE',1,1),(923,'LIGNOCAINE+ADRENALINE',1,1),(924,'LIGNOCAINE+SODIUM CHLORIDE',1,1),(925,'LIGNOCAINE+ZINC+CALCIUM DOBESILATE+HYDROCORTISONE',1,1),(926,'LINAGLIPTIN',1,1),(927,'LINDANE+ BENZOCAINE',1,1),(928,'LINEZOLID',1,1),(929,'LINOLIECACID+SODIUM CHLORIDE+SODIUM LACTATE',1,1),(930,'LIPASE+PROTEASE+AMYLASE',1,1),(931,'LIPOSOMAL AMPHOTERICIN B',1,1),(932,'LIPSOMAL DOXORUBICIN',1,1),(933,'LIQUID PARAEIN + MILK O MAGNESIA',1,1),(934,'LIQUID PARAFFIN',1,1),(935,'LIQUID PARAFFIN+MILK OF MAGNESIA+PHENOLPHTHALENE??',1,1),(936,'LIRAGLUTIDE',1,1),(937,'LISINOPROL',1,1),(938,'LISPRO PROTAMINE INSULIN',1,1),(939,'LITHIUM',1,1),(940,'ll',1,1),(941,'LONG CHAIN FATTY ACID',1,1),(942,'LOPERAMIDE',1,1),(943,'LORATADINE',1,1),(944,'LORAZEPAM',1,1),(945,'LORNOXICAM+PARACETAMOL',1,1),(946,'LOSARTAN',1,1),(947,'LOSARTAN POTASSIUM',1,1),(948,'LOTEPREDNOL ETABONATE',1,1),(949,'LOWER PROTEIN SUPPLEMENT',1,1),(950,'LOXAPINE',1,1),(951,'LYCOPENE',1,1),(952,'LYCOPENE+SELENIUM',1,1),(953,'LYNESTRENOL',1,1),(954,'LYOPHILISED GARCINA CAMBOGIA+HOODIA+ GREEN TEA &BALCK TEA EXTRACT+GARLIC POWDER+MGO2',1,1),(955,'MAGNESIUM HYDROXIDE',1,1),(956,'MAGNESIUM OXIDE',1,1),(957,'MAGNESIUM SULPHATE',1,1),(958,'MANNITOL',1,1),(959,'MEBENDAZOLE',1,1),(960,'MEBEVERINE',1,1),(961,'MEBEVRINE HYDROCHLORIDE 135MG & CHLORDIAZEPOXIDE 5MG',1,1),(962,'MECLIZINE HCL+CAFFEINE',1,1),(963,'MECOBALAMIN',1,1),(964,'MECOBALAMIN+BENFOTIAMINE+PYRIDOXINE+FOLIC ACID',1,1),(965,'MEDROXYPROGESTERONE',1,1),(966,'MEFLOQUINE',1,1),(967,'MEGESTROL',1,1),(968,'MEGESTROL ACETATE',1,1),(969,'MELATONIN',1,1),(970,'MEMANTINE',1,1),(971,'MENADIONE',1,1),(972,'MENOTROPHIN',1,1),(973,'MENTHOL',1,1),(974,'MENTHOL+AMMONIUM CHLORIDE+DIPHENHYDRAMINE',1,1),(975,'MEPHENTERMINE SULPHATE',1,1),(976,'MERBROMIN',1,1),(977,'MEROPENEM',1,1),(978,'MEROPENEM+SULBACTUM',1,1),(979,'MESALAMINE',1,1),(980,'MESALAZINE',1,1),(981,'MESNA',1,1),(982,'METADOXINE',1,1),(983,'METADOXINE+SILYMARIN+L-ORNITHINE+L-ASPARTATE+FOLIC ACID+VITAMIN B6+TAURINE',1,1),(984,'METAXALONE',1,1),(985,'METFORMIN',1,1),(986,'METFORMIN + HCL SUSTAINED RELEASE GLIMEPIRIDE&VOGLIBOSE',1,1),(987,'METFORMIN ER 1GM+GLIMEPRIDE 1GM',1,1),(988,'METFORMIN ER 500MG+GLIMEPRIDE 500MG',1,1),(989,'METFORMIN HCL',1,1),(990,'METFORMIN+PIOGLITAZONE',1,1),(991,'METFORMIN+PIOGLITAZONE+GLIMEPIRIDE',1,1),(992,'METHDILAZINE',1,1),(993,'METHOTREATE TABS',1,1),(994,'METHOTREXATE',1,1),(995,'METHYCLBALAMIN+PREGABALIN+B6+FOLIC ACID',1,1),(996,'METHYL COBALAMINE+VIT B1+VIT B6+ALPHA LIPOIC ACID+FOLIC ACID',1,1),(997,'METHYL FOLATE',1,1),(998,'METHYL PREDNISOLONE',1,1),(999,'METHYLCOBALAMIN',1,1),(1000,'METHYLCOBALAMIN+FOLIC ACID+PYRIDOXINE',1,1),(1001,'METHYLCOBALAMIN+GABAPENTIN',1,1),(1002,'METHYLCOBALAMIN+PYRIDOXINE HCL&NICOTINAMIDE',1,1),(1003,'METHYLCOBALAMINE',1,1),(1004,'METHYLCOBALAMINE+ALPHA LIPOIC ACID',1,1),(1005,'METHYLCOBALAMINE+ALPHA LIPOIC ACID+VIT B6+FOLIC ACID',1,1),(1006,'METHYLCOBALAMINE+BENZYL ALCOHOL',1,1),(1007,'METHYLCOBALAMINE+FOLIC ACID+PYRIDOXINE',1,1),(1008,'METHYLCOBALAMINE+NICOTINAMIDE+FOLIC ACID',1,1),(1009,'METHYLCOBALAMINE+PREGABLIN',1,1),(1010,'METHYLCOBALAMINE+PYRIDOXINE+VIT B1+ VIT B6',1,1),(1011,'METHYLCOBALAMINE+VIT B6+NICOTINAMIDE+VIT B12',1,1),(1012,'METHYLCOBALAMINE+VIT D3',1,1),(1013,'METHYLCOBALAMINE+VITAMINS',1,1),(1014,'METHYLCOBALAMINE+VITAMINS+LYSINE+D PANTHENOL',1,1),(1015,'METHYLDOPA',1,1),(1016,'METHYLENE BLUE',1,1),(1017,'METHYLERGOMETRINE MALEATE',1,1),(1018,'METHYLPREDNISOLONE',1,1),(1019,'METOCLOPRAMIDE',1,1),(1020,'METODOXIN+SILYMARIN+L CARNITIN+L ASPARTATE+TAURINE +FOLIC ACID',1,1),(1021,'METOLAZONE',1,1),(1022,'METOPROLOL',1,1),(1023,'METOPROLOL+TELMISARTAN',1,1),(1024,'METRIONIDAZOLE',1,1),(1025,'METRONIDAZOLE',1,1),(1026,'METRONIDAZOLE+CHLORHEXIDINE GLUCONATE',1,1),(1027,'METRONIDAZOLE+NORFLOXACIN',1,1),(1028,'METRONIDAZOLE+POVIDINE IODINE',1,1),(1029,'MICONAZOLE',1,1),(1030,'MICONAZOLE NITRATE',1,1),(1031,'MICONAZOLE NITRATE+FLUOCINOLONE ACETONIDE',1,1),(1032,'MIDAZOLAM',1,1),(1033,'MIFEPRISTONE',1,1),(1034,'MIFEPRISTONE+MISOPROSTOL',1,1),(1035,'MILD SHAMPOO',1,1),(1036,'MILRINONE',1,1),(1037,'MINOCYCLINE',1,1),(1038,'MINOXIDIL',1,1),(1039,'MINOXIDIL+AMINEXIL',1,1),(1040,'MIRTAZAPINE',1,1),(1041,'MISCELLANEOUS',1,1),(1042,'MISOPROSTOL',1,1),(1043,'MITOMYCIN',1,1),(1044,'MIXTARD INSULIN',1,1),(1045,'MODAFINIL',1,1),(1046,'MOISTURISING LOTION',1,1),(1047,'MOISTURISING BAR',1,1),(1048,'MOMETASONE',1,1),(1049,'MOMETASONE FUROATE',1,1),(1050,'MOMETASONE FUROATE+FUSIDIC ACID',1,1),(1051,'MOMETASONE+SALICYLIC ACID',1,1),(1052,'MONOBASIC SODIUM PHOSPHATE',1,1),(1053,'MONOCOMPONENT HUMAN INSULIN',1,1),(1054,'MONONITRATE',1,1),(1055,'MONOTRINITRATE',1,1),(1056,'MONTELUKAST',1,1),(1057,'MONTELUKAST+LEVOCETIRIZINE',1,1),(1058,'MONTELUKAST+LEVOCETIRIZINE DI HCL',1,1),(1059,'MOONG DALL',1,1),(1060,'MOSAPRIDE',1,1),(1061,'MOXIFLOXACIN',1,1),(1062,'MOXIFLOXACIN+CEFIXIME',1,1),(1063,'MOXIFLOXACIN+KETOROLAC',1,1),(1064,'MOXONIDINE',1,1),(1065,'MUCOPOLYSACCHARIDE+BIOACTIVE COLLAGEN PEPTIDE TYPE 1 + VIT C + D3',1,1),(1066,'MULTI MINERALS',1,1),(1067,'MULTI VITAMIN',1,1),(1068,'MULTI VITAMINS',1,1),(1069,'MULTI VITAMINS+MULTI MINERALS',1,1),(1070,'MULTIPLE ELECTROLYTE INJECTION',1,1),(1071,'MULTIVITAMIN',1,1),(1072,'MULTIVITAMINS',1,1),(1073,'MUPIROCIN',1,1),(1074,'MUPIROCIN+METRONIDAZOLE',1,1),(1075,'MUTI VITAMIN',1,1),(1076,'MYCOPHENOLAREMOFETIL',1,1),(1077,'MYCOPHENOLATE MOFETIL',1,1),(1078,'MYCOPHENOLIC ACID',1,1),(1079,'MYO INOSITOL FOLIC ACID & VIT D3',1,1),(1080,'MYO-INOSITOL D-CHIRO-INOSITOL CHROMIUM&VITAMIN D3 CHEWABLE ',1,1),(1081,'MYO-INOSITOL+VIT D3',1,1),(1082,'N-ACETYLCYSTEINE+TOURINE',1,1),(1083,'N-ACETYLCYSTEINE+VITAMIN B6',1,1),(1084,'NAB PACLITAXEL',1,1),(1085,'NADIFLOXACIN',1,1),(1086,'NADROPARIN',1,1),(1087,'NALIDIXIC ACID',1,1),(1088,'NALOXONE',1,1),(1089,'NALTREXONE',1,1),(1090,'NANDROLONE',1,1),(1091,'NAPROXEN',1,1),(1092,'NAPROXEN SODIUM AND PANTOPRAZOLE',1,1),(1093,'NAPROXEN+SUMATRIPTAN',1,1),(1094,'NATURAL HERBS+VITAMINC',1,1),(1095,'NEBIVOLOL',1,1),(1096,'NEBIVOLOL+CILNIDIPINE',1,1),(1097,'NEBIVOLOL+INDAPAMIDE',1,1),(1098,'NEOMYCIN SULPHATE+BACITRACIN+SULPHACETAMIDE',1,1),(1099,'NEOMYCIN+BACITRACIN',1,1),(1100,'NEOMYCIN+BACITRACIN+HYDRO CORTISONE+',1,1),(1101,'NEOSTIGMINE',1,1),(1102,'NEOSTIGMINE+GLYCOPYRROLATE',1,1),(1103,'NETILMICIN',1,1),(1104,'NIACIN',1,1),(1105,'NICONINTE+VITB5 B6',1,1),(1106,'NICORANDIL',1,1),(1107,'NICORANDIL PROLONGED RELEASE',1,1),(1108,'NICOTINAMIDE',1,1),(1109,'NICOTINAMIDE+SIMETHICONE+PAPAIN+FUNGAL DIASTASE+ACTIVATED CHARCOAL',1,1),(1110,'NICOTINE',1,1),(1111,'NIFEDIPINE',1,1),(1112,'NIFEDIPINE+LIDOCAINE',1,1),(1113,'NIMESULIDE',1,1),(1114,'NIMESULIDE+METHYL SALICYLATE',1,1),(1115,'NIMODIPINE',1,1),(1116,'NIMOTUZUMAB',1,1),(1117,'NITAZOXANIDE',1,1),(1118,'NITAZOXANIDE+OFLOXACIN',1,1),(1119,'NITRAZEPAM',1,1),(1120,'NITRIMIDAZOLE',1,1),(1121,'NITRO GLYCERINE',1,1),(1122,'NITROFURANTOIN',1,1),(1123,'NITROGLYCERIN',1,1),(1124,'NIVOLUMAB',1,1),(1125,'NON DRUG',1,1),(1126,'NORADRENALINE',1,1),(1127,'NORETHISTERONE',1,1),(1128,'NORFLOXACIN',1,1),(1129,'NORFLOXACIN+TINIDAZOLE',1,1),(1130,'NUTRITIONAL SUPPLEMENT',1,1),(1131,'OCTINOXATE+AVOBENZENE+OXYBENZENE',1,1),(1132,'OCTINOXATE+AVOBENZONE+OXYBENZONE+ZINC OXIDE',1,1),(1133,'OCTREOTIDE',1,1),(1134,'OCTYL METHOXYCINNAMATE METHYLENE BIS BENZOTRIOZOLYL TETRAMETHYLBUTYLPHENOL',1,1),(1135,'OFLOXACIN',1,1),(1136,'OFLOXACIN+BECLOMETHASONE+DIPROPIONATE+CLOTRIMAZOLE+LIGNOCAINE',1,1),(1137,'OFLOXACIN+LIGNOCAINE+ACETIC ACID',1,1),(1138,'OFLOXACIN+ORNIDAZOLE',1,1),(1139,'OIL FREE MOISTER',1,1),(1140,'OLANZAPINE',1,1),(1141,'OLIVE OIL+SELENIUM+L-TYROSINE',1,1),(1142,'OLMESARTAN',1,1),(1143,'OLMESARTAN + MEDOXOMIL',1,1),(1144,'OLMESARTAN+AMLODIPINE',1,1),(1145,'OLMESARTAN+AMLODIPINE+HYDROCHLORTHIAZIDE',1,1),(1146,'OLMESARTAN+CHLORTHALIDONE',1,1),(1147,'OLMESARTAN+CLINIDIPINE',1,1),(1148,'OLMESARTAN+HYDROCHLOROTHIAZIDE',1,1),(1149,'OLMESATAN+AMLODIPINE',1,1),(1150,'OLOPATADINE',1,1),(1151,'OLOPATADINE HCL',1,1),(1152,'OMEGA 3 FATTY ACID+ VITAMIN E',1,1),(1153,'OMEGA 3 FATTY ACID+ALPHA-LIPOIC ACID+LYCOPENE +MINERALS+VIT B COMPLEX',1,1),(1154,'OMEPRAZOLE',1,1),(1155,'OMEPRAZOLE+DOMPERIDONE',1,1),(1156,'OMEPRAZOLE+SODIUM-BI-CARBONATE',1,1),(1157,'ONDANSETRON',1,1),(1158,'OPIPRAMOL',1,1),(1159,'ORAL REHYDRATION SALT',1,1),(1160,'ORCIPRENALINE',1,1),(1161,'ORLISTAT',1,1),(1162,'ORLISTATINE',1,1),(1163,'ORMELOXIFEN HYDROCHLORIDE',1,1),(1164,'ORMELOXIFENE',1,1),(1165,'ORNIDAZOLE',1,1),(1166,'ORNIDAZOLE+OFLOXACIN',1,1),(1167,'OSELTAMIVIR',1,1),(1168,'OXACARBAZEPINE',1,1),(1169,'OXALIPLATIN',1,1),(1170,'OXAZEPAM',1,1),(1171,'OXETHOZINE+ALUMINIUM HYDROXIDE+MAGNESIUM HYDROXIDE+SIMETHICONE',1,1),(1172,'OXYBUTYLIN CHLORIDE',1,1),(1173,'OXYMETAZOLINE',1,1),(1174,'OXYTOCIN',1,1),(1175,'PACLITAXEL',1,1),(1176,'PALIVIZUMAB',1,1),(1177,'PALONOSETRON',1,1),(1178,'PANCREATIN',1,1),(1179,'PANCREATIN+ACTIVATED DIMETHICONE',1,1),(1180,'PANTOPRAZOLE ',1,1),(1181,'PANTOPRAZOLE+CINITAPRIDE',1,1),(1182,'PANTOPRAZOLE+DOMPERIDONE',1,1),(1183,'PANTOPRAZOLE+ITOPRIDE',1,1),(1184,'PANTOPROZOLE+CLORITHROMYCIN+AMOXYCILLIN',1,1),(1185,'PANTOPROZOLE+LEVOSULPRIDE',1,1),(1186,'PAPAIN',1,1),(1187,'PAPAVERINE',1,1),(1188,'PARA DICHLOROBENZENE+BENZOCAINE+CHLORBUTOL',1,1),(1189,'PARACETAMOL',1,1),(1190,'PARACETAMOL AMPS',1,1),(1191,'PARACETAMOL DROPS',1,1),(1192,'PARACETAMOL IV',1,1),(1193,'PARACETAMOL SUPP',1,1),(1194,'PARACETAMOL SUSP',1,1),(1195,'PARACETAMOL SYRP',1,1),(1196,'PARACETAMOL TABS',1,1),(1197,'PARACETAMOL+CAFFEINE',1,1),(1198,'PARACETAMOL+MEFENAMIC',1,1),(1199,'PARACETAMOL+PROPYPHENAZONE+CAFFEINE',1,1),(1200,'PARACETAMOL+TIZANIDINE+ACECLOFENAC',1,1),(1201,'PARENTRAL NUTRITION',1,1),(1202,'PAROXETINE',1,1),(1203,'PAZOPANIB',1,1),(1204,'PEGFILGRASTIM',1,1),(1205,'PEMETREXATE',1,1),(1206,'PEMETREXED',1,1),(1207,'PENICILLIN G POT',1,1),(1208,'PENTASAN POLYSULFATE SODIUM',1,1),(1209,'PENTAZOCINE',1,1),(1210,'PENTOXIFYLLINE',1,1),(1211,'PEPSIN+PAPAIN+CELLULASE',1,1),(1212,'PERMETHRIN OLIVE EXTRACT',1,1),(1213,'PHENAZOPYRIDINE',1,1),(1214,'PHENOBARBITONE',1,1),(1215,'PHENOXYBENZAMINE',1,1),(1216,'PHENYLEPHRINE',1,1),(1217,'PHENYLEPHRINE+CHLORPHENIRAMINE',1,1),(1218,'PHENYLEPHRINE+CHLORPHENIRAMINE+DEXTROMETHORPHAN',1,1),(1219,'PHENYLPROPANOLAMINE+CHLORPHENIRAMINE+PARACETAMOL',1,1),(1220,'PHENYTOIN',1,1),(1221,'PHOLCODINE+PROMETHAZINE',1,1),(1222,'PHOSPHOLIPIDS',1,1),(1223,'PHOSPHORUS',1,1),(1224,'PHYLLANTHUS NIRURI EXT + HEMIDESENUS INDICUS EXT',1,1),(1225,'PILOCARPINE',1,1),(1226,'PINAVERIUM BROMIDE',1,1),(1227,'PINE BARK EXTRACT+ PHENYTOIN SODIUM+CORIANDER SEED OIL',1,1),(1228,'PIOGLITAZONE',1,1),(1229,'PIPERACILLIN+TAZOBACTAM',1,1),(1230,'PIRACETAM',1,1),(1231,'PIROXICAM',1,1),(1232,'PITAVASTATIN',1,1),(1233,'PNEUMOCOCCAL CONGJUCATED VACCINES',1,1),(1234,'PNEUMOCOCCOL VACCINE',1,1),(1235,'PODOPHYLLUM RESIN',1,1),(1236,'POLIDOCANOL',1,1),(1237,'POLIO',1,1),(1238,'POLIO VIRUS VACCINE',1,1),(1239,'POLYETHYLENE GLYCOL',1,1),(1240,'POLYETHYLENE GLYCOL+POTASSIUM CHLORIDE+SODIUM CHLORIDE',1,1),(1241,'POLYETHYLENE GLYCOL+SODIUM CHLORIDE+SODIUM BICARBONATE+POTASSIUM CHLORIDE',1,1),(1242,'POLYMYXIN B',1,1),(1243,'POLYSILOXANES+SILICONE DIOXIDE',1,1),(1244,'POLYVINYL ALCOHOL+POVIDONE+CHLORBUTANOL',1,1),(1245,'POT CITRATE+MAGNESIUM CITRATE',1,1),(1246,'POT CITRATE+MAGNESIUM CITRATE+VITAMIN B6',1,1),(1247,'POTASSIUM CHLORIDE',1,1),(1248,'POTASSIUM CITRATE + MAGNESIUM CITRATE',1,1),(1249,'POTASSIUM CITRATE+CITRIC ACID',1,1),(1250,'POTASSIUM PERMANGANATE',1,1),(1251,'POVIDINE IODINE',1,1),(1252,'POVIDINE IODINE+SUCRALFATE',1,1),(1253,'PRALIDOXIME',1,1),(1254,'PRAMIPEXOLE',1,1),(1255,'PRASUGREL',1,1),(1256,'PRAZOSIN',1,1),(1257,'PREBIOTIC & PROBIOTIC BACTERIAS',1,1),(1258,'PREDNISOLONE',1,1),(1259,'PREDNISOLONE+CHLORAMPHENICOLE+LIGNOCAINE+ACETIC ACID',1,1),(1260,'PREGABALIN',1,1),(1261,'PREGABALIN +AMITRYPTALINE',1,1),(1262,'PREGABALIN+METHYLCOBALAMIN',1,1),(1263,'PREGABALIN+METHYLCOBALAMINE',1,1),(1264,'PREGABLIN+NOTRIPTYLINE',1,1),(1265,'PRIFENIDONE',1,1),(1266,'PRIMAQUINE PHOSPHATE',1,1),(1267,'PROBIOTIC BACTERIAS',1,1),(1268,'PROBIOTIC+FOS+L.ACIDOPHILUS',1,1),(1269,'PROBIOTIC-PREBIOTIC & IMMUNIBIOTIC',1,1),(1270,'PROCARBAZINE',1,1),(1271,'PROCHLORPERAZINE',1,1),(1272,'PROGESTERONE',1,1),(1273,'PROMETHAZINE',1,1),(1274,'PROPARACAINE HCL',1,1),(1275,'PROPOFOL',1,1),(1276,'PROPRANOLOL',1,1),(1277,'PROPRANOLOL+FLUNARIZINE',1,1),(1278,'PROPYLENE GLYCOL',1,1),(1279,'PROPYLENE GLYCOL + DIAZOLIDINYL UREA',1,1),(1280,'PROPYLENE GLYCOL DIAZOLIDINYL UREA',1,1),(1281,'PROTAMINE SULFATE',1,1),(1282,'PROTEIN SUPPLEMENT',1,1),(1283,'PRPAMIPEXOLE DIHYDROCHLORIDE MONOHYDRATE',1,1),(1284,'PRULIFLOXACIN',1,1),(1285,'PYRAZINAMIDE',1,1),(1286,'PYRIDOSTIGMINE BROMIDE',1,1),(1287,'PYRIDOXINE',1,1),(1288,'PYRIDOXINE + NICOTINAMIDE',1,1),(1289,'PYROGEN FREE STERILISED WATER',1,1),(1290,'QUADRIVALENT HUMAN PEPPILLOMA VIRUS',1,1),(1291,'QUETIPINE',1,1),(1292,'RABEPRAZOLE',1,1),(1293,'RABEPRAZOLE+DOMPERIDONE',1,1),(1294,'RABEPRAZOLE+ITOPRIDE',1,1),(1295,'RABEPRAZOLE+LEVOSULPRIDE',1,1),(1296,'RABIES IMMUNOGLOBULIN',1,1),(1297,'RABIES VACCINE',1,1),(1298,'RACECADOTRIL',1,1),(1299,'RADIATION DERMATITIS',1,1),(1300,'RAMIPRIL',1,1),(1301,'RAMIPRIL+ATORVASTATIN+ASPIRIN',1,1),(1302,'RAMIPRIL+HYDROCHLOROTHIAZIDE',1,1),(1303,'RAMIPRIL+METOPROLOL TARTRATE',1,1),(1304,'RAMOSETRON',1,1),(1305,'RANITIDINE',1,1),(1306,'RANITIDINE+DOMPERIDONE',1,1),(1307,'RANOLAZINE',1,1),(1308,'RAPID ACTING ANALOGUE INSULIN',1,1),(1309,'RASAGILINE',1,1),(1310,'REACTIVATES HAIR FOLLICLE STEM CELLS',1,1),(1311,'REBAMIPIDE',1,1),(1312,'RECOMBINANT HUMAN EPIDERMAL GROWTH FACTOR',1,1),(1313,'RECOMBINANT HUMAN ERYTHROPOIETIN',1,1),(1314,'RECOMBINENT HEPATITIS B VACCINE',1,1),(1315,'RECOMBINENT HUMAN EPIDERMAL GROWTH FACTOR+SILVER SULFADIAZINE',1,1),(1316,'RECURONIUM BROMIDE',1,1),(1317,'REGORAFENIB',1,1),(1318,'RESPERIDONE+TRIHEXYPHENIDYL',1,1),(1319,'RESPIDON',1,1),(1320,'RETEPLASE',1,1),(1321,'RIBOFLAVINE',1,1),(1322,'RIFAMPICIN',1,1),(1323,'RIFAMPICIN+ISONIAZID',1,1),(1324,'RIFAMPICIN+ISONIAZID+ETHAMBUTOL',1,1),(1325,'RIFAMPICIN+ISONIAZID+ETHAMBUTOL+PYRAZINAMIDE',1,1),(1326,'RIFAXIMIN',1,1),(1327,'RINGER LACTATE',1,1),(1328,'RISPERIDONE',1,1),(1329,'RISPERIDONE+TRIHEXYPHENIDYL HCL',1,1),(1330,'RITUXIMAB',1,1),(1331,'RIVAROXABAN',1,1),(1332,'RIVASTIGMINE',1,1),(1333,'ROCURONIUM',1,1),(1334,'ROFLUMILAST',1,1),(1335,'ROPINIROLE',1,1),(1336,'ROPIVACAINE',1,1),(1337,'ROSUVASTATIN',1,1),(1338,'ROSUVASTATIN CLOPIDOGREL AND ASPIRIN ',1,1),(1339,'ROSUVASTATIN+CLOPIDOGREL',1,1),(1340,'ROSUVASTATIN+EZETIMIBE',1,1),(1341,'ROSUVASTATIN+FENOFIBRATE',1,1),(1342,'ROSUVASTIN+FENOFIBRATE',1,1),(1343,'ROTA VIRUS VACCINE',1,1),(1344,'ROXITHROMYCIN ',1,1),(1345,'RUTACEAE',1,1),(1346,'S-ADENOSYL METHIONINE',1,1),(1347,'S-METOPROLOL',1,1),(1348,'SACCHAROMYCES BOULARDII',1,1),(1349,'SACCHAROMYCES BOULARDII LACTOBACILLUS SPOROGENES CLOSTRIDIUM BUTYRICUM BACILLUS MESENTERICUS WITH F',1,1),(1350,'SALBUTAMOL',1,1),(1351,'SALBUTAMOL+BECLAMETHASONE DIPROPIONATE',1,1),(1352,'SALBUTAMOL+GUAIPHENESIN',1,1),(1353,'SALBUTAMOL+TIOTROPIUM BROMIDE',1,1),(1354,'SALBUTIAMINE',1,1),(1355,'SALICYLIC ACID',1,1),(1356,'SALICYLIC ACID+BENZOLYL PEROXIDE+TRICLOSAN',1,1),(1357,'SALICYLIC ACID+LACTIC',1,1),(1358,'SALICYLIC ACID+MULTI MINERALS',1,1),(1359,'SALMETEROL',1,1),(1360,'SALMETEROL & FLUTICASONE',1,1),(1361,'SALSALATE',1,1),(1362,'SANITARY NAPKIN',1,1),(1363,'SATRANIDAZOLE',1,1),(1364,'SATRANIDAZOLE+OFLOXACIN',1,1),(1365,'SAXAGLIPTIN',1,1),(1366,'SAXAGLIPTIN+METFORMIN HCL',1,1),(1367,'SECNIDAZOLE',1,1),(1368,'SELEGILINE',1,1),(1369,'SELENIUM + ZINC + MAGNESIUM',1,1),(1370,'SENNA GLYCOSIDES',1,1),(1371,'SERAFENIB TOSYLATE',1,1),(1372,'SERRATIOPEPTIDASE',1,1),(1373,'SERRATIOPEPTIDASE+ACECLOFENAC',1,1),(1374,'SERTACONAZOLE',1,1),(1375,'SERTACONAZOLE NITRATE VAGINAL',1,1),(1376,'SERTRALINE',1,1),(1377,'SEVELAMER',1,1),(1378,'SEVELAMER CARBONATE',1,1),(1379,'SILDENAFIL CITRATE',1,1),(1380,'SILDOSIN HARD GELATIN AND DUTASTERIDE ',1,1),(1381,'SILICONE',1,1),(1382,'SILODOSIN',1,1),(1383,'SILVER NITRATE',1,1),(1384,'SILVER SULPHADIAZINE+CHLORHEXIDINE',1,1),(1385,'SILYMARIN',1,1),(1386,'SILYMARIN ARTICHOKE EXTRACT LECITHIN SOYA PYRIDOXAL-5-PHOSPHATE L-METHYL FOLATE',1,1),(1387,'SIMETHICONE',1,1),(1388,'SIMETHICONE+DILL OIL+FENNEL OIL',1,1),(1389,'SIMETHICONE+OXETACAINE+NAGALDRATE',1,1),(1390,'SIMVASTATIN',1,1),(1391,'SIMVASTATIN+RAMIPRIL+ATENOLOL+HYDROCHLORTHIAZIDE',1,1),(1392,'SIROLIMUS',1,1),(1393,'SITAGLIPTIN',1,1),(1394,'SITAGLIPTIN+METFORMIN',1,1),(1395,'SODIUM ALGINATE +POTASSIUM HYDROGEN CARBONATE',1,1),(1396,'SODIUM BICARBONATE',1,1),(1397,'SODIUM CARBOXYMETHYL CELLULOSE',1,1),(1398,'SODIUM CHLORIDE',1,1),(1399,'SODIUM CHLORIDE OPHTHALMIC',1,1),(1400,'SODIUM CHLORIDE+DEXTROSE',1,1),(1401,'SODIUM CHLORIDE+POTASSIUM CHLORIDE+MAG+',1,1),(1402,'SODIUM CITRATE+DEXTROSE+SODIUM CHLORIDE+POTASSIUM CHLORIDE',1,1),(1403,'SODIUM FUSIDATE',1,1),(1404,'SODIUM HYALURANATE ',1,1),(1405,'SODIUM LACTATE+VITAMIN E',1,1),(1406,'SODIUM PICOSULPHATE',1,1),(1407,'SODIUM SULPHATE+POTTASSIUM SULPHATE+MAGNISIUM SULPHATE',1,1),(1408,'SODIUM VALPROATE',1,1),(1409,'SOFT DRINKS',1,1),(1410,'SOLUBLE INSULIN ASPART+INSULIN ASPART PROTAMINE',1,1),(1411,'SOMATOSTATIN',1,1),(1412,'SOMIFERA EXTRACT+MORINGA OLEIFERA+ROSE LIP EXTRACT+',1,1),(1413,'SORAFENIB',1,1),(1414,'SORBITOL+SILICA+POT NITRATE+GLYCERIN+SOD LAYRUL SUPHATE',1,1),(1415,'SPIRONOLACTONE',1,1),(1416,'STRAINS OF INFLUENZA VIRUS',1,1),(1417,'STREPTOKINASE',1,1),(1418,'STREPTOMYCIN',1,1),(1419,'SUCCINYL CHOLINE CHLORIDE',1,1),(1420,'SUCRALFATE',1,1),(1421,'SUCRALFATE+LINGOCAINE HYDROCHLORIDE+METRONIDAZOLE',1,1),(1422,'SUCRALFATE+OXETACAINE',1,1),(1423,'SUCRALFATE+POVIDONE-IODINE+ORNIDAZOLE',1,1),(1424,'SULFAMETHOXAZOLE+TRIMETHOPRIM',1,1),(1425,'SULFASALAZINE',1,1),(1426,'SULPHASALAZINE',1,1),(1427,'SULPHONATED SURFACTANT BLEND',1,1),(1428,'SULPHOSUCCINATE+SILVER OXIDE+TRICLOSON',1,1),(1429,'SULTAMICILLIN',1,1),(1430,'SUMATRIPTAN SUCCINATE',1,1),(1431,'SUN SCREAN LOTION',1,1),(1432,'SUPER NATURAL SUGAR BALANCE',1,1),(1433,'SURGICAL',1,1),(1434,'SURGICAL BAG',1,1),(1435,'SURGICAL BANDAGE',1,1),(1436,'SURGICAL BELT',1,1),(1437,'SURGICAL BLADE',1,1),(1438,'SURGICAL CANNULLA',1,1),(1439,'SURGICAL CAP',1,1),(1440,'SURGICAL CATHETER',1,1),(1441,'SURGICAL CHAIR',1,1),(1442,'SURGICAL CIRCUIT',1,1),(1443,'SURGICAL GLOVES',1,1),(1444,'SURGICAL ITEMS',1,1),(1445,'SURGICAL KID',1,1),(1446,'SURGICAL MASK',1,1),(1447,'SURGICAL MESH',1,1),(1448,'SURGICAL NEEDLE',1,1),(1449,'SURGICAL PACK',1,1),(1450,'SURGICAL PAD',1,1),(1451,'SURGICAL PATCH',1,1),(1452,'SURGICAL SCREW',1,1),(1453,'SURGICAL STENT',1,1),(1454,'SURGICAL SUTURES',1,1),(1455,'SURGICAL SYRINGE',1,1),(1456,'SURGICAL TAPE',1,1),(1457,'SURGICAL TED STOCKING',1,1),(1458,'SURGICAL TUBE',1,1),(1459,'SURGICALS',1,1),(1460,'SURICAL ITEMS',1,1),(1461,'SYNTHETIC VEGETABLE GUM',1,1),(1462,'TACALCITOL OINTMENT',1,1),(1463,'TACROLIMUS',1,1),(1464,'TADALAFIL',1,1),(1465,'TADALAFIL+DAPOXETINE',1,1),(1466,'TAMOXIFEN',1,1),(1467,'TAMSULOSIN',1,1),(1468,'TAMSULOSIN+FINASTERIDE',1,1),(1469,'Tata Sudarta',1,1),(1470,'TEGAFUR+URACIL',1,1),(1471,'TEICOPLANIN',1,1),(1472,'TELMISARTAN',1,1),(1473,'TELMISARTAN CILNIDIPINE AND METOPROLOL SUCCINATE (ER)',1,1),(1474,'TELMISARTAN+AMLODIPINE',1,1),(1475,'TELMISARTAN+AMLODIPINE+HYDROCHLORTHIAZIDE',1,1),(1476,'TELMISARTAN+CHLORTHALIDONE',1,1),(1477,'TELMISARTAN+CILNIDIPINE',1,1),(1478,'TELMISARTAN+HYDROCHLORTHIAZIDE',1,1),(1479,'TELMISARTAN+METOPROLOL',1,1),(1480,'TELMISARTAN+RAMIPRIL',1,1),(1481,'TEMOZOLOMIDE',1,1),(1482,'TENECTEPLASE',1,1),(1483,'TENELIGLIPTIN',1,1),(1484,'TENELIGLIPTIN AND METFORMIN HYDROCHLORIDE SUSTAINED',1,1),(1485,'TERBINAFINE',1,1),(1486,'TERBUTALINE SULPHATE',1,1),(1487,'TERBUTALINE SULPHATE+BROMHEXINE HCL',1,1),(1488,'TERBUTALINE SULPHATE+BROMHEXINE HCL+GUAIPHENESIN',1,1),(1489,'TERBUTALINE SULPHATE+BROMHEXINE HCL+GUAIPHENESIN+MENTHOL',1,1),(1490,'TERBUTALINE+AMBROXOL HCL+GUAIPHENESIN',1,1),(1491,'TERBUTALINE+BROMHEXINE',1,1),(1492,'TERICOPLANIN',1,1),(1493,'TERIPARATIDE',1,1),(1494,'TERLIPRESSIN',1,1),(1495,'TESOSTERONE',1,1),(1496,'TETANUS VACCINE',1,1),(1497,'TETANUS+PERTUSSIS',1,1),(1498,'TETRABENAZINE',1,1),(1499,'THALIDOMIDE',1,1),(1500,'THEOPHYLLINE',1,1),(1501,'THIAMINE',1,1),(1502,'THIOCOLCHICOSIDE',1,1),(1503,'THIOCOLCHICOSIDE+DICLOFENAC',1,1),(1504,'THIOPENTANE SODIUM',1,1),(1505,'THIORIDAZINE',1,1),(1506,'THYROXINE',1,1),(1507,'THYROXINE SODIUM',1,1),(1508,'TIANEPTINE',1,1),(1509,'TIBOLENE',1,1),(1510,'TICAGRELOR',1,1),(1511,'TICARCILLIN',1,1),(1512,'TICARCILLIN + POTTASSIUM CLAVULANATE',1,1),(1513,'TIGECYCLINE',1,1),(1514,'TINIDAZOLE',1,1),(1515,'TINOCORDIN',1,1),(1516,'TIOTROPIUM BROMIDE',1,1),(1517,'TIROFIBAN',1,1),(1518,'TIZANIDINE',1,1),(1519,'TOBRAMYCIN',1,1),(1520,'TOBRAMYCIN OPTHALMIC OINMENT',1,1),(1521,'TOBRAMYCIN SULPHATE+FLUROMETHOLONE',1,1),(1522,'TOBRAMYCIN+FLUROMETHOLONE',1,1),(1523,'TOCOPHERYL ACETATE+L-CARNITINE-L-TARTARATE',1,1),(1524,'TODOLAC',1,1),(1525,'TOFICALM',1,1),(1526,'TOLPERISONE HCL',1,1),(1527,'TOLTERODINE TARTRATE',1,1),(1528,'TOLTERODINE TARTRATE+TAMSULOSIN HCL',1,1),(1529,'TOLVAPTAN',1,1),(1530,'TOPIRAMATE',1,1),(1531,'TOPOTECAN',1,1),(1532,'TORASEMIDE',1,1),(1533,'TORASEMIDE+SPIRONOLACTONE',1,1),(1534,'TORSEMIDE+SPIRONOLACTONE',1,1),(1535,'TOXERUTIN',1,1),(1536,'TOXERUTIN+CALCIUM DOBESILATE',1,1),(1537,'TRAMADOL',1,1),(1538,'TRAMADOL+DICLOFENAC',1,1),(1539,'TRANEXAMIC ACID',1,1),(1540,'TRANEXAMIC+MEFENAMIC',1,1),(1541,'TRASTUZUMAB LYOPHILIZED POWDER FOR INJ',1,1),(1542,'TRAVOPROST',1,1),(1543,'TRETINOIN',1,1),(1544,'TRIAMCINOLONE',1,1),(1545,'TRIAMCINOLONE ACETONIDE',1,1),(1546,'TRICHOLINE CITRATE+CYPROHEPTADINE',1,1),(1547,'TRICHOLINE CITRATE+SORBITOL',1,1),(1548,'TRICLOSAN',1,1),(1549,'TRIETHANOLAMINE LAURYL SULPHATE PEG 75 LAURYL POLYGLUCOSE.. ',1,1),(1550,'TRIFLUOPERAZINE+TRIHEXYPHENIDYL HCL',1,1),(1551,'TRIFLUOPERZINE HCL',1,1),(1552,'TRIHEXYPHENIDYL',1,1),(1553,'TRIMETAZIDINE',1,1),(1554,'TRIMETHOPRIM',1,1),(1555,'TRIMETHOPRIM+SULPHAMETHOXAZOLE',1,1),(1556,'TRIMETHYL GLYCINE',1,1),(1557,'TRIOTROPIUM BROMIDE+FORMOTEROL FUMARATE+CICLESONIDE',1,1),(1558,'TRIPTORELIN',1,1),(1559,'TROPICAMIDE',1,1),(1560,'TROPICAMIDE+PHENYLEPHRINE',1,1),(1561,'TROXERUTIN +CA DOBESILATE+LIGNOCAINE',1,1),(1562,'TROXERUTIN+CALCIUM DOBESILATE',1,1),(1563,'TRYPSIN+BROMELAIN+RUTOSIDE TRIHYDRATE',1,1),(1564,'TRYPSIN+CHYMOTRYPSIN',1,1),(1565,'TRYPSIN-CHMOTRYPSIN+BROMELAIN+RUTOSIDE TRIHYDRATE',1,1),(1566,'UBIDECARENONE+ASTAXANTHIN+ZINC',1,1),(1567,'UBIDECARENONE+DIOSMIN+MAGNESIUM SULPHATE',1,1),(1568,'UBIDECARENONE+L-CARNITINE',1,1),(1569,'UBIDECARENONE+LYCOPENE+OMEGA 3 FATTY ACID+VIT B12+MINERALS',1,1),(1570,'UBIDECARENONE+SELENIUM+VIT E',1,1),(1571,'UBIDECORENONE+ARGININE+SELENIUM+ALPHA TOCOPHERYL ACETATE',1,1),(1572,'ULINASTATIN',1,1),(1573,'ULIOSTATIN',1,1),(1574,'UNIVESTIN',1,1),(1575,'UREA CREAM',1,1),(1576,'UREA+LACTIC ACID+PROPYLENE GLYCOL+LIQUID PARAFFIN',1,1),(1577,'UROFOLLITROPIN',1,1),(1578,'UROKINASE',1,1),(1579,'URSODEOXYCHOLIC ACID',1,1),(1580,'URSODEOXYCHOLIC ACID+SILYMARIN',1,1),(1581,'VACCINE HAEMOPHILUS b',1,1),(1582,'VACCINE HEPATITIS A',1,1),(1583,'VACCINE MEASLES+VACCINE MUMPS+VACCINE RUBELLA',1,1),(1584,'VACCINE MENINGOCOCCAL',1,1),(1585,'VACCINE TYPHOID',1,1),(1586,'VACCINES',1,1),(1587,'VALACYCLOVIR',1,1),(1588,'VALETHAMATE',1,1),(1589,'VALSARTAN',1,1),(1590,'VANCOMYCIN',1,1),(1591,'VARENICLINE',1,1),(1592,'VASOPRESSIN',1,1),(1593,'VECURONIUM BROMIDE',1,1),(1594,'VERAPAMIL',1,1),(1595,'VILDAGLIPTIN',1,1),(1596,'VILDAGLIPTIN+METFORMIN',1,1),(1597,'VINBLASTINE',1,1),(1598,'VINCRISTINE',1,1),(1599,'VIT B1 + VIT B2',1,1),(1600,'VIT B1 + VIT B2 + PYRIDIXINE',1,1),(1601,'VIT B1+ VIT B2 + VIT B5',1,1),(1602,'VIT B1+ VIT B2+ VIT B6+ ZINC+MAGNESIUM',1,1),(1603,'VIT B12+FOLIC ACID',1,1),(1604,'VIT D3+MULTI VITAMINS',1,1),(1605,'VITAMIN A',1,1),(1606,'VITAMIN A+FOLIC ACID+B6+VIT C+VIT E',1,1),(1607,'VITAMIN B COMPLEX',1,1),(1608,'VITAMIN B COMPLEX+ MULTI VITAMINS+MINERALS',1,1),(1609,'VITAMIN B COMPLEX+D-PANTHONAOL+NICOTINAMIDE',1,1),(1610,'VITAMIN B COMPLEX+LYSINE HCL',1,1),(1611,'VITAMIN B COMPLEX+LYSINE+CHOLINE',1,1),(1612,'VITAMIN B COMPLEX+MULTI MINERALS',1,1),(1613,'VITAMIN B COMPLEX+VIT C',1,1),(1614,'VITAMIN B COMPLEX+ZINC',1,1),(1615,'VITAMIN B12',1,1),(1616,'VITAMIN B6',1,1),(1617,'VITAMIN C',1,1),(1618,'VITAMIN D3',1,1),(1619,'VITAMIN D3+CALCIUM CARBONATE+ELEMENTAL ZINC',1,1),(1620,'VITAMIN D3+MULTI MINERALS',1,1),(1621,'VITAMIN E',1,1),(1622,'VITAMIN E+STEARIC ACID+ALOE VERA+MULTI MINERALS',1,1),(1623,'VITAMIN K',1,1),(1624,'VITAMINS',1,1),(1625,'VOGLIBOSE',1,1),(1626,'VOGLIBOSE + METFORMIN HYDROCHLORIDE ',1,1),(1627,'VOGLIBOSE + METFORMIN HYDROCHLORIDE & GLIMEPIRIDE',1,1),(1628,'VOGLIBOSE+METFORMIN',1,1),(1629,'VORICONAZOLE',1,1),(1630,'WARFARIN',1,1),(1631,'WHITE SOFT PARAFFIN',1,1),(1632,'WHITE SOFT PARAFFIN +LIQUID PARAFFIN',1,1),(1633,'WILDAGLIPTIN+METFORMIN',1,1),(1634,'XYLOMETAZOLINE',1,1),(1635,'ZINC ACETATE',1,1),(1636,'ZINC CARNOSINE WITH SUCRALFATE',1,1),(1637,'ZINC SULPHATE',1,1),(1638,'ZINC-METHIONINE COMPLEX WITH VITAMINS',1,1),(1639,'ZLENDRONIC ACID',1,1),(1640,'ZOLEDRONIC ACID',1,1),(1641,'ZOLPIDEM',1,1),(1642,'ZOLPIDEM TARTRATE WITH MELATONIN ',1,1),(1643,'Test 12/07',2,1);

--
-- Table structure for table `ds_group_table`
--

CREATE TABLE `ds_group_table` (
  `id` int(11) NOT NULL AUTO_INCREMENT,
  `g_id` int(11) DEFAULT NULL,
  `group_name` varchar(60) DEFAULT NULL,
  `group_key` varchar(60) DEFAULT NULL,
  `image` longtext,
  `view` int(11) DEFAULT '0',
  `status` int(11) NOT NULL DEFAULT '1',
  `deleted` int(11) NOT NULL DEFAULT '1',
  PRIMARY KEY (`id`)
) ENGINE=InnoDB AUTO_INCREMENT=10 DEFAULT CHARSET=latin1;

--
-- Dumping data for table `ds_group_table`
--

INSERT INTO `ds_group_table` VALUES (1,1,'Personal Care','personal_care','1599300844.jpg',1,1,1),(2,2,'Hygienal Care','hygienal_care','1599300867.jpg',1,1,1),(3,3,'Mom & Baby','mom_baby','1599300883.jpg',1,1,1),(4,4,'Nutrition','nutrition','1599300899.jpg',1,1,1),(5,5,'Health Care','health_care','1599300915.jpg',1,1,1),(6,6,'Billroth Products','billroth_products',NULL,0,1,1),(7,7,'PHARMA','pharma',NULL,0,2,1),(8,8,'sanitary care ','sanitary_care ',NULL,1,1,1),(9,NULL,'Test Group','test_group','1626073231.jpg',0,2,1);

--
-- Table structure for table `ds_lab_cart`
--

CREATE TABLE `ds_lab_cart` (
  `id` int(11) NOT NULL AUTO_INCREMENT,
  `custid` int(11) DEFAULT NULL,
  `pdtid` int(11) DEFAULT NULL,
  `pdt_type` int(11) DEFAULT NULL,
  `qty` int(11) DEFAULT NULL,
  `total` varchar(50) DEFAULT NULL,
  `step` int(11) NOT NULL DEFAULT '1',
  `type` int(11) NOT NULL DEFAULT '1',
  `createdate` varchar(50) DEFAULT NULL,
  PRIMARY KEY (`id`)
) ENGINE=InnoDB AUTO_INCREMENT=8 DEFAULT CHARSET=utf8;

--
-- Dumping data for table `ds_lab_cart`
--

INSERT INTO `ds_lab_cart` VALUES (1,1,1,1,1,'132',1,1,'2020-09-21 14:43:12'),(2,1,8,1,1,'165',1,1,'2020-11-16 17:26:22'),(3,1,2,1,1,'132',1,1,'2021-05-15 10:14:08'),(4,5,12,1,1,'220',1,1,'2021-06-12 12:22:44'),(5,145,1,1,1,'1',1,1,'2021-07-12 12:04:34'),(6,295,1,1,1,'1',1,1,'2023-03-28 12:59:35'),(7,295,2,1,1,'132',1,1,'2023-03-28 13:00:19');

--
-- Table structure for table `ds_lab_cart_session`
--

CREATE TABLE `ds_lab_cart_session` (
  `id` int(11) NOT NULL AUTO_INCREMENT,
  `session_device` text,
  `pdtid` int(11) DEFAULT NULL,
  `pdt_type` int(11) NOT NULL DEFAULT '1',
  `qty` int(11) DEFAULT NULL,
  `total` varchar(50) DEFAULT NULL,
  `step` int(11) NOT NULL DEFAULT '1',
  `type` int(11) NOT NULL DEFAULT '1',
  `createdate` varchar(50) DEFAULT NULL,
  PRIMARY KEY (`id`)
) ENGINE=InnoDB AUTO_INCREMENT=2 DEFAULT CHARSET=utf8;

--
-- Dumping data for table `ds_lab_cart_session`
--

INSERT INTO `ds_lab_cart_session` VALUES (1,'AmrbCwh2Ro',76,1,1,'1760',1,1,'2023-06-13 19:17:52');

--
-- Table structure for table `ds_lab_patientdetails`
--

CREATE TABLE `ds_lab_patientdetails` (
  `id` int(11) NOT NULL AUTO_INCREMENT,
  `custid` int(11) DEFAULT NULL,
  `bookingid` varchar(255) DEFAULT NULL,
  `patientname` varchar(100) DEFAULT NULL,
  `patientage` varchar(50) DEFAULT NULL,
  `gender` varchar(20) DEFAULT NULL,
  `scheduledate` varchar(20) DEFAULT NULL,
  `scheduletime` varchar(20) DEFAULT NULL,
  `comments` longtext,
  `status` int(11) NOT NULL DEFAULT '1',
  `createdate` varchar(50) DEFAULT NULL,
  PRIMARY KEY (`id`)
) ENGINE=InnoDB AUTO_INCREMENT=35 DEFAULT CHARSET=utf8;

--
-- Dumping data for table `ds_lab_patientdetails`
--

INSERT INTO `ds_lab_patientdetails` VALUES (1,7,'BH-LAB1','kavi','25','Male','08-09-2020','10.00AM - 11.00AM','',1,'08-09-2020 05:38:35'),(2,7,'BH-LAB2','kavi','25','Male','10-09-2020','11.00AM - 12.00AM','',1,'08-09-2020 05:49:39'),(3,7,'BH-LB1','kavi','25','Male','10-09-2020','11.00AM - 12.00AM','',1,'08-09-2020 05:50:23'),(4,7,'BH-LB2','kavi','25','Male','10-09-2020','11.00AM - 12.00AM','',1,'08-09-2020 05:51:52'),(5,4,'BH-LB3','Durai','47','Male','10-09-2020','10.00AM - 11.00AM','',1,'08-09-2020 21:33:32'),(6,2,'BH-LB4','sathya','31','Male','10-09-2020','10.00AM - 11.00AM','',1,'09-09-2020 01:27:43'),(7,19,'BH-LAB3','kaviragul','25','Male','09-09-2020','10.00AM - 11.00AM','',1,'09-09-2020 02:38:16'),(8,19,'BH-LAB4','kavi','25','Male','09-09-2020','10.00AM - 11.00AM','',1,'09-09-2020 12:26:27'),(9,23,'BH-LB5','ragul','25','Male','12-09-2020','1.00PM - 2.00PM','',1,'10-09-2020 20:13:25'),(10,23,'BH-LAB5','test','23','Female','10-09-2020','10.00AM - 11.00AM','',1,'10-09-2020 20:19:06'),(11,7,'BH-LAB6','fs','25','Male','10-09-2020','10.00AM - 11.00AM','',1,'10-09-2020 20:37:30'),(12,5,'BH-LAB7','check ','12','Male','18-09-2020','2.00PM - 3.00PM','',1,'18-09-2020 17:42:48'),(13,4,'BH-LB6','durai','47','Male','19-09-2020','10.00AM - 11.00AM','',1,'18-09-2020 18:12:34'),(14,1,'BH-LAB8','Admin','22','male','23-09-2020','06 Am','',1,'23-09-2020 16:57:10'),(15,1,'BH-LB7','Abdulvahid','24','male','17-05-2021','12 Pm','Admin Test',1,'15-05-2021 10:13:29'),(16,1,'BH-LAB9','A.Abdul Vahid','24','male','17-05-2021','10 Am','Admin Test',1,'15-05-2021 10:14:46'),(17,1,'BH-LB8','Vahid','24','male','24-05-2021','01 Pm','Admin Test',1,'20-05-2021 10:53:26'),(18,1,'BH-LAB9','Vahid','24','male','26-05-2021','12 Pm','Admin Test',1,'20-05-2021 10:57:31'),(19,1,'BH-LAB9','Vahid','24','male','25-05-2021','12 Pm','Admin Test',1,'20-05-2021 11:10:05'),(20,1,'BH-LB9','Vahid','24','male','26-05-2021','01 Pm','Admin Test',1,'20-05-2021 11:21:25'),(21,1,'BH-LAB9','Vahid','24','male','28-05-2021','01 Pm','Admin Test',1,'20-05-2021 11:25:46'),(22,1,'BH-LAB9','Vahid','24','male','29-05-2021','01 Pm','Admin Test',1,'20-05-2021 11:29:14'),(23,7,'BH-LB10','gyuuf','25','Male','29-05-2021','10.00AM - 11.00AM','',1,'28-05-2021 18:29:32'),(24,7,'BH-LAB10','g6g','25','Male','30-05-2021','11.00AM - 12.00AM','',1,'28-05-2021 18:31:42'),(25,5,'BH-LB11','hosp','30','Male','22-06-2021','10.00AM - 11.00AM','',1,'21-06-2021 20:38:27'),(26,4,'BH-LAB11','durai','48','Male','25-06-2021','11.00AM - 12.00AM','',1,'24-06-2021 13:55:04'),(27,7,'BH-LAB12','test','25','Male','10-07-2021','11.00AM - 12.00AM','',1,'10-07-2021 13:23:10'),(28,145,'BH-LAB13','parathkumar','21','Male','12-07-2021','10.00AM - 11.00AM','',1,'10-07-2021 17:15:40'),(29,145,'BH-LB12','parathkumar','21','Male','12-07-2021','10.00AM - 11.00AM','',1,'10-07-2021 17:45:28'),(30,146,'BH-LAB14','anindya ','32','Male','10-07-2021','10.00AM - 11.00AM','',1,'10-07-2021 17:57:50'),(31,10,'BH-LB13','Mohan','60','Male','30-08-2021','11.00AM - 12.00AM','',1,'29-08-2021 11:40:24'),(32,7,'BH-LB14','dakshna','40','Male','22-09-2021','10.00AM - 11.00AM','',1,'21-09-2021 19:33:33'),(33,7,'BH-LB15','dfggg','56','Male','19-10-2021','11.00AM - 12.00AM','',1,'18-10-2021 17:11:00'),(34,228,'BH-LB16','chelladurai','56','Male','26-02-2022','10.00AM - 11.00AM','',1,'25-02-2022 17:25:34');

--
-- Table structure for table `ds_lab_payment_status`
--

CREATE TABLE `ds_lab_payment_status` (
  `id` int(11) NOT NULL AUTO_INCREMENT,
  `pay_id` varchar(255) DEFAULT NULL,
  `custid` varchar(50) DEFAULT NULL,
  `bookingid` varchar(255) DEFAULT NULL,
  `tracking_id` varchar(255) DEFAULT NULL,
  `bank_ref_no` text,
  `order_status` varchar(255) DEFAULT NULL,
  `payment_mode` varchar(255) DEFAULT NULL,
  `card_name` varchar(255) DEFAULT NULL,
  `status_message` varchar(255) DEFAULT NULL,
  `currency` varchar(255) DEFAULT NULL,
  `amount` varchar(255) DEFAULT NULL,
  `status` int(11) NOT NULL DEFAULT '1',
  `createdate` varchar(50) DEFAULT NULL,
  `ordertype` tinyint(1) NOT NULL DEFAULT '1',
  `usertype` tinyint(1) NOT NULL DEFAULT '1',
  `_processing` varchar(24) DEFAULT NULL,
  `_shiped` varchar(24) DEFAULT NULL,
  `_canceled` varchar(24) DEFAULT NULL,
  `_delivery` varchar(24) DEFAULT NULL,
  `courier` longtext,
  `upstatus` int(11) DEFAULT '1',
  PRIMARY KEY (`id`),
  UNIQUE KEY `pay_id` (`pay_id`),
  UNIQUE KEY `bookingid` (`bookingid`)
) ENGINE=InnoDB AUTO_INCREMENT=17 DEFAULT CHARSET=utf8;

--
-- Dumping data for table `ds_lab_payment_status`
--

INSERT INTO `ds_lab_payment_status` VALUES (1,'BH-LBPAY1','7','BH-LB1','order_FaUZonMeV6A6GG',NULL,'Cancel',NULL,NULL,'Payment Cancelled by Customer',NULL,'1',1,'08-09-2020 05:50:23',3,1,NULL,NULL,NULL,NULL,NULL,2),(2,'BH-LBPAY2','7','BH-LB2','order_FaUbN4EOlzOvJ4','pay_FaUbWK0uyeArtZ','Success',NULL,NULL,NULL,NULL,'1',1,'08-09-2020 05:51:52',2,1,NULL,NULL,NULL,NULL,NULL,2),(3,'BH-LBPAY3','4','BH-LB3','order_Fake67tvE5FCok','pay_FakeY35cJonIjo','Failure',NULL,NULL,'BAD_REQUEST_ERROR',NULL,'1',1,'08-09-2020 21:33:32',1,1,NULL,NULL,NULL,NULL,NULL,2),(4,'BH-LBPAY4','2','BH-LB4','order_FaodSqTtJOBF0t',NULL,'Cancel',NULL,NULL,'Payment Cancelled by Customer',NULL,'1',1,'09-09-2020 01:27:43',3,1,NULL,NULL,NULL,NULL,NULL,2),(5,'BH-LBPAY5','23','BH-LB5','order_FbMdaoZtZuoF2x',NULL,'Cancel',NULL,NULL,'Payment Cancelled by Customer',NULL,'1',1,'10-09-2020 20:13:25',3,1,NULL,NULL,NULL,NULL,NULL,2),(6,'BH-LBPAY6','4','BH-LB6','order_FeUqtkRw1YbahT','pay_FeUrCWcavQjXDU','Success',NULL,NULL,NULL,NULL,'1',1,'18-09-2020 18:12:34',2,1,NULL,NULL,NULL,NULL,NULL,2),(7,'BH-LBPAY7','1','BH-LB7','order_HAwMbnO4dsjF5U',NULL,'Cancel',NULL,NULL,'Payment Cancelled by Customer',NULL,'790',1,'15-05-2021 10:13:29',3,1,NULL,NULL,NULL,NULL,NULL,2),(8,'BH-LBPAY8','1','BH-LB8','order_HCviPcgjSAe2bg',NULL,'Cancel',NULL,NULL,'Payment Cancelled by Customer',NULL,'790',1,'20-05-2021 10:53:26',3,1,NULL,NULL,NULL,NULL,NULL,2),(9,'BH-LBPAY9','1','BH-LB9','order_HCwBxlxjyEoG8s',NULL,'Cancel',NULL,NULL,'Payment Cancelled by Customer',NULL,'790',1,'20-05-2021 11:21:25',3,1,NULL,NULL,NULL,NULL,NULL,2),(10,'BH-LBPAY10','7','BH-LB10','order_HGDl9rnhCo9LzF',NULL,'Cancel',NULL,NULL,'Payment Cancelled by Customer',NULL,'790',1,'28-05-2021 18:29:32',3,1,NULL,NULL,NULL,NULL,NULL,2),(11,'BH-LBPAY11','5','BH-LB11','order_HPkmERRnT7LPuN',NULL,'Cancel',NULL,NULL,'Payment Cancelled by Customer',NULL,'2500',1,'21-06-2021 20:38:27',3,1,NULL,NULL,NULL,NULL,NULL,2),(12,'BH-LBPAY12','145','BH-LB12','order_HXDymgqQFbQNMx',NULL,'Cancel',NULL,NULL,'Payment Cancelled by Customer',NULL,'8',1,'10-07-2021 17:45:28',3,1,NULL,NULL,NULL,NULL,NULL,2),(13,'BH-LBPAY13','10','BH-LB13','order_HquTBnqSSoBvBc',NULL,'Cancel',NULL,NULL,'Payment Cancelled by Customer',NULL,'790',1,'29-08-2021 11:40:24',3,1,NULL,NULL,NULL,NULL,NULL,2),(14,'BH-LBPAY14','7','BH-LB14','order_I08olKTgnJVf9g',NULL,'Cancel',NULL,NULL,'Payment Cancelled by Customer',NULL,'790',1,'21-09-2021 19:33:33',3,1,NULL,NULL,NULL,NULL,NULL,2),(15,'BH-LBPAY15','7','BH-LB15','order_IAmoQeaogRwNph',NULL,'Cancel',NULL,NULL,'Payment Cancelled by Customer',NULL,'1340',1,'18-10-2021 17:11:00',3,1,NULL,NULL,NULL,NULL,NULL,2),(16,'BH-LBPAY16','228','BH-LB16','order_J0EVTzgzqqqLbQ',NULL,'Cancel',NULL,NULL,'Payment Cancelled by Customer',NULL,'9730',1,'25-02-2022 17:25:34',3,1,NULL,NULL,NULL,NULL,NULL,2);

--
-- Table structure for table `ds_lab_payments`
--

CREATE TABLE `ds_lab_payments` (
  `id` int(11) NOT NULL AUTO_INCREMENT,
  `custid` int(5) DEFAULT '0',
  `address_id` varchar(255) DEFAULT '0',
  `bookingid` varchar(255) DEFAULT NULL,
  `amount` varchar(16) DEFAULT NULL,
  `discount` varchar(50) DEFAULT NULL,
  `totalamt` varchar(50) DEFAULT NULL,
  `couponid` text,
  `couponcode` varchar(50) DEFAULT NULL,
  `status` tinyint(1) NOT NULL DEFAULT '1',
  `type` tinyint(1) NOT NULL DEFAULT '1',
  `pdate` date DEFAULT NULL,
  `createdate` varchar(55) DEFAULT NULL,
  PRIMARY KEY (`id`),
  UNIQUE KEY `bookingid` (`bookingid`)
) ENGINE=InnoDB AUTO_INCREMENT=16 DEFAULT CHARSET=utf8;

--
-- Dumping data for table `ds_lab_payments`
--

INSERT INTO `ds_lab_payments` VALUES (1,7,'13','BH-LB1','1','0','1','0','',1,1,'2020-09-08','08-09-2020 05:50:23'),(2,7,'13','BH-LB2','1','0','1','0','',1,1,'2020-09-08','08-09-2020 05:51:52'),(3,4,'3','BH-LB3','1','0','1','0','',1,1,'2020-09-08','08-09-2020 21:33:32'),(4,2,'8','BH-LB4','1','0','1','0','',1,1,'2020-09-09','09-09-2020 01:27:43'),(5,23,'28','BH-LB5','1','0.1','0.9','1','COUPON12',1,1,'2020-09-10','10-09-2020 20:13:25'),(6,4,'3','BH-LB6','1','0','1','0','',1,1,'2020-09-18','18-09-2020 18:12:34'),(7,1,'1','BH-LB8','790','0','790','0','',1,1,'2021-05-20','20-05-2021 10:53:26'),(8,1,'1','BH-LB9','790','0','790','0','',1,1,'2021-05-20','20-05-2021 11:21:25'),(9,7,'17','BH-LB10','790','0','790','','',1,1,'2021-05-28','28-05-2021 18:29:32'),(10,5,'4','BH-LB11','2500','0','2500','','',1,1,'2021-06-21','21-06-2021 20:38:27'),(11,145,'45','BH-LB12','8','0','8','','',1,1,'2021-07-10','10-07-2021 17:45:28'),(12,10,'51','BH-LB13','790','0','790','','',1,1,'2021-08-29','29-08-2021 11:40:24'),(13,7,'13','BH-LB14','790','0','790','','',1,1,'2021-09-21','21-09-2021 19:33:33'),(14,7,'13','BH-LB15','1340','0','1340','','',1,1,'2021-10-18','18-10-2021 17:11:00'),(15,228,'68','BH-LB16','9730','0','9730','','',1,1,'2022-02-25','25-02-2022 17:25:34');

--
-- Table structure for table `ds_labtest`
--

CREATE TABLE `ds_labtest` (
  `id` int(11) NOT NULL AUTO_INCREMENT,
  `sublab` longtext,
  `testname` text,
  `testid` text,
  `detail` longtext,
  `specification` longtext,
  `price` varchar(50) DEFAULT NULL,
  `discount` varchar(10) DEFAULT NULL,
  `discountprice` varchar(50) DEFAULT NULL,
  `image` text,
  `status` int(11) NOT NULL DEFAULT '1',
  `deleted` int(11) NOT NULL DEFAULT '1',
  `createdate` varchar(50) DEFAULT NULL,
  `updatedate` varchar(50) DEFAULT NULL,
  `popular` int(11) NOT NULL DEFAULT '1',
  PRIMARY KEY (`id`)
) ENGINE=InnoDB AUTO_INCREMENT=122 DEFAULT CHARSET=utf8;

--
-- Dumping data for table `ds_labtest`
--

INSERT INTO `ds_labtest` VALUES (1,'','GLUCOSE(F)','GLUCOSE(F)','GLUCOSE(F)',NULL,'1','0','1','uploads/labtest/1599107723.jpg',1,1,'2020-08-21 06:00:29','16-07-2021 17:56:55',1),(2,'','GLUCOSE(PP)','GLUCOSE(PP)','GLUCOSE(PP)',NULL,'132','0','132','uploads/labtest/1599107954.jpg',1,1,'2020-08-21 06:00:29','08-09-2020 02:48:09',1),(3,'','GLUCSOE (R.)','GLUCSOE (R.)','GLUCSOE (R.)',NULL,'132','','132','uploads/labtest/1599107977.jpg',1,1,'2020-08-21 06:00:29','08-09-2020 02:48:43',1),(4,'','HBA1C','HBA1C','HBA1C',NULL,'550','','550','uploads/labtest/1599108120.jpg',1,1,'2020-08-21 06:00:29','08-09-2020 02:49:07',1),(5,'','URINE MICROALBUMINURIA','URINE MICROALBUMINURIA','URINE MICROALBUMINURIA',NULL,'525','','525','uploads/labtest/1599108147.jpg',1,1,'2020-08-21 06:00:29','08-09-2020 02:49:36',1),(6,'','URINE PROTEIN/CREATININE RATIO','URINE PROTEIN','URINE PROTEIN',NULL,'275','','275','uploads/labtest/1599108178.jpg',1,1,'2020-08-21 06:00:29','08-09-2020 02:50:04',1),(7,'','UREA','UREA','UREA',NULL,'165','','165','uploads/labtest/1599108007.jpg',1,1,'2020-08-21 06:00:29','08-09-2020 02:50:38',1),(8,'','BLOOD UREA NITROGEN (BUN)','BLOOD UREA NITROGEN (BUN)','BLOOD UREA NITROGEN (BUN)',NULL,'165','','165','uploads/labtest/1599108044.jpg',1,1,'2020-08-21 06:00:29','08-09-2020 03:27:02',1),(9,'','CREATININE','CREATININE','CREATININE',NULL,'165','','165','uploads/labtest/1599108231.jpg',1,1,'2020-08-21 06:00:29','08-09-2020 03:27:36',1),(10,'','URIC ACID','URIC ACID','URIC ACID',NULL,'330','','330','uploads/labtest/1599108207.jpg',1,1,'2020-08-21 06:00:29','08-09-2020 03:28:02',1),(11,'','SODIUM','SODIUM','SODIUM',NULL,'250','','250','uploads/labtest/1599550494.jpg',1,1,'2020-08-21 06:00:29','08-09-2020 03:34:54',1),(12,'','POTASSIUM','POTASSIUM','POTASSIUM',NULL,'220','','220','uploads/labtest/1599550560.jpg',1,1,'2020-08-21 06:00:29','08-09-2020 03:36:00',1),(13,'','CHLORIDE','CHLORIDE','CHLORIDE',NULL,'330','','330','uploads/labtest/1599550622.jpg',1,1,'2020-08-21 06:00:29','08-09-2020 03:37:02',1),(14,'','BICARBONATE','BICARBONATE','BICARBONATE',NULL,'440','','440',NULL,1,1,'2020-08-21 06:00:29','08-09-2020 03:39:01',1),(15,'','TOTAL BILIRUBIN','TOTAL BILIRUBIN','TOTAL BILIRUBIN',NULL,'300','','300','uploads/labtest/1599550800.jpg',1,1,'2020-08-21 06:00:29','08-09-2020 03:40:00',1),(16,'','DIRECT BILIRUBIN','DIRECT BILIRUBIN','DIRECT BILIRUBIN',NULL,'95','','95','uploads/labtest/1599631631.jpg',1,1,'2020-08-21 06:00:29','09-09-2020 02:07:11',1),(17,'','INDIRECT BILIRUBIN','INDIRECT BILIRUBIN','INDIRECT BILIRUBIN',NULL,'95','','95','uploads/labtest/1599633025.jpg',1,1,'2020-08-21 06:00:29','09-09-2020 02:30:25',1),(18,'','SGOT  (AST)','SGOT  (AST)','SGOT  (AST)',NULL,'250','','250','uploads/labtest/1599633065.jpg',1,1,'2020-08-21 06:00:29','09-09-2020 02:31:05',1),(19,'','SGPT (ALT)','SGPT (ALT)','SGPT (ALT)',NULL,'250','','250','uploads/labtest/1599633130.jpg',1,1,'2020-08-21 06:00:29','09-09-2020 02:32:10',1),(20,'','TOTAL PROTEIN','TOTAL PROTEIN','TOTAL PROTEIN',NULL,'275','','275','uploads/labtest/1599633179.jpg',1,1,'2020-08-21 06:00:29','09-09-2020 02:32:59',1),(21,'','ALBUMIN','ALBUMIN','ALBUMIN\r\n',NULL,'220','','220','uploads/labtest/1599633224.jpg',1,1,'2020-08-21 06:00:29','09-09-2020 02:33:44',1),(22,'','GLOBULIN','GLOBULIN','GLOBULIN\r\n',NULL,'440','','440','uploads/labtest/1599633259.jpg',1,1,'2020-08-21 06:00:29','09-09-2020 02:34:19',1),(23,'','A/G RATIO','A/G RATIO','A/G RATIO',NULL,'415','','415','uploads/labtest/1599633344.jpg',1,1,'2020-08-21 06:00:29','09-09-2020 02:35:44',1),(24,'','ALKALINE PHPHOSTASE','ALKALINE PHPHOSTASE','ALKALINE PHOSPHATASE(BONE FRACTION)',NULL,'2420','','2420','uploads/labtest/1599633480.jpg',1,1,'2020-08-21 06:00:29','09-09-2020 02:38:00',1),(25,'','GAMMA GLUTAMYL TRANSFERASE(GGT)','GAMMA GLUTAMYL TRANSFERASE(GGT)','GAMMA GLUTAMYL TRANSFERASE(GGT)',NULL,'605','','605','uploads/labtest/1599633556.jpg',1,1,'2020-08-21 06:00:29','09-09-2020 02:39:16',1),(26,'','TOTAL CHOLESTEROL','TOTAL CHOLESTEROL','TOTAL CHOLESTEROL',NULL,'220','','220','uploads/labtest/1599735567.jpg',1,1,'2020-08-21 06:00:29','10-09-2020 16:29:27',1),(27,'','TRIGLYCERIDES','TRIGLYCERIDES','TRIGLYCERIDES',NULL,'300','','300','uploads/labtest/1599633841.jpg',1,1,'2020-08-21 06:00:29','09-09-2020 02:44:01',1),(28,'','HDL CHOLESTEROL','HDL CHOLESTEROL','HDL CHOLESTEROL',NULL,'330','','330','uploads/labtest/1599633881.jpg',1,1,'2020-08-21 06:00:29','09-09-2020 02:44:41',1),(29,'','LDL CHOLESTEROL','LDL CHOLESTEROL','LDL CHOLESTEROL',NULL,'385','','385','uploads/labtest/1599633925.jpg',1,1,'2020-08-21 06:00:29','09-09-2020 02:45:25',1),(30,NULL,'CHOLESTEROL/HDL RATIO',NULL,NULL,NULL,NULL,NULL,NULL,NULL,1,1,'2020-08-21 06:00:29',NULL,1),(31,'','CALCIUM','CALCIUM','CALCIUM',NULL,'660','','660','uploads/labtest/1599634049.jpg',1,1,'2020-08-21 06:00:29','09-09-2020 02:47:29',1),(32,'','PHOSPHOROUS','PHOSPHOROUS','PHOSPHOROUS',NULL,'275','','275','uploads/labtest/1599634457.jpg',1,1,'2020-08-21 06:00:29','09-09-2020 02:54:17',1),(33,'','MAGNESIUM','MAGNESIUM','MAGNESIUM',NULL,'470','','470','uploads/labtest/1599634619.jpg',1,1,'2020-08-21 06:00:29','09-09-2020 12:26:59',1),(34,'','LACTATE DEHYDRANASE(LDH)','Lactate Dehydranase(LDH)','Lactate Dehydranase(LDH)\r\n',NULL,'990','','990','uploads/labtest/1599634666.jpg',1,1,'2020-08-21 06:00:29','09-09-2020 12:27:46',1),(35,'','VITAMIN D3 (25-OH)','VITAMIN D3 (25-OH)','VITAMIN D3 (25-OH)',NULL,'2310','','2310','uploads/labtest/1599634721.jpg',1,1,'2020-08-21 06:00:29','09-09-2020 12:28:41',1),(36,'','VITAMIN B12','VITAMIN B12','VITAMIN B12',NULL,'1320','','1320','uploads/labtest/1599634765.jpg',1,1,'2020-08-21 06:00:29','09-09-2020 12:29:25',1),(37,'','FOLIC ACID','FOLIC ACID','FOLIC ACID',NULL,'1045','','1045','uploads/labtest/1599634801.jpg',1,1,'2020-08-21 06:00:29','09-09-2020 12:30:01',1),(38,'','TOTAL T3','Total T3','Total T3\r\n',NULL,'495','','495','uploads/labtest/1599634841.jpg',1,1,'2020-08-21 06:00:29','09-09-2020 12:30:41',1),(39,'','TOTAL T4','TOTAL T4','TOTAL T4',NULL,'495','','495','uploads/labtest/1599634945.jpg',1,1,'2020-08-21 06:00:29','09-09-2020 12:32:25',1),(40,'','TSH','TSH','TSH\r\n',NULL,'495','','495','uploads/labtest/1599634990.jpg',1,1,'2020-08-21 06:00:29','09-09-2020 12:33:10',1),(41,'','FREE T3','Free T3','Free T3\r\n',NULL,'525','','525','uploads/labtest/1599635040.jpg',1,1,'2020-08-21 06:00:29','09-09-2020 12:34:00',1),(42,'','FREE T4','Free T4','Free T4\r\n',NULL,'525','','525','uploads/labtest/1599635084.jpg',1,1,'2020-08-21 06:00:29','09-09-2020 12:34:44',1),(43,'','FSH','FSH','FSH\r\n',NULL,'825','','825',NULL,1,1,'2020-08-21 06:00:29','09-09-2020 12:37:08',1),(44,'','LH','LH','LUTENIZING HORMONE (LH)\r\n',NULL,'770','','770','uploads/labtest/1599635283.jpg',1,1,'2020-08-21 06:00:29','09-09-2020 12:38:03',1),(45,'','PROLACTIN','PROLACTIN','PROLACTIN\r\n',NULL,'825','','825','uploads/labtest/1599635333.jpg',1,1,'2020-08-21 06:00:29','09-09-2020 12:38:53',1),(46,'','CORTISOL(AM)','CORTISOL(AM)','CORTISOL(AM)',NULL,'880','','880','uploads/labtest/1599635463.jpg',1,1,'2020-08-21 06:00:29','09-09-2020 12:41:03',1),(47,'','CORTISOL(PM)','CORTISOL(PM)','CORTISOL(PM)',NULL,'880','','880','uploads/labtest/1599637150.jpg',1,1,'2020-08-21 06:00:29','09-09-2020 13:09:10',1),(48,'','BETA -HCG','BETA -HCG','BETA -HCG',NULL,'1045','','1045','uploads/labtest/1599637246.jpg',1,1,'2020-08-21 06:00:29','09-09-2020 13:10:46',1),(49,'','PSA','PSA','PSA\r\n',NULL,'990','','990','uploads/labtest/1599637280.jpg',1,1,'2020-08-21 06:00:29','09-09-2020 13:11:20',1),(50,'','CA125','CA125','CA125\r\n',NULL,'1650','','1650','uploads/labtest/1599637322.jpg',1,1,'2020-08-21 06:00:29','09-09-2020 13:12:02',1),(51,'','CEA','CEA','CEA\r\n',NULL,'1320','','1320','uploads/labtest/1599637353.jpg',1,1,'2020-08-21 06:00:29','09-09-2020 13:12:33',1),(52,'','ALPHA FETO PROTEIN','Alpha Feto Protein','Alpha Feto Protein\r\n',NULL,'1100','','1100','uploads/labtest/1599637463.jpg',1,1,'2020-08-21 06:00:29','09-09-2020 13:14:23',1),(53,'','THYROID PEROXIDASE (ANTI MICROSOMAL ANTIBODY)','THYROID PEROXIDASE (ANTI MICROSOMAL ANTIBODY)','THYROID PEROXIDASE (ANTI MICROSOMAL ANTIBODY)',NULL,'1320','','1320','uploads/labtest/1599637509.jpg',1,1,'2020-08-21 06:00:29','09-09-2020 13:15:09',1),(54,'','THYROGLOBULIN ANTIBODY','THYROGLOBULIN ANTIBODY','THYROGLOBULIN ANTIBODY',NULL,'2420','','2420','uploads/labtest/1599637549.jpg',1,1,'2020-08-21 06:00:29','09-09-2020 13:15:49',1),(55,'','IRON','IRON','IRON',NULL,'330','','330','uploads/labtest/1599637582.jpg',1,1,'2020-08-21 06:00:29','09-09-2020 13:16:22',1),(56,'','TIBC (TOTAL IRON BINDING CAPACITY)','TIBC (TOTAL IRON BINDING CAPACITY)','TIBC (TOTAL IRON BINDING CAPACITY)',NULL,'605','','605','uploads/labtest/1599637638.jpg',1,1,'2020-08-21 06:00:29','09-09-2020 13:17:18',1),(57,'','FERRITIN','FERRITIN','FERRITIN',NULL,'1210','','1210','uploads/labtest/1599637669.jpg',1,1,'2020-08-21 06:00:29','09-09-2020 13:17:49',1),(58,'','TRANSFERRIN SATURATION','TRANSFERRIN SATURATION','TRANSFERRIN SATURATION',NULL,'1210','','1210','uploads/labtest/1599637707.jpg',1,1,'2020-08-21 06:00:29','09-09-2020 13:18:27',1),(59,'','IL-6','IL-6','INTERLUKIN-6\r\n',NULL,'3200','','3200','uploads/labtest/1599637758.jpg',1,1,'2020-08-21 06:00:29','09-09-2020 13:19:18',1),(60,'','SARS COV2 IGG','SARS COV2 IGG','SARS COV2 IGG',NULL,'3000','','3000','uploads/labtest/1599637791.jpg',1,1,'2020-08-21 06:00:29','09-09-2020 13:19:51',1),(61,'','AMYLASE ','AMYLASE ','AMYLASE ',NULL,'605','','605','uploads/labtest/1599637846.jpg',1,1,'2020-08-21 06:00:29','09-09-2020 13:20:46',1),(62,'','LIPASE','LIPASE','LIPASE',NULL,'770','','770','uploads/labtest/1599637877.jpg',1,1,'2020-08-21 06:00:29','09-09-2020 13:21:17',1),(63,'','CPK (CREATININE PHOSPHOKINASE)','CPK (CREATININE PHOSPHOKINASE)','CPK (CREATININE PHOSPHOKINASE)',NULL,'525','','525','uploads/labtest/1599637908.jpg',1,1,'2020-08-21 06:00:29','09-09-2020 13:21:48',1),(64,'','CK-MB','CK-MB','CK-MB\r\n',NULL,'660','','660','uploads/labtest/1599638203.jpg',1,1,'2020-08-21 06:00:29','09-09-2020 13:26:43',1),(65,'','INTACT PTH (PARA THYROID HORMONE)','INTACT PTH (PARA THYROID HORMONE)','INTACT PTH (PARA THYROID HORMONE)',NULL,'1265','','1265','uploads/labtest/1599638246.jpg',1,1,'2020-08-21 06:00:29','09-09-2020 13:27:26',1),(66,'','SERUM OSMOLARITY','SERUM OSMOLARITY','SERUM OSMOLARITY',NULL,'1045','','1045','uploads/labtest/1599638276.jpg',1,1,'2020-08-21 06:00:29','09-09-2020 13:27:56',1),(67,'','PROCALCITONINE','PROCALCITONINE','PROCALCITONINE',NULL,'2310','','2310','uploads/labtest/1599638307.jpg',1,1,'2020-08-21 06:00:29','09-09-2020 13:28:27',1),(68,'','URINE OSMOLARITY','URINE OSMOLARITY','URINE OSMOLARITY',NULL,'1210','','1210','uploads/labtest/1599638348.jpg',1,1,'2020-08-21 06:00:29','09-09-2020 13:29:08',1),(69,'','ABSOLUTE EOSINOPHIL COUNT','ABSOLUTE EOSINOPHIL COUNT','ABSOLUTE EOSINOPHIL COUNT',NULL,'330','','330','uploads/labtest/1599638381.jpg',1,1,'2020-08-21 06:00:29','09-09-2020 13:29:41',1),(70,'','BLEEDING TIME (BT)','BLEEDING TIME (BT)','BLEEDING TIME (BT)',NULL,'110','','110','uploads/labtest/1599638414.jpg',1,1,'2020-08-21 06:00:29','09-09-2020 13:30:14',1),(71,'','CLOTTING TIME (CT)','CLOTTING TIME (CT)','CLOTTING TIME (CT)',NULL,'110','','110','uploads/labtest/1599638468.jpg',1,1,'2020-08-21 06:00:29','09-09-2020 13:31:08',1),(72,'','D-DIMER','D-DIMER','D-DIMER',NULL,'1650','','1650','uploads/labtest/1599638505.jpg',1,1,'2020-08-21 06:00:29','09-09-2020 13:31:45',1),(73,'','PERIPHERAL SMEAR STUDY','PERIPHERAL SMEAR STUDY','PERIPHERAL SMEAR STUDY',NULL,'385','','385','uploads/labtest/1599638541.jpg',1,1,'2020-08-21 06:00:29','09-09-2020 13:32:21',1),(74,'','RETICULOCYTE COUNT','RETICULOCYTE COUNT','RETICULOCYTE COUNT',NULL,'385','','385','uploads/labtest/1599638580.jpg',1,1,'2020-08-21 06:00:29','09-09-2020 13:33:00',1),(75,'','SMEAR FOR MP','SMEAR FOR MP','SMEAR FOR MP',NULL,'242','','242','uploads/labtest/1599638614.jpg',1,1,'2020-08-21 06:00:29','09-09-2020 13:33:34',1),(76,'','TROPONIN T','TROPONIN T','TROPONIN T',NULL,'1760','','1760','uploads/labtest/1599638661.jpg',1,1,'2020-08-21 06:00:29','09-09-2020 13:34:21',1),(77,'','PRO BNP','PRO BNP','PRO BNP',NULL,'2090','','2090','uploads/labtest/1599638699.jpg',1,1,'2020-08-21 06:00:29','09-09-2020 13:34:59',1),(78,'','PT-INR (PROTHROMBINE TIME)','PT-INR (PROTHROMBINE TIME)','PT-INR (PROTHROMBINE TIME)',NULL,'550','','550','uploads/labtest/1599731916.jpg',1,1,'2020-08-21 06:00:29','10-09-2020 15:28:36',1),(79,'','APTT','APTT','APTT',NULL,'605','','605','uploads/labtest/1599731969.jpg',1,1,'2020-08-21 06:00:29','10-09-2020 15:29:29',1),(80,'','HAEMOGLOBIN','HAEMOGLOBIN','HAEMOGLOBIN',NULL,'165','','165','uploads/labtest/1599732018.jpg',1,1,'2020-08-21 06:00:29','10-09-2020 15:30:18',1),(81,'','TOTAL COUNT(TC)','TOTAL COUNT(TC)','TOTAL COUNT(TC)',NULL,'165','','165','uploads/labtest/1599732078.jpg',1,1,'2020-08-21 06:00:29','10-09-2020 15:31:18',1),(82,'','DIFFERENTIAL COUNT','DIFFERENTIAL COUNT','DIFFERENTIAL COUNT',NULL,'165','','165','uploads/labtest/1599732538.jpg',1,1,'2020-08-21 06:00:29','10-09-2020 15:38:58',1),(83,'','ESR','ESR','ESR',NULL,'220','','220','uploads/labtest/1599732595.jpg',1,1,'2020-08-21 06:00:29','10-09-2020 15:39:55',1),(84,'','RBC COUNT','RBC COUNT','RBC COUNT',NULL,'140','','140',NULL,1,1,'2020-08-21 06:00:29','10-09-2020 15:40:34',1),(85,'','PCV/HEMATOCRIT','PCV/HEMATOCRIT','PCV/HEMATOCRIT',NULL,'165','','165','uploads/labtest/1599735315.jpg',1,1,'2020-08-21 06:00:29','10-09-2020 16:25:15',1),(86,'','MCV','MCV','MCV',NULL,'110','','110','uploads/labtest/1599732778.jpg',1,1,'2020-08-21 06:00:29','10-09-2020 15:42:58',1),(87,'','MCH','MCH','MCH',NULL,'110','','110','uploads/labtest/1599733131.jpg',1,1,'2020-08-21 06:00:29','10-09-2020 15:48:51',1),(88,'','MCHC','MCHC','MCHC',NULL,'110','','110','uploads/labtest/1599733187.jpg',1,1,'2020-08-21 06:00:29','10-09-2020 15:49:47',1),(89,'','PLATELET COUNT','PLATELET COUNT','PLATELET COUNT',NULL,'121','','121','uploads/labtest/1599733242.jpg',1,1,'2020-08-21 06:00:29','10-09-2020 15:50:42',1),(90,NULL,'RDW',NULL,NULL,NULL,NULL,NULL,NULL,NULL,1,1,'2020-08-21 06:00:29',NULL,1),(91,'','STOOL OCCULT BLOOD','STOOL OCCULT BLOOD','STOOL OCCULT BLOOD',NULL,'99','','99','uploads/labtest/1599735141.jpg',1,1,'2020-08-21 06:00:29','10-09-2020 16:22:21',1),(92,'','STOOL REDUCING SUBSTANCES','STOOL REDUCING SUBSTANCES','STOOL REDUCING SUBSTANCES',NULL,'165','','165','uploads/labtest/1599735067.jpg',1,1,'2020-08-21 06:00:29','10-09-2020 16:21:07',1),(93,'','STOOL ROUTINE EXAM','STOOL ROUTINE EXAM','STOOL ROUTINE EXAM',NULL,'195','','195','uploads/labtest/1599735022.jpg',1,1,'2020-08-21 06:00:29','10-09-2020 16:20:22',1),(94,'','URINE ACETONE','URINE ACETONE','URINE ACETONE',NULL,'110','','110','uploads/labtest/1599734931.jpg',1,1,'2020-08-21 06:00:29','10-09-2020 16:18:51',1),(95,'','URINE BILEPIGMENT(BP)','URINE BILEPIGMENT(BP)','URINE BILEPIGMENT(BP)',NULL,'195','','195','uploads/labtest/1599734885.jpg',1,1,'2020-08-21 06:00:29','10-09-2020 16:18:05',1),(96,'','URINE BILESALT(BS)','URINE BILESALT(BS)','URINE BILESALT(BS)',NULL,'195','','195','uploads/labtest/1599734791.jpg',1,1,'2020-08-21 06:00:29','10-09-2020 16:16:31',1),(97,'','URINE COMPLETE ANALYSIS','URINE COMPLETE ANALYSIS','URINE COMPLETE ANALYSIS',NULL,'195','','195','uploads/labtest/1599734751.jpg',1,1,'2020-08-21 06:00:29','10-09-2020 16:15:51',1),(98,'','AFB SMEAR','AFB SMEAR','AFB SMEAR',NULL,'330','','330','uploads/labtest/1599734709.jpg',1,1,'2020-08-21 06:00:29','10-09-2020 16:15:09',1),(99,'','CULTURE & SENSITIVITY [BLOOD]','CULTURE & SENSITIVITY [BLOOD]','CULTURE & SENSITIVITY [BLOOD]',NULL,'935','','935','uploads/labtest/1599734586.jpg',1,1,'2020-08-21 06:00:29','10-09-2020 16:13:06',1),(100,'','CULTURE & SENSITIVITY [BLOOD-ANAEROBIC]','CULTURE & SENSITIVITY [BLOOD-ANAEROBIC]','CULTURE & SENSITIVITY [BLOOD-ANAEROBIC]',NULL,'2420','','2420','uploads/labtest/1599734311.jpg',1,1,'2020-08-21 06:00:29','10-09-2020 16:08:31',1),(101,'','CULTURE & SENSITIVITY [SPUTUM]','CULTURE & SENSITIVITY [SPUTUM]','CULTURE & SENSITIVITY [SPUTUM]',NULL,'660','','660','uploads/labtest/1599734261.jpg',1,1,'2020-08-21 06:00:29','10-09-2020 16:07:41',1),(102,'','FUNGUS SMEAR','FUNGUS SMEAR','FUNGUS SMEAR',NULL,'415','','415','uploads/labtest/1599734215.jpg',1,1,'2020-08-21 06:00:29','10-09-2020 16:06:55',1),(103,'','GRAMS STAIN','GRAMS STAIN','GRAMS STAIN',NULL,'385','','385','uploads/labtest/1599734162.jpg',1,1,'2020-08-21 06:00:29','10-09-2020 16:06:02',1),(104,'','URINE CULTURE & SENSITIVITY','URINE CULTURE & SENSITIVITY','URINE CULTURE & SENSITIVITY',NULL,'660','','660','uploads/labtest/1599734094.jpg',1,1,'2020-08-21 06:00:29','10-09-2020 16:04:54',1),(105,'','ANA','ANA','ANA',NULL,'1430','','1430',NULL,1,1,'2020-08-21 06:00:29','10-09-2020 16:03:18',1),(106,'','ANTI DENGUE IGG','ANTI DENGUE IGG','ANTI DENGUE IGG',NULL,'1210','','1210','uploads/labtest/1599733848.jpg',1,1,'2020-08-21 06:00:29','10-09-2020 16:00:48',1),(107,'','ANTI DENGUE IGM','ANTI DENGUE IGM','ANTI DENGUE IGM',NULL,'1210','','1210','uploads/labtest/1599733788.jpg',1,1,'2020-08-21 06:00:29','10-09-2020 15:59:48',1),(108,'','ASO TITRE','ASO TITRE','ASO TITRE',NULL,'525','','525','uploads/labtest/1599733692.jpg',1,1,'2020-08-21 06:00:29','10-09-2020 15:58:12',1),(109,'','CRP','CRP','CRP',NULL,'525','','525','uploads/labtest/1599733585.jpg',1,1,'2020-08-21 06:00:29','10-09-2020 15:56:25',1),(110,'','DENGUE NS1','DENGUE NS1','DENGUE NS1',NULL,'1045','','1045','uploads/labtest/1599733512.jpg',1,1,'2020-08-21 06:00:29','10-09-2020 15:56:56',1),(111,'','DS DNA','DS DNA','DS DNA\r\n',NULL,'990','','990','uploads/labtest/1599733457.jpg',1,1,'2020-08-21 06:00:29','10-09-2020 15:54:17',1),(112,'','LEPTOSPIRA IGM','LEPTOSPIRA IGM','LEPTOSPIRA IGM',NULL,'800','','800','uploads/labtest/1599733405.jpg',1,1,'2020-08-21 06:00:29','10-09-2020 15:53:25',1),(113,'','RA FACTOR','RA FACTOR','RA FACTOR',NULL,'525','','525','uploads/labtest/1599733333.jpg',1,1,'2020-08-21 06:00:29','10-09-2020 15:52:13',1),(114,'','RPR','RPR','RPR',NULL,'470','','470','uploads/labtest/1599733282.jpg',1,1,'2020-08-21 06:00:29','10-09-2020 15:51:22',1),(115,'','SCRUB TYPUS','SCRUB TYPUS','SCRUB TYPUS',NULL,'1980','','1980','uploads/labtest/1599733228.jpg',1,1,'2020-08-21 06:00:29','10-09-2020 15:50:28',1),(116,'','TYPHOID IGG','TYPHOID IGG','TYPHOID IGG',NULL,'385','','385','uploads/labtest/1599733168.jpg',1,1,'2020-08-21 06:00:29','10-09-2020 15:49:28',1),(117,'','TYPHOID IGM','TYPHOID IGM','TYPHOID IGM',NULL,'385','','385','uploads/labtest/1599733122.jpg',1,1,'2020-08-21 06:00:29','10-09-2020 15:48:42',1),(118,'','WIDAL SLIDE','WIDAL SLIDE','WIDAL SLIDE',NULL,'440','','440','uploads/labtest/1599733057.jpg',1,1,'2020-08-21 06:00:29','10-09-2020 15:47:37',1),(119,'','WIDAL TUBE','WIDAL TUBE',' WIDAL TUBE',NULL,'440','','440','uploads/labtest/1599732958.jpg',1,1,'2020-08-21 06:00:29','10-09-2020 15:45:58',1),(120,'','TESTING ITEAM','testing','Testing purpose only',NULL,'1','','1',NULL,1,1,'23-06-2021 16:51:41',NULL,1),(121,'120','Lab Test - 1','1207','This Lab Test Created For Testing Purpose',NULL,'100','','100',NULL,2,1,'12-07-2021 11:21:27','12-07-2021 11:23:37',1);

--
